-- https://www.phpmyadmin.net/
--

START TRANSACTION;



--
-- Database: `noy`
--

-- --------------------------------------------------------

--
-- Table structure for table `authassignment`
--

CREATE TABLE `authassignment` (
  `item_name` varchar(64) COLLATE utf8_unicode_ci NOT NULL,
  `user_id` varchar(64) COLLATE utf8_unicode_ci NOT NULL,
  `created_at` int(11) DEFAULT NULL
) ENGINE=InnoDB DEFAULT CHARSET=utf8 COLLATE=utf8_unicode_ci;

--
-- Dumping data for table `authassignment`
--

INSERT INTO `authassignment` (`item_name`, `user_id`, `created_at`) VALUES
('Admin', '22', 1559552821),
('Admin', '26', 1513568445),
('Admin', '27', 1496649751),
('Admin', '35', 1557208611),
('Admin', '39', 1636183739),
('Adminregister', '38', 1622793542),
('Super Admin', '21', 1496198405),
('Super Admin', '36', 1660037798),
('Super Admin', '37', 1622792795),
('Super Admin', '44', 1637169979),
('vision', '40', 1637168841),
('vision', '41', 1637170128),
('vision', '42', 1637170146),
('vision', '43', 1637170159);

-- --------------------------------------------------------

--
-- Table structure for table `authitem`
--

CREATE TABLE `authitem` (
  `name` varchar(64) COLLATE utf8_unicode_ci NOT NULL,
  `type` int(11) NOT NULL,
  `description` text COLLATE utf8_unicode_ci DEFAULT NULL,
  `rule_name` varchar(64) COLLATE utf8_unicode_ci DEFAULT NULL,
  `data` text COLLATE utf8_unicode_ci DEFAULT NULL,
  `created_at` int(11) DEFAULT NULL,
  `updated_at` int(11) DEFAULT NULL
) ENGINE=InnoDB DEFAULT CHARSET=utf8 COLLATE=utf8_unicode_ci ROW_FORMAT=DYNAMIC;

--
-- Dumping data for table `authitem`
--

INSERT INTO `authitem` (`name`, `type`, `description`, `rule_name`, `data`, `created_at`, `updated_at`) VALUES
('/banner/*', 2, NULL, NULL, NULL, 1558938281, 1558938281),
('/content-category/*', 2, NULL, NULL, NULL, 1496114856, 1496114856),
('/content/*', 2, NULL, NULL, NULL, 1496114856, 1496114856),
('/content/activate', 2, NULL, NULL, NULL, 1496194653, 1496194653),
('/content/create', 2, NULL, NULL, NULL, 1496194653, 1496194653),
('/content/deactivate', 2, NULL, NULL, NULL, 1496194653, 1496194653),
('/content/deletefile-ajax', 2, NULL, NULL, NULL, 1496194653, 1496194653),
('/content/index', 2, NULL, NULL, NULL, 1496194653, 1496194653),
('/content/update', 2, NULL, NULL, NULL, 1496194653, 1496194653),
('/content/upload-ajax', 2, NULL, NULL, NULL, 1496194653, 1496194653),
('/content/view', 2, NULL, NULL, NULL, 1496194653, 1496194653),
('/elfinder/*', 2, NULL, NULL, NULL, 1496282201, 1496282201),
('/event/*', 2, NULL, NULL, NULL, 1541752774, 1541752774),
('/event/person-title/*', 2, NULL, NULL, NULL, 1612405194, 1612405194),
('/gallery/*', 2, NULL, NULL, NULL, 1496114856, 1496114856),
('/home/*', 2, NULL, NULL, NULL, 1558669690, 1558669690),
('/issue-category/*', 2, NULL, NULL, NULL, 1496114856, 1496114856),
('/issue/*', 2, NULL, NULL, NULL, 1496114856, 1496114856),
('/issue/delete', 2, NULL, NULL, NULL, 1496644444, 1496644444),
('/issue/index', 2, NULL, NULL, NULL, 1496194653, 1496194653),
('/issue/view', 2, NULL, NULL, NULL, 1496194653, 1496194653),
('/menu/*', 2, NULL, NULL, NULL, 1496114856, 1496114856),
('/rbac/*', 2, NULL, NULL, NULL, 1496124573, 1496124573),
('/setting/*', 2, NULL, NULL, NULL, 1496114856, 1496114856),
('/site/*', 2, NULL, NULL, NULL, 1496114856, 1496114856),
('/slider/*', 2, NULL, NULL, NULL, 1496114856, 1496114856),
('/slider/activate', 2, NULL, NULL, NULL, 1496194653, 1496194653),
('/slider/create', 2, NULL, NULL, NULL, 1496194653, 1496194653),
('/slider/deactivate', 2, NULL, NULL, NULL, 1496194653, 1496194653),
('/slider/index', 2, NULL, NULL, NULL, 1496194653, 1496194653),
('/slider/update', 2, NULL, NULL, NULL, 1496194653, 1496194653),
('/slider/view', 2, NULL, NULL, NULL, 1496194653, 1496194653),
('/social-media/*', 2, NULL, NULL, NULL, 1496114856, 1496114856),
('/social-media/activate', 2, NULL, NULL, NULL, 1541752330, 1541752330),
('/social-media/create', 2, NULL, NULL, NULL, 1541752330, 1541752330),
('/social-media/deactivate', 2, NULL, NULL, NULL, 1541752330, 1541752330),
('/social-media/delete', 2, NULL, NULL, NULL, 1541752330, 1541752330),
('/social-media/index', 2, NULL, NULL, NULL, 1541752330, 1541752330),
('/social-media/update', 2, NULL, NULL, NULL, 1541752330, 1541752330),
('/social-media/view', 2, NULL, NULL, NULL, 1541752330, 1541752330),
('/translatemanager/*', 2, NULL, NULL, NULL, 1611819224, 1611819224),
('/translatemanager/language/*', 2, NULL, NULL, NULL, 1613464459, 1613464459),
('/type-home/*', 2, NULL, NULL, NULL, 1613450785, 1613450785),
('/user/*', 2, NULL, NULL, NULL, 1496114856, 1496114856),
('/user/activate', 2, NULL, NULL, NULL, 1612234730, 1612234730),
('/user/create', 2, NULL, NULL, NULL, 1612234730, 1612234730),
('/user/deactivate', 2, NULL, NULL, NULL, 1612234730, 1612234730),
('/user/delete', 2, NULL, NULL, NULL, 1612234730, 1612234730),
('/user/index', 2, NULL, NULL, NULL, 1612234788, 1612234788),
('/user/update', 2, NULL, NULL, NULL, 1612234730, 1612234730),
('/user/view', 2, NULL, NULL, NULL, 1612234730, 1612234730),
('/version-detail/*', 2, NULL, NULL, NULL, 1612425505, 1612425505),
('/video/*', 2, NULL, NULL, NULL, 1496114856, 1496114856),
('Admin', 1, 'ໃຊ້ສໍາລັບການບໍລິຫານ ຂໍ້ມູນຕ່າງໆຂອງລະບົບ website', NULL, NULL, 1496114903, 1612232355),
('Adminregister', 1, 'ໃຊ້ສໍາລັບຄວບຄຸ້ມຂໍ້ມູນລົງທະບຽນ ສ້າງກອງປະຊຸມ ແລະ ສັາງ User Register ໃຫ້ໄປສ້າງກອງປະຊຸມຂອງຕົນເອງໄດ້', NULL, NULL, 1612231831, 1612232475),
('Register', 1, 'ໃຊ້ສໍາລັບຄວບຄຸ້ມຂໍ້ມູນລົງທະບຽນ ສ້າງກອງປະຊຸມສະເພາະຂອງຕົນເອງໄດ້', NULL, NULL, 1612231900, 1612232539),
('Super Admin', 1, 'ໃຊ້ສໍາລັບການບໍລິຫານຄວບຄຸ້ມຂໍ້ມູນຕ່າງໆທັງໜົດຂອງລະບົບ website', NULL, NULL, 1496114803, 1612232633),
('vision', 1, 'ສຳລັບຜູ້ດູແລແຕ່ລະພະແນກ', NULL, NULL, 1637168690, 1637168780);

-- --------------------------------------------------------

--
-- Table structure for table `authitemchild`
--

CREATE TABLE `authitemchild` (
  `parent` varchar(64) COLLATE utf8_unicode_ci NOT NULL,
  `child` varchar(64) COLLATE utf8_unicode_ci NOT NULL
) ENGINE=InnoDB DEFAULT CHARSET=utf8 COLLATE=utf8_unicode_ci ROW_FORMAT=DYNAMIC;

--
-- Dumping data for table `authitemchild`
--

INSERT INTO `authitemchild` (`parent`, `child`) VALUES
('Admin', '/banner/*'),
('Admin', '/content/*'),
('Admin', '/elfinder/*'),
('Admin', '/home/*'),
('Admin', '/issue-category/*'),
('Admin', '/issue/index'),
('Admin', '/issue/view'),
('Admin', '/menu/*'),
('Admin', '/slider/*'),
('Admin', '/social-media/*'),
('Admin', '/type-home/*'),
('Admin', '/user/index'),
('Admin', '/user/update'),
('Admin', '/user/view'),
('Adminregister', '/event/*'),
('Adminregister', '/user/*'),
('Register', '/event/*'),
('Super Admin', '/banner/*'),
('Super Admin', '/content-category/*'),
('Super Admin', '/content/*'),
('Super Admin', '/gallery/*'),
('Super Admin', '/home/*'),
('Super Admin', '/issue-category/*'),
('Super Admin', '/issue/*'),
('Super Admin', '/menu/*'),
('Super Admin', '/rbac/*'),
('Super Admin', '/setting/*'),
('Super Admin', '/slider/*'),
('Super Admin', '/social-media/*'),
('Super Admin', '/social-media/activate'),
('Super Admin', '/social-media/create'),
('Super Admin', '/social-media/deactivate'),
('Super Admin', '/social-media/delete'),
('Super Admin', '/social-media/index'),
('Super Admin', '/social-media/update'),
('Super Admin', '/social-media/view'),
('Super Admin', '/translatemanager/*'),
('Super Admin', '/translatemanager/language/*'),
('Super Admin', '/type-home/*'),
('Super Admin', '/user/*'),
('Super Admin', '/version-detail/*'),
('Super Admin', '/video/*'),
('vision', '/content/*');

-- --------------------------------------------------------

--
-- Table structure for table `authrule`
--

CREATE TABLE `authrule` (
  `name` varchar(64) COLLATE utf8_unicode_ci NOT NULL,
  `data` text COLLATE utf8_unicode_ci DEFAULT NULL,
  `created_at` int(11) DEFAULT NULL,
  `updated_at` int(11) DEFAULT NULL
) ENGINE=InnoDB DEFAULT CHARSET=utf8 COLLATE=utf8_unicode_ci;

-- --------------------------------------------------------

--
-- Table structure for table `backup`
--

CREATE TABLE `backup` (
  `id` int(11) NOT NULL,
  `timestamp` int(11) DEFAULT NULL,
  `path` varchar(255) DEFAULT NULL,
  `files` text DEFAULT NULL,
  `dump` text DEFAULT NULL,
  `size` bigint(20) DEFAULT NULL,
  `comment` varchar(255) DEFAULT NULL
) ENGINE=InnoDB DEFAULT CHARSET=utf8 ROW_FORMAT=DYNAMIC;

-- --------------------------------------------------------

--
-- Table structure for table `banner`
--

CREATE TABLE `banner` (
  `id` int(11) NOT NULL,
  `photo_banner` longtext DEFAULT NULL,
  `footer_text` longtext NOT NULL,
  `bg_title` longtext NOT NULL,
  `bg_menu` longtext NOT NULL,
  `bg_menu_focus` longtext NOT NULL,
  `bg_menu_active` longtext NOT NULL,
  `bg_footer` longtext NOT NULL
) ENGINE=InnoDB DEFAULT CHARSET=utf8;

--
-- Dumping data for table `banner`
--

INSERT INTO `banner` (`id`, `photo_banner`, `footer_text`, `bg_title`, `bg_menu`, `bg_menu_focus`, `bg_menu_active`, `bg_footer`) VALUES
(1, 'banner_2021112113114026.jpg;banner_2021112113114026.jpg', 'ພະແນກຖະແຫລງຂ່າວ, ວັດທະນະທຳ ແລະ ທ່ອງທ່ຽວ ນະຄອນຫລວງວຽງຈັນ', '#2663c5;#ffffff', '#2663c5;#ffffff;#ffffff;#2663c5;7;5000;1', '#6b9cea', '#1a56b6', '#062a5a;#93c47d;#ffffff');

-- --------------------------------------------------------

--
-- Table structure for table `content`
--

CREATE TABLE `content` (
  `id` int(11) NOT NULL,
  `title` varchar(255) NOT NULL,
  `summary` text DEFAULT NULL,
  `details` text DEFAULT NULL,
  `photo` varchar(255) DEFAULT NULL,
  `keywords` varchar(255) DEFAULT NULL,
  `meta_keywords` varchar(255) DEFAULT NULL,
  `start_date` date NOT NULL,
  `end_date` date DEFAULT NULL,
  `created_date` datetime DEFAULT NULL,
  `updated_date` datetime DEFAULT NULL,
  `status` enum('1','0') DEFAULT '1',
  `ref` varchar(100) DEFAULT NULL,
  `content_category_id` int(11) NOT NULL,
  `created_by` int(11) DEFAULT NULL,
  `updated_by` int(11) DEFAULT NULL,
  `add_1` text DEFAULT NULL,
  `add_2` text DEFAULT NULL,
  `add_3` text DEFAULT NULL,
  `add_4` text DEFAULT NULL,
  `add_5` text DEFAULT NULL
) ENGINE=InnoDB DEFAULT CHARSET=utf8;

--
-- Dumping data for table `content`
--

INSERT INTO `content` (`id`, `title`, `summary`, `details`, `photo`, `keywords`, `meta_keywords`, `start_date`, `end_date`, `created_date`, `updated_date`, `status`, `ref`, `content_category_id`, `created_by`, `updated_by`, `add_1`, `add_2`, `add_3`, `add_4`, `add_5`) VALUES
(547, 'test', NULL, '<p>test</p>\r\n', 'Content_2021112204113413.jpg', NULL, NULL, '2021-11-22', '2021-11-22', '2021-11-22 04:13:34', '2021-11-22 04:13:34', '1', '_y6S9Eff69rU3BDpoQJ0AP', 42, 36, 36, NULL, NULL, NULL, NULL, NULL);

-- --------------------------------------------------------

--
-- Table structure for table `content_category`
--

CREATE TABLE `content_category` (
  `id` int(11) NOT NULL,
  `title` varchar(255) NOT NULL,
  `has_summary` tinyint(1) DEFAULT NULL,
  `has_details` tinyint(1) DEFAULT NULL,
  `has_photo` tinyint(1) DEFAULT NULL,
  `has_keywords` tinyint(1) DEFAULT NULL,
  `has_meta_keywords` tinyint(1) DEFAULT NULL,
  `has_start_date` tinyint(1) DEFAULT NULL,
  `has_end_date` tinyint(1) DEFAULT NULL,
  `has_multi_attachment` tinyint(1) DEFAULT NULL,
  `status` enum('1','0') DEFAULT '1',
  `created_date` datetime DEFAULT NULL,
  `updated_date` datetime DEFAULT NULL,
  `created_by` int(11) DEFAULT NULL,
  `updated_by` int(11) DEFAULT NULL,
  `has_add1` tinyint(1) DEFAULT 0,
  `has_add2` tinyint(1) DEFAULT 0,
  `has_add3` tinyint(1) DEFAULT 0,
  `has_add4` tinyint(1) DEFAULT 0,
  `has_add5` tinyint(1) DEFAULT 0,
  `add_1` varchar(255) DEFAULT NULL,
  `add_2` varchar(255) DEFAULT NULL,
  `is_legal_type` tinyint(1) DEFAULT 0
) ENGINE=InnoDB DEFAULT CHARSET=utf8;

--
-- Dumping data for table `content_category`
--

INSERT INTO `content_category` (`id`, `title`, `has_summary`, `has_details`, `has_photo`, `has_keywords`, `has_meta_keywords`, `has_start_date`, `has_end_date`, `has_multi_attachment`, `status`, `created_date`, `updated_date`, `created_by`, `updated_by`, `has_add1`, `has_add2`, `has_add3`, `has_add4`, `has_add5`, `add_1`, `add_2`, `is_legal_type`) VALUES
(1, 'Static Content', 1, 1, 0, 1, 1, 0, 0, 1, '1', '2017-04-29 06:06:50', '2021-08-25 03:01:31', NULL, 36, 0, 0, 0, 0, 0, NULL, NULL, 1),
(2, 'ການ​ເຄື່ອນ​ໄຫວ', 1, 1, 1, 0, 0, 1, 0, 0, '1', '2017-04-29 06:23:30', '2020-01-08 03:20:14', NULL, NULL, 0, 0, 0, 0, 0, NULL, NULL, 0),
(42, 'test', 0, 1, 1, 0, 0, 1, 1, 0, '1', '2021-11-22 04:13:18', '2021-11-22 04:13:18', 36, 36, 0, 0, 0, 0, 0, NULL, NULL, 0);

-- --------------------------------------------------------

--
-- Table structure for table `content_category_translate`
--

CREATE TABLE `content_category_translate` (
  `id` int(11) NOT NULL,
  `language` varchar(45) NOT NULL,
  `title` varchar(255) NOT NULL,
  `content_category_id` int(11) NOT NULL,
  `add_1` varchar(255) DEFAULT NULL,
  `add_2` varchar(255) DEFAULT NULL
) ENGINE=InnoDB DEFAULT CHARSET=utf8;

--
-- Dumping data for table `content_category_translate`
--

INSERT INTO `content_category_translate` (`id`, `language`, `title`, `content_category_id`, `add_1`, `add_2`) VALUES
(1, 'en', 'Static Content', 1, NULL, NULL),
(2, 'fr', 'Static Content Fr', 1, NULL, NULL),
(3, 'en', 'Activities', 2, NULL, NULL),
(4, 'fr', 'News Fr', 2, NULL, NULL),
(45, 'en', 'test', 42, NULL, NULL);

-- --------------------------------------------------------

--
-- Table structure for table `content_translate`
--

CREATE TABLE `content_translate` (
  `id` int(11) NOT NULL,
  `language` varchar(45) NOT NULL,
  `title` varchar(255) NOT NULL,
  `summary` text DEFAULT NULL,
  `details` text DEFAULT NULL,
  `keywords` varchar(255) DEFAULT NULL,
  `meta_keywords` varchar(255) DEFAULT NULL,
  `content_id` int(11) NOT NULL,
  `add_1` text DEFAULT NULL,
  `add_2` text DEFAULT NULL,
  `add_3` text DEFAULT NULL,
  `add_4` text DEFAULT NULL,
  `add_5` text DEFAULT NULL
) ENGINE=InnoDB DEFAULT CHARSET=utf8;

--
-- Dumping data for table `content_translate`
--

INSERT INTO `content_translate` (`id`, `language`, `title`, `summary`, `details`, `keywords`, `meta_keywords`, `content_id`, `add_1`, `add_2`, `add_3`, `add_4`, `add_5`) VALUES
(547, 'en', '', NULL, '', NULL, NULL, 547, NULL, NULL, NULL, NULL, NULL);

-- --------------------------------------------------------

--
-- Table structure for table `counter`
--

CREATE TABLE `counter` (
  `id` int(10) UNSIGNED NOT NULL,
  `date` datetime NOT NULL,
  `count` int(11) NOT NULL
) ENGINE=InnoDB DEFAULT CHARSET=utf8 ROW_FORMAT=DYNAMIC;

--
-- Dumping data for table `counter`
--

INSERT INTO `counter` (`id`, `date`, `count`) VALUES
(5, '2021-06-05 05:42:47', 1),
(6, '2021-06-07 04:28:22', 1),
(7, '2021-06-07 05:00:34', 1),
(8, '2021-06-07 06:55:07', 1),
(9, '2021-06-07 07:26:17', 1),
(10, '2021-06-07 08:22:53', 1),
(11, '2021-06-07 08:26:56', 1),
(12, '2021-06-07 04:07:03', 1),
(13, '2021-06-08 04:08:56', 1),
(14, '2021-06-08 04:40:29', 1),
(15, '2021-06-08 05:17:34', 1),
(16, '2021-06-08 08:36:12', 1),
(17, '2021-06-08 09:36:47', 1),
(18, '2021-06-08 09:42:49', 1),
(19, '2021-06-09 02:10:32', 1),
(20, '2021-06-09 02:48:21', 1),
(21, '2021-06-09 03:25:20', 1),
(22, '2021-06-09 03:57:58', 1),
(23, '2021-06-09 07:31:43', 1),
(24, '2021-06-09 08:22:03', 1),
(25, '2021-06-10 02:35:32', 1),
(26, '2021-06-10 02:57:35', 1),
(27, '2021-06-10 03:13:19', 1),
(28, '2021-06-10 04:51:49', 1),
(29, '2021-06-10 06:30:49', 1),
(30, '2021-06-16 01:31:48', 1),
(31, '2021-06-16 02:03:49', 1),
(32, '2021-06-16 02:35:04', 1),
(33, '2021-06-16 03:19:32', 1),
(34, '2021-06-16 03:37:20', 1),
(35, '2021-06-16 04:20:19', 1),
(36, '2021-06-16 04:33:57', 1),
(37, '2021-06-18 06:33:15', 1),
(38, '2021-06-18 07:31:59', 1),
(39, '2021-06-18 08:49:47', 1),
(40, '2021-06-18 09:33:58', 1),
(41, '2021-06-24 06:29:32', 1),
(42, '2021-07-04 02:15:13', 1),
(43, '2021-07-04 02:45:58', 1),
(44, '2021-07-04 03:02:10', 1),
(45, '2021-07-19 02:57:15', 1),
(46, '2021-07-19 03:42:27', 1),
(47, '2021-07-21 08:05:56', 1),
(48, '2021-07-22 03:03:35', 1),
(49, '2021-07-25 03:58:14', 1),
(50, '2021-07-26 08:16:28', 1),
(51, '2021-07-27 03:11:30', 1),
(52, '2021-07-28 06:35:54', 1),
(53, '2021-07-30 02:00:39', 1),
(54, '2021-08-08 09:36:21', 1),
(55, '2021-08-08 10:18:06', 1),
(56, '2021-08-10 03:52:59', 1),
(57, '2021-08-10 12:49:02', 1),
(58, '2021-08-14 08:02:22', 1),
(59, '2021-08-16 07:14:29', 1),
(60, '2021-08-16 07:43:24', 1),
(61, '2021-08-16 08:13:58', 1),
(62, '2021-08-16 08:28:42', 1),
(63, '2021-08-17 02:44:41', 1),
(64, '2021-08-17 03:31:23', 1),
(65, '2021-08-17 03:50:04', 1),
(66, '2021-08-17 04:20:38', 1),
(67, '2021-08-17 07:23:49', 1),
(68, '2021-08-17 08:20:50', 1),
(69, '2021-08-17 04:08:37', 1),
(70, '2021-08-19 09:24:43', 1),
(71, '2021-08-19 09:28:17', 1),
(72, '2021-08-19 09:46:15', 1),
(73, '2021-08-20 02:19:59', 1),
(74, '2021-08-20 03:09:15', 1),
(75, '2021-08-24 06:21:38', 1),
(76, '2021-08-25 02:53:03', 1),
(77, '2021-08-25 03:28:26', 1),
(78, '2021-08-25 04:01:13', 1),
(79, '2021-08-25 09:17:55', 1),
(80, '2021-08-25 09:21:25', 1),
(81, '2021-08-27 09:54:21', 1),
(82, '2021-08-29 10:11:43', 1),
(83, '2021-08-29 10:44:20', 1),
(84, '2021-08-30 02:58:44', 1),
(85, '2021-08-30 03:42:57', 1),
(86, '2021-08-30 04:17:49', 1),
(87, '2021-08-30 04:47:59', 1),
(88, '2021-08-31 02:22:42', 1),
(89, '2021-08-31 02:53:11', 1),
(90, '2021-09-06 01:18:50', 1),
(91, '2021-09-06 01:50:25', 1),
(92, '2021-09-07 03:15:55', 1),
(93, '2021-09-08 07:50:48', 1),
(94, '2021-09-08 07:57:19', 1),
(95, '2021-09-09 04:08:09', 1),
(96, '2021-09-13 02:43:45', 1),
(97, '2021-09-13 02:43:51', 1),
(98, '2021-09-13 03:47:23', 1),
(99, '2021-09-13 04:05:31', 1),
(100, '2021-09-13 04:40:58', 1),
(101, '2021-09-13 02:44:24', 1),
(102, '2021-09-13 02:46:39', 1),
(103, '2021-09-13 02:51:42', 1),
(104, '2021-09-16 02:47:36', 1),
(105, '2021-09-16 03:25:12', 1),
(106, '2021-09-16 06:49:04', 1),
(107, '2021-09-16 07:19:35', 1),
(108, '2021-09-20 08:18:45', 1),
(109, '2021-09-23 02:49:46', 1),
(110, '2021-09-23 06:54:40', 1),
(111, '2021-09-23 07:26:08', 1),
(112, '2021-09-23 07:41:25', 1),
(113, '2021-09-24 07:02:38', 1),
(114, '2021-09-24 07:03:37', 1),
(115, '2021-09-28 03:49:35', 1),
(116, '2021-09-28 04:13:37', 1),
(117, '2021-10-01 02:47:13', 1),
(118, '2021-10-05 04:52:47', 1),
(119, '2021-10-05 06:00:45', 1),
(120, '2021-10-10 06:32:00', 1),
(121, '2021-10-21 06:30:25', 1),
(122, '2021-10-22 06:02:23', 1),
(123, '2021-10-26 06:35:37', 1),
(124, '2021-11-04 04:26:07', 1),
(125, '2021-11-04 04:59:02', 1),
(126, '2021-11-04 02:50:17', 1),
(127, '2021-11-04 03:17:36', 1),
(128, '2021-11-04 03:18:24', 1),
(129, '2021-11-04 03:27:00', 1),
(130, '2021-11-04 03:27:04', 1),
(131, '2021-11-04 03:27:05', 1),
(132, '2021-11-04 03:27:05', 1),
(133, '2021-11-04 03:27:05', 1),
(134, '2021-11-04 03:27:05', 1),
(135, '2021-11-04 03:27:05', 1),
(136, '2021-11-04 03:27:06', 1),
(137, '2021-11-04 03:27:06', 1),
(138, '2021-11-04 03:27:07', 1),
(139, '2021-11-04 03:27:07', 1),
(140, '2021-11-04 03:27:07', 1),
(141, '2021-11-04 03:27:07', 1),
(142, '2021-11-04 03:27:07', 1),
(143, '2021-11-04 03:27:08', 1),
(144, '2021-11-04 03:27:08', 1),
(145, '2021-11-04 03:27:08', 1),
(146, '2021-11-04 03:27:13', 1),
(147, '2021-11-04 03:27:13', 1),
(148, '2021-11-04 03:31:04', 1),
(149, '2021-11-04 03:31:07', 1),
(150, '2021-11-04 03:31:07', 1),
(151, '2021-11-04 03:31:07', 1),
(152, '2021-11-04 03:31:07', 1),
(153, '2021-11-04 03:31:07', 1),
(154, '2021-11-04 03:31:08', 1),
(155, '2021-11-04 03:31:08', 1),
(156, '2021-11-04 03:31:08', 1),
(157, '2021-11-04 03:31:08', 1),
(158, '2021-11-04 03:31:08', 1),
(159, '2021-11-04 03:31:09', 1),
(160, '2021-11-04 03:31:09', 1),
(161, '2021-11-04 03:31:09', 1),
(162, '2021-11-04 03:31:09', 1),
(163, '2021-11-04 03:31:10', 1),
(164, '2021-11-04 03:31:10', 1),
(165, '2021-11-04 03:31:10', 1),
(166, '2021-11-04 03:31:10', 1),
(167, '2021-11-05 02:04:25', 1),
(168, '2021-11-05 02:42:53', 1),
(169, '2021-11-05 09:09:49', 1),
(170, '2021-11-06 01:35:30', 1),
(171, '2021-11-06 07:12:09', 1),
(172, '2021-11-06 07:39:22', 1),
(173, '2021-11-06 07:42:34', 1),
(174, '2021-11-06 08:17:59', 1),
(175, '2021-11-06 08:50:26', 1),
(176, '2021-11-06 03:02:49', 1),
(177, '2021-11-07 03:22:20', 1),
(178, '2021-11-08 01:40:06', 1),
(179, '2021-11-08 01:40:15', 1),
(180, '2021-11-08 01:40:20', 1),
(181, '2021-11-08 01:40:26', 1),
(182, '2021-11-08 01:40:32', 1),
(183, '2021-11-08 01:40:36', 1),
(184, '2021-11-08 01:40:41', 1),
(185, '2021-11-08 01:40:44', 1),
(186, '2021-11-08 01:40:49', 1),
(187, '2021-11-08 02:00:00', 1),
(188, '2021-11-08 02:00:00', 1),
(189, '2021-11-08 02:03:08', 1),
(190, '2021-11-08 02:03:08', 1),
(191, '2021-11-08 03:57:50', 1),
(192, '2021-11-08 07:03:40', 1),
(193, '2021-11-08 02:45:57', 1),
(194, '2021-11-08 03:29:34', 1),
(195, '2021-11-08 08:06:37', 1),
(196, '2021-11-08 08:06:46', 1),
(197, '2021-11-08 08:06:48', 1),
(198, '2021-11-08 08:06:54', 1),
(199, '2021-11-08 08:06:56', 1),
(200, '2021-11-08 08:06:58', 1),
(201, '2021-11-08 08:07:04', 1),
(202, '2021-11-08 08:07:11', 1),
(203, '2021-11-08 11:35:28', 1),
(204, '2021-11-09 02:07:28', 1),
(205, '2021-11-09 02:47:18', 1),
(206, '2021-11-09 09:30:35', 1),
(207, '2021-11-09 04:36:07', 1),
(208, '2021-11-09 11:00:39', 1),
(209, '2021-11-10 04:08:05', 1),
(210, '2021-11-10 09:13:29', 1),
(211, '2021-11-10 09:16:06', 1),
(212, '2021-11-11 01:58:06', 1),
(213, '2021-11-11 12:15:00', 1),
(214, '2021-11-12 03:59:19', 1),
(215, '2021-11-12 04:29:27', 1),
(216, '2021-11-12 04:47:52', 1),
(217, '2021-11-12 04:52:26', 1),
(218, '2021-11-12 06:07:01', 1),
(219, '2021-11-15 08:15:21', 1),
(220, '2021-11-15 09:00:26', 1),
(221, '2021-11-15 09:03:30', 1),
(222, '2021-11-15 09:03:31', 1),
(223, '2021-11-15 09:03:34', 1),
(224, '2021-11-17 03:33:55', 1),
(225, '2021-11-17 05:02:23', 1),
(226, '2021-11-17 05:07:27', 1),
(227, '2021-11-17 05:08:28', 1),
(228, '2021-11-17 05:12:54', 1),
(229, '2021-11-17 05:14:13', 1),
(230, '2021-11-17 05:20:54', 1),
(231, '2021-11-17 05:26:36', 1),
(232, '2021-11-17 05:29:35', 1),
(233, '2021-11-17 05:30:09', 1),
(234, '2021-11-17 05:30:55', 1),
(235, '2021-11-17 05:31:38', 1),
(236, '2021-11-17 05:34:57', 1),
(237, '2021-11-19 01:05:27', 1),
(238, '2021-11-20 02:14:02', 1),
(239, '2021-11-20 04:06:56', 1),
(240, '2021-11-20 05:10:13', 1),
(241, '2021-11-20 07:31:41', 1),
(242, '2021-11-21 01:24:52', 1),
(243, '2021-11-21 01:33:17', 1),
(244, '2021-11-22 04:12:18', 1),
(245, '2021-11-22 04:15:48', 1),
(246, '2022-08-09 11:35:07', 1);

-- --------------------------------------------------------

--
-- Table structure for table `event`
--

CREATE TABLE `event` (
  `id` int(11) NOT NULL,
  `event_title` varchar(255) NOT NULL,
  `agenda` text DEFAULT NULL,
  `date_start` date NOT NULL,
  `time_start` char(100) NOT NULL,
  `date_end` date NOT NULL,
  `time_end` char(100) NOT NULL,
  `location` varchar(255) NOT NULL,
  `host` varchar(255) DEFAULT NULL,
  `created_by` int(11) NOT NULL,
  `register_deadline` date DEFAULT NULL,
  `user_id` int(11) DEFAULT NULL,
  `contract` text DEFAULT NULL,
  `map` text DEFAULT NULL
) ENGINE=InnoDB DEFAULT CHARSET=utf8;

--
-- Dumping data for table `event`
--

INSERT INTO `event` (`id`, `event_title`, `agenda`, `date_start`, `time_start`, `date_end`, `time_end`, `location`, `host`, `created_by`, `register_deadline`, `user_id`, `contract`, `map`) VALUES
(5, 'ກອງ​ປະ​ຊຸມ​ເຜີຍ​ແພ​ກົດ​ໝາຍ​ການ​ນຳ​ໃຊ້​ອີນ​ເຕີ​ເນັດ', '1. ນຳ​ສະ​ເໜີ\r\n2. ເອີນ​ເຕີ​ເນັດ\r\n3. ການ​ໃຊ້ເອີນ​ເດີ​ເນັດ', '2019-02-08', '01:30 PM', '2019-02-08', '04:00 PM', 'ສູນ​ອີນ​ເຕີ​ເນັດ​ແຫ່ງ​ຊາດ', 'ສູນ​ອີນ​ເຕີ​ເນັດ​ແຫ່ງ​ຊາດ', 33, '2019-02-06', 33, NULL, NULL),
(7, 'ທົດລອງສ້າງກອງປະຊຸມສຳມະນາວຽກງານນິຕິກຳ', '19-21 ທັນວາ 2018', '2018-12-19', '08:30 AM', '2018-12-21', '12:00 AM', 'ທ່າລາດ', 'ກົມສົ່ງເສີມການນຳໃຊ້', 33, '2018-12-18', 33, NULL, NULL),
(8, 'ກອງປະຊຸມ ປັບປຸງ Website ກະຊວງ', '1. ລາຍງານສະພາບປະຈຸບັນ\r\n2. ປຶກສາຫາລື\r\n3. ແຜນການຕໍ່ໜ້າ', '2019-01-25', '09:00 AM', '2019-01-25', '11:30 AM', 'ສະຖາບັນ ICT, ຊັ້ນ1', 'ສູນບໍລິຫານລັດດ້ວຍເອເລັກໂຕຣນິກ', 33, '2019-01-23', 33, NULL, NULL),
(9, 'ທົດລອງສ້າງກອງປະຊຸມເຜີຍແຜ່ລະບົບບໍລິຫານລັດດ້ວຍເອເລັກໂຕຣນິກ', 'ທົດລອງສ້າງກອງປະຊຸມເຜີຍແຜ່ລະບົບບໍລິຫານລັດດ້ວຍເອເລັກໂຕຣນິກ', '2019-01-10', '11:00 AM', '2019-01-12', '12:00 PM', 'ສະຖາບັນໄປສະນີ ໂທລະຄົມມະນາຄົມ ແລະ ການສື່ສານ http://egc.gov.la', 'ສູນບໍລິຫານລັດດ້ວຍເອເລັກໂຕຣນິກ', 33, '2019-01-08', 33, '', ''),
(10, 'ກິດຈະກຳກິລາ ສູນບໍລິຫານລັດດ້ວຍເອເລັກໂຕຣນິກ ແລະ ບໍລິສັດ Cyberia', '- ພິທີມອບຂອງທີລະນຶກ\r\n- ເຕະບານສາມັກຄີ\r\n- ກິນເຂົ້າສາມັກຄີ', '2019-01-11', '04:45 PM', '2019-01-11', '07:45 PM', 'ເດິ່ນເຕະບານ ເຟຣາຣີ່', 'ສູນບໍລິຫານລັດ + ບໍລິສັດ Cyberia', 22, '2019-01-11', 33, NULL, NULL),
(11, 'ທົດລອງສ້າງກອງປະຊຸມຂອງຄະນະຮັບຜິດຊອບງານວາງສະແດງ Lao ICT Expo 2019', '', '2019-01-11', '12:30 AM', '2019-01-11', '04:00 PM', 'ຫ້ອງປະຊຸມຊັ້ນ 3 ຕືກກະຊວງ ປທສ', 'ຄະນະກອງເລຂາ', 33, '2019-01-11', 33, NULL, NULL),
(12, 'ສ່ອງແສງປະຈຳອາທິດ 21-01-2019', '- ລມຕ ມີຄຳເຫັນເປີດປະຊຸມ\r\n- ຫ້ອງການ ລາຍງານວາລະກອງປະຊຸມ\r\n1. ກົມແຜນການ ແລະ ການຮ່ວມມື:\r\n- ລາຍງານກອງປະຊຸມ ປທສ ປະຈຳປີ 2018\r\n- ລາຍງານແຜນພັດທະນາ 2018 ແລະ ທິດທາງແຜນການ 2019\r\n2. ອົງການດັດສົມ: ລາຍງານກ່ຽວກັບການພັດທະນາລະບົບ SIM Reg ແລະ ອອກຂໍ້ຕົກລົງ\r\n3. LANIC: ລາຍງານກ່ຽວກັບການເອົາລະບົບຂອງ Unitel ເຂົ້າຜ່ານ LANIC\r\n4. ກົມ ICT: ລາຍງານການເກັບຄ່າ Internet Cafe\r\n5. ກົມຄື້ນຄວາມຖີ່: ລາຍງານການກວດມາດຕະຖາມນຳເຂົ້າມືຖື\r\n6. e-Govt\r\n- ລາຍງານການນຳໃຊ້ລະບົບ e-Office\r\n- ລາຍງານການສ້າງ Website ກະຊວງ ປທສ\r\n- ລາຍງານໂຄງການນຳໃຊ້ອິນເຕີເນັດຟຣີ ຫຼື ລາຄາຖືກ ເຂົ້າໃນຂະແໜງການສຶກສາ\r\n7. ສະຖາບັນ ICT: ລາຍງານການປັບປຸງອາຈານສອນຄືນໃໝ່ໃນການສິດສອນ', '2019-01-21', '08:00 AM', '2019-01-21', '08:00 AM', 'ປທສ, ຊັ້ນ 3', 'ຫ້ອງການ ກະຊວງ ປທສ', 33, '2019-01-21', 33, NULL, NULL),
(13, 'ທົດລອງກອງປະຊຸມ ', 'ທົດລອງກອງປະຊຸມ  Kz', '2019-02-07', '09:30 AM', '2019-02-07', '12:00 PM', 'kz test', 'kz', 22, '2019-02-05', 22, 'test', ''),
(14, 'ປະຊຸມ ໂຄງການ ', '', '2019-03-20', '01:30 PM', '2019-03-20', '04:00 PM', 'Video Conference', '', 33, '2019-03-19', 33, '', '<iframe src=\"https://www.google.com/maps/embed?pb=!1m18!1m12!1m3!1d3795.3188935170933!2d102.61249610957056!3d17.963894646857018!2m3!1f0!2f0!3f0!3m2!1i1024!2i768!4f13.1!3m3!1m2!1s0x3124688799351303%3A0x65153555040f4613!2z4LqB4Lqw4LqK4Lqn4LqHIOC7hOC6m-C6quC6sOC6meC6tSDgu4LgupfguqXgurDguoTgurvguqHguqHgurDgupngurLguoTgurvguqEg4LuB4Lql4LqwIOC6geC6suC6meC6quC6t-C7iOC6quC6suC6mQ!5e0!3m2!1sen!2sla!4v1553744004083\" width=\"600\" height=\"450\" frameborder=\"0\" style=\"border:0\" allowfullscreen></iframe>'),
(15, 'ທົດລອງກອງປະຊຸມ ສອນປະສິດ ຮຸ່ງເຮືອງ', 'ເພື່ອທົດລອງການນຳໃຊ້ເພື່ອການປັບປຸງຄັ້ງວິນທີ 25 ມີນາ 2019', '2019-05-06', '08:00 AM', '2019-05-10', '04:00 PM', 'ສະຖາບັນໄປສະນີ', 'ສູນບໍລິຫານລັດ', 22, '2019-05-03', 22, 'ສອນປະສິດ ຮຸ້ງເຮືອງ', ''),
(16, 'ທົດລອງ-ກອງປະຊຸມ TELMIN 2019', 'ທົດລອງ-ກອງປະຊຸມ TELMIN 2019', '2019-06-10', '08:45 AM', '2019-06-14', '12:00 AM', 'ຫໍປະຊຸມແຫ່ງຊາດ', 'ກະຊວງ ໄປສະນີ, ໂທລະຄົມມະນາຄົມ ແລະ ການສື່ສານ', 22, '2019-06-06', 22, 'ທ່ານ ນາງຈິດຕະພອນ ຈັນສີລິລາດ', '<iframe src=\"https://www.google.com/maps/embed?pb=!1m18!1m12!1m3!1d3795.3188935170933!2d102.61249610957056!3d17.963894646857018!2m3!1f0!2f0!3f0!3m2!1i1024!2i768!4f13.1!3m3!1m2!1s0x3124688799351303%3A0x65153555040f4613!2z4LqB4Lqw4LqK4Lqn4LqHIOC7hOC6m-C6quC6sOC6meC6tSDgu4LgupfguqXgurDguoTgurvguqHguqHgurDgupngurLguoTgurvguqEg4LuB4Lql4LqwIOC6geC6suC6meC6quC6t-C7iOC6quC6suC6mQ!5e0!3m2!1sen!2sla!4v1553744004083\" width=\"600\" height=\"450\" frameborder=\"0\" style=\"border:0\" allowfullscreen></iframe>'),
(17, 'test meeting', 'test meeting', '2021-06-07', '08:00 AM', '2021-06-08', '03:00 PM', 'test meeting', 'test meeting', 38, '2021-06-06', 38, 'test meetingtest meeting', '');

-- --------------------------------------------------------

--
-- Table structure for table `gallary_uploads`
--

CREATE TABLE `gallary_uploads` (
  `upload_id` int(11) NOT NULL,
  `ref` varchar(100) DEFAULT NULL,
  `file_name` varchar(200) DEFAULT NULL,
  `real_filename` varchar(200) DEFAULT NULL
) ENGINE=InnoDB DEFAULT CHARSET=utf8;

--
-- Dumping data for table `gallary_uploads`
--

INSERT INTO `gallary_uploads` (`upload_id`, `ref`, `file_name`, `real_filename`) VALUES
(1, 'sVgXkU9j2w46fbIp-jyijT', 'images1.jpg', '75795a3ec19f9a8195dd3d3199f02594.jpg'),
(2, 'sVgXkU9j2w46fbIp-jyijT', '1111.jpg', 'b5b1efcd18c02fcc8e29953152cd5e1a.jpg'),
(3, 'sVgXkU9j2w46fbIp-jyijT', 'images.jpg', 'd7857b403c098c72df0620d6e38eb255.jpg'),
(10, 'd2MqD2Ja6-3K3PRJRwO7lq', 'images3.jpg', '8233e3c2e550b0896c87b9dfb5eeb6ae.jpg'),
(11, 'd2MqD2Ja6-3K3PRJRwO7lq', 'images2.jpg', '71b27cf9bbb39c0e0261d13316678370.jpg'),
(13, 'd2MqD2Ja6-3K3PRJRwO7lq', 'bg1.png', 'c271b6e2f7a570222e5e44bf05f2f5ce.png'),
(14, '29-8VTOkI8Lud47Ts9n9io', 'bg1.png', '37d371053debdcffd122c1ee47cdee89.png'),
(15, '29-8VTOkI8Lud47Ts9n9io', 'images.jpg', '389930942c76977f2f98f80820b7c621.jpg'),
(16, '29-8VTOkI8Lud47Ts9n9io', 'images1.jpg', '2f85bd7356703d9af47b384cdb77d885.jpg'),
(25, NULL, 'sale.report_saleorder.pdf', '9ff238dfdc864427bbf5d46fae1f664a.pdf'),
(30, 'mAbJZafi8hRwDmbWkYP0y6', 'example.docx', 'bf9cb5b7efeb4bd219a1d6bfe8c8d0b8.docx'),
(32, 'CtwUuAXQjjPK_YpIUBo0Ji', 'ກົດໝາຍວ່າດ້ວຍການຕ້ານແລະສະກັດກັ້ນອາຊະຍາກຳທາງລະບົບຄອມພິວເຕີ.pdf', 'b24acce53ad7adf9dd1a9eeed4bcedd0.pdf'),
(33, 'wO5k1stymtacCn0_kQrINq', 'ກົດໝາຍວ່າດ້ວຍການໂທລະຄົມມະນາຄົມ.pdf', '660e1020a82b952ca66f23dcf910b8f8.pdf'),
(34, 'BuH4_TGdSa44x1Jon3thlr', 'ກົດໝາຍວ່າດ້ວຍການໄປສະນີ.pdf', '795754bedcaf373b13a33746c30df31d.pdf'),
(35, 'ICmCotpY7u0SpumssZTcOt', 'ຂໍ້​ຕົກ​ລົງວ່າ​ດ້ວຍອັດ​ຕາ​ຄ່າ​ໂທ​ລະ​ສັບ.pdf', '1afdac7ee8d7782352141dac131a06ed.pdf'),
(36, 'aLlES15A6e0aLcOEtA05WH', 'ຂໍ້ຕົກລົງ_ວ່າດ້ວຍການກຳນົດອັດຕາຄ່າໂທລະສັບ.pdf', '8696b4ea8b5ded7521c963a7ff101f9b.pdf'),
(37, 'g0B_dzMgA9o5X-ohbG2qHl', 'ຂໍ້ຕົກລົງ_ວ່າດ້ວຍການສື່ສານຜ່ານດາວທຽມ.pdf', '583e698f48cd809fcf23dcdf619a8178.pdf'),
(38, '-YypwYFJvoc1aJLrpvulYg', 'ຂໍ້ຕົກລົງ_ວ່າດ້ວຍການອະນຸຍາດດຳເນີນທຸລະກິດບໍລິການໄປສະນີ.pdf', 'e84052803f71b82cf6a3f6241115be40.pdf'),
(39, '7PJiP2FAwjhZIghvbyErU6', 'ຂໍ້ຕົກລົງ_ວ່າດ້ວຍການໃຫ້ບໍລິການອິນເຕີເນັດກາເຟ.pdf', '1507ecc2c2c2310ccd674635135fbe42.pdf'),
(40, 'wbb3pmOVGycxQ9lWvvWn8d', 'ຂໍ້ຕົກລົງ_ວ່າດ້ວຍຄວາມປອດໄພຂອງການກະຈາຍຄື້ນຄວາມຖີ່.pdf', '307ff8abb532ff9b5d8debc81427e2fc.pdf'),
(41, '4egnj3L2_FHGpvcQHSybtO', 'ຂໍ້ຕົກລົງວ່າດ້ວຍການກຳນົດສົ່ງຂອງເກືອດຫ້າມໃນການບໍລິການໄປສະນີ.pdf', '2e0fa8161f2fbaac27cdc174304b6f4d.pdf'),
(42, 'O9MuIX9FxT90JxBHUCG4Qu', 'ຂໍ້ຕົກລົງວ່າດ້ວຍການກຳນົດຊ່ອງຄວາມຖີ່ສຳລັບວຽກງານສື່ສານ.pdf', 'a76cbec15a8c328340bc131e023284e2.pdf'),
(43, 'nrF0OtCzahxHv1TaORAhD4', 'ຂໍ້ຕົກລົງວ່າດ້ວຍການນຳໃຊ້ເລກໝາຍໂທລະສັບພິເສດ.pdf', 'a82e8e4127904bb69a064ccc17896521.pdf'),
(44, '6XmXOQTYTsfeaKYxjn3LIc', 'ດຳລັດວ່າດ້ວຍການຄຸ້ມຄອງ_ແລະ_ການນຳໃຊ້_ລະຫັດຊື່ອິນເຕີເນັດ.pdf', '3f1bf8f81ac5221819db9a5169f3dbb5.pdf'),
(45, 'v82dH_2YeJrGf2hZr1a6C3', 'ດຳລັດວ່າດ້ວຍຄື້ນຄວາມຖີ່.pdf', '18411c783cb5a907ff80555796297e5a.pdf'),
(46, 'E0lTopR5qtKvQj2pV0hu2e', 'ດຳລັດວ່າດ້ວຍສູນຂໍ້ມູນຂ່າວສານຜ່ານອິນເຕີເນັດ.pdf', '5192d15cd802bcec09d06e8392effcff.pdf'),
(47, 'TOFUWX_KnE7C69sxtk_74J', 'ກົດໝາຍວ່າດ້ວຍການຕ້ານແລະສະກັດກັ້ນອາຊະຍາກຳທາງລະບົບຄອມພິວເຕີ.pdf', '8d551e617afc8ab4ba698c19be8a3553.pdf'),
(48, '9jip_qJqZJLONjd9j-fH46', 'vps.png', '09f0a2ecfc575b0292d17f70485a3a73.png'),
(54, 'XMXoicP6i883HwUFC7-10p', 'ດຳລັດວ່າດ້ວຍການຄຸ້ມຄອງຂໍ້ມູນຂ່າວສານຜ່ານອິນເຕີເນັດ.pdf', 'b8975afd8df58a7f4fbf50babdaf22a0.pdf'),
(55, 'Yw_BfCEB7vpyLTnjVyo3M3', 'ກົດໝາຍເຕັກໂນໂລຊີການສື່ສານ.pdf', '6b0c8a09380422078fcf5b4872e3e0c6.pdf'),
(56, 'a1quz4iCZyNmKP5SOKcozU', 'ກົດໝາຍວ່າດ້ວຍຄື້ນຄວາມຖີ່ວິທະຍຸສື່ສານ.pdf', '6e9fbe881b263b96a032ab948f8f05b0.pdf'),
(60, 'dpHDoZpGkivYpertySP0Be', 'ປຶ້ມ ສະຖິຕິ 2017 ກະຊວງ ປທສ.pdf', '60dfe1f4ff0660be5c84a72a5f5bccc7.pdf'),
(61, 'S-jp8eQ9ZgcdMsrQVPt-et', 'Year book 2016.pdf', '048e7a645b20a30bd0aeaaf2580cd594.pdf'),
(62, 'IeQc-QPF9hZhuEXd0EkpTP', 'ພາລະບົດບາດກຊວງ ປທສ.pdf', 'ac7c0ba15c438b8069468b0f7ddf94a3.pdf'),
(64, 'n3YYZNeZNOzyR7ykBIa1B8', 'Year book 2015.pdf', 'ff63e5f4262ffdb393081554a32e5759.pdf'),
(65, 'rg2nQ_pznzZtlmuA3DmnRb', 'Year book 2014.pdf', '1cfa8e43e25542f45537544055b82b84.pdf'),
(66, 'KKa4ks1Kv0hyrB0BhqFhl3', 'Blockchain Technology.docx', 'd0cf2937aa1a8e6a5dfe9c473854aa04.docx'),
(68, 'm1NLBM_Se_eas6uO8K6ZLQ', 'ທັກສະຄວາມສາມາດ ທີ່ຕະຫຼາດແຮງງານໄອທີ ຂອງໂລກຕ້ອງການ.docx', 'c637f0a7d9201c1f7575b89e33db05d0.docx'),
(69, 'vlf8swzmazSJyJjenIbWMX', 'IoT.docx', 'd5ab5143d2637c6d24f5aefaa83efb83.docx'),
(70, 'vlf8swzmazSJyJjenIbWMX', 'IoT.pdf', '8c313731df0b5eec2586b34a10743756.pdf'),
(71, 'oFBH_5IYzjLl95nhpOb3IA', 'ວິໃສທັດ,ແຜນຍຸດທະສາດ ແລະ ແຜນການ 5 ປີ ຄັ້ງທີ2 _2016-2020_ ສະບັບລ່າສຸດ..pdf', 'ba02c706554a7634a05fe497fac9bb96.pdf'),
(72, 'zKbimET7-rsAdvfOnYSGVS', 'ຂໍ້ຕົກລົງ ວ່າດ້ວຍ ການປະຢັດ ແລະ ຕ້ານການຟູມເຟືອຍ.pdf', '3c82199f8943cad9f861c9f64d49bafd.pdf'),
(74, 'vhWCJ2uLDINm38_B7lrU2m', 'ແຜນແມ່ບົດ ໄອຊີທີ ອາຊຽນ 2020.pdf', '30a8b0226714ab6404fa2b95abf3ac16.pdf'),
(75, 'FZJLUzXyAA6_VI8MiAp0qN', 'ກົດໝາຍ ວ່າດ້ວຍ ລາຍເຊັນເອເລັກໂຕຣນິກ  _Electronic Signature Law_  _1_.pdf', 'f990dd839dc7e80c25177ef4e599016e.pdf'),
(76, 'gsvB0dIhhxOTETDSwXb91z', 'ກົດໝາຍ ວ່າດ້ວຍ ລາຍເຊັນເອເລັກໂຕຣນິກ  _Electronic Signature Law_  _1_.pdf', '64a1f6beef12693089dd52114b091bd1.pdf'),
(77, 'KrPoGG-XHnLF9BOf_vvNs-', 'ກົດໝາຍ ວ່າດ້ວຍ ລາຍເຊັນເອເລັກໂຕຣນິກ  _Electronic Signature Law_  _1_.pdf', '051d782f48e1922229db32ff3ceb9082.pdf'),
(78, 'W6glv1PSd8m7Eo3rpdt86J', 'ກົດໝາຍ ວ່າດ້ວຍ ລາຍເຊັນເອເລັກໂຕຣນິກ  _Electronic Signature Law_  _1_.pdf', '30b1fb24af64ebf4ca43467ee923cb37.pdf'),
(79, 'UexpMg22A_08LUQOtvLQlH', 'ກົດໝາຍ ວ່າດ້ວຍ ລາຍເຊັນເອເລັກໂຕຣນິກ  _Electronic Signature Law_  _1_.pdf', '414ef19a86dad9969cd1e3239d327afc.pdf'),
(80, 'ct9sXtEN3tamHSiKhPnGAj', 'ກົດໝາຍ ວ່າດ້ວຍ ລາຍເຊັນເອເລັກໂຕຣນິກ  _Electronic Signature Law_  _1_.pdf', 'da79fb8fce9fc3ab35b334ec8659d2b0.pdf'),
(81, 'euGvheRGUdLGGIoTGXFzCG', 'education-tree-knowledge-open-book-450w-767491552.jpg', '795a46acebd9d9d86748a83ad2b202f8.jpg'),
(82, '-CjBUFcD4QpdvN4YCcJVnN', 'Content_2018112604114339.png', 'ca59a4d877a7fc7c0df5cab264834530.png'),
(85, '_VDjbhUnGuV8ZiCD51sbkQ', 'ໜັງສືສະເໜີຂໍຈອງຫ້ອງປະຊຸມກະຊວງ.docx', '0c740b43bcf984ec26d31e19f624f04b.docx'),
(86, 'XRxpmvIEudtPvzXg-jI9yO', 'ໂຄງຮ່າງການຈັດຕັ້ງສູນ ສລອ edit  final 05-09-2019.pdf', '806581734a54ab51ccf696cf3d413da1.pdf'),
(87, '5hlY0WzSBXIXHl9AF1e6iB', 'role eGov 1.png', 'af8beb359081ee988a54bf2ba5a4e126.png'),
(91, '6LWCwm3K4A4NFz9_6UEcmq', 'ໜັງສືລາຍງານ ຫາ ລມຕ ຜົນການລົງຝຶກອົບຮົມ VC ໃຫ້ສູນກາງຊາວໜຸ່ມ ແລະ ສູນກາງພັກ.docx', '88f998aa725a81743a2a9d2e47164f87.docx'),
(95, 'ADsJONy9OctQqD7hbyHYRD', 'ພາລະບົດບາດ ສລອ.pdf', '830c4c713c056fb5df693f7109e0d822.pdf'),
(96, 'bY45PS1zwxB28jh8NSyNiX', 'ຂໍ້ຕົກລົງວ່າດ້ວຍການຄຸ້ມຄອງ ແລະ ການນຳໃຊ້ລະບົບກອງປະຊຸມທາງໄກຂອງລັດຖະບານ.pdf', '4e8c14da58b2922902a1d23e59f8dee3.pdf'),
(99, 'KHDsqZegZpt5w_qA_ZgZBO', 'ຂໍ້ຕົກລົງວ່າດ້ວຍການຄຸ້ມຄອງ ແລະ ການນຳໃຊ້ລະບົບຈົດໝາຍເອເລັກໂຕຣນິກ ຂອງລັດຖະບານ _2_.pdf', '56307c61984a12a3778382f43f0342fa.pdf'),
(100, 'CbolvaG9-LuuQjixEzLITZ', 'ແບບຟອມ  ເງິນອຸດໜູນ ລູກກຳພ້າ ແລະ ໝ້າຍ.pdf', '50a376eef9090ee04bd1ca9d941e30c3.pdf'),
(101, 'CbolvaG9-LuuQjixEzLITZ', 'ແບບຟອມ ຂໍຂື້ນທະບຽນສຳລັບຜູ້ເສຍອົງຄະຮາກຖານ.pdf', 'c128556677c8f1a80607dcabc3faa9e3.pdf'),
(102, 'CbolvaG9-LuuQjixEzLITZ', 'ແບບຟອມ ແຈ້ງຫຼຸດ.pdf', '2499d0050f761b712e1f609115b6b05e.pdf'),
(103, 'CbolvaG9-LuuQjixEzLITZ', 'ແບບຟອມ ຂື້ນທະບຽນ ປະກັນສັງຄົມ ສຳລັບຜູ້ໄດ້ຮັບເງິນອຸດໜູນລຽ້ງດູ.pdf', 'f7765f13c1e244ed8b190c75dcf0ed90.pdf'),
(104, 'CbolvaG9-LuuQjixEzLITZ', 'ແບບຟອມຂື້ນທະບຽນສຳລັບພະນັກງານລັດທະກອນ.pdf', '9e22c9d5710d82f2b2a5df3d45b8243f.pdf'),
(105, 'CbolvaG9-LuuQjixEzLITZ', 'ໃບສະເໜີ  ຂໍເງິນອຸດໜູນ.pdf', 'e8cf3d451a6fe197cb2f92ac7f25dfdf.pdf'),
(106, 'CbolvaG9-LuuQjixEzLITZ', 'ໃບຄຳຮ້ອງ ຂໍປຽນແປງຂໍ້ມູນ.pdf', '4bc9bca0e080aab9688d4980d3b77c70.pdf'),
(107, '6zPt0maEq3WzowU_Ic69jU', 'ຄູມືການຕິດຕັ້ງເມວກະຊວງ ປທສ ໃນໂປຼແກຼມ thunderbird.pdf', 'd5bea75d8a2b39115b2c219fe347aed3.pdf'),
(108, 'NwgR4RPCbeMnE3QP0bMjkt', 'ຄູ່ມືການນຳໃຊ້ລະບົບ e-Office_ຂັ້້ນວິຊາການ_ 2019.pdf', 'd15b222b6e09f624d2f4f6c1db9b59cf.pdf'),
(109, 'NwgR4RPCbeMnE3QP0bMjkt', 'ຄູ່ມືການນຳໃຊ້ລະບົບ e-Office_ຂັ້້ນຄະນະພະແນກ_ 2019.pdf', '02bf3817dc3445f706d486d910a564be.pdf'),
(110, 'NwgR4RPCbeMnE3QP0bMjkt', 'email-presentation-Final.pptx', '490235532ab7e46efe99afc668d91f88.pptx'),
(111, 'NwgR4RPCbeMnE3QP0bMjkt', 'ຄູ່ມືການນຳໃຊ້ລະບົບ e-Office_ຂາເຂົ້າ-ຂາອອກ_ 22052019.pdf', 'f72de5836831d573d5cdad3567e7271b.pdf'),
(112, 'NwgR4RPCbeMnE3QP0bMjkt', 'ຄູ່ມືການນໍາໃຊ້ລະບົບກອງປະຊຸມທາງໄກ 15.01.2019final _1_.pdf', '838acadc611220bc59d6aee592112fc1.pdf'),
(113, 'NwgR4RPCbeMnE3QP0bMjkt', 'ຄູ່ມືການນຳໃຊ້ລະບົບ e-Office_ຂັ້້ນຄະນະກົມ_ 2019.pdf', 'e28df9472ca4f71894056c8744436afc.pdf'),
(114, 'NwgR4RPCbeMnE3QP0bMjkt', 'ຄູ່ມືການນໍາໃຊ້ລະບົບກອງປະຊຸມທາງໄກຜ່ານໂທລະສັບ16.01.2019 _1_.pdf', '4107d9bad5308d42584da0e6f983c308.pdf'),
(115, 'r4rAKfwrqC6Z0M7vJEXF0S', 'ແບບຟອມສຳຫຼວດຂໍ້ມູນ ແລະ ການຈໍລະຈອນເອກະສານ.docx', 'd5372877b9a984ecca3377b97a87f759.docx'),
(116, 'r4rAKfwrqC6Z0M7vJEXF0S', 'ບົດນຳສະເໜີ E-office, E-mail ແລະ VC.pdf', 'ff14b4890f945160bc648a027f0d20c4.pdf'),
(117, 'FcAxBPC9rfvlYLnnZbDpu1', 'Indonesia Presentation on Cloud Computing.pptx', 'dcc7c32ab69d054ed6c9ff2aa511525b.pptx'),
(118, 'FcAxBPC9rfvlYLnnZbDpu1', 'Matsumoto_Cloud_Comuputing.pdf', 'd34bde739c80c8ed325b0afff995cc10.pdf'),
(119, 'FcAxBPC9rfvlYLnnZbDpu1', 'LA Country Report on ICT and Cloud Computing_Final.pptx', '8ad3760ebaf0ec6b03cf15700650235f.pptx'),
(120, 'FcAxBPC9rfvlYLnnZbDpu1', 'Malaysia PRF of Cloud Computing v1.pptx', 'ee5019ee29d62e18187978aef80ded1f.pptx'),
(121, 'FcAxBPC9rfvlYLnnZbDpu1', 'philippines Cloud Computing Country Report.pdf', '32aaf1e6b9ba55bfc26b2156ab151b92.pdf'),
(122, 'FcAxBPC9rfvlYLnnZbDpu1', 'TAGUCHIsan_20190619_Final.pptx', '0f0852d2ce706255e650286ba57a2cd2.pptx'),
(123, 'FcAxBPC9rfvlYLnnZbDpu1', 'Yoshida  The current status of cloud computing in Japan_final.pdf', '0b19149d67fb1d856f951034e30b3b84.pdf'),
(124, 'FcAxBPC9rfvlYLnnZbDpu1', 'vietnam CloudComputing_Vientiane 13.06.2019_Final.pptx', '22d60b185cdc4afe618ffb2b84df6d4b.pptx'),
(125, 'SZT8YdaOKJ6GWWBEdfLCJ3', 'Indonesia Presentation on Cloud Computing.pptx', '2856cf588db114c03e6570e1c68fc746.pptx'),
(126, 'SZT8YdaOKJ6GWWBEdfLCJ3', 'Matsumoto_Cloud_Comuputing.pdf', '2d7ceae42e9c88a5726ceb31267f6fa3.pdf'),
(127, 'SZT8YdaOKJ6GWWBEdfLCJ3', 'philippines Cloud Computing Country Report.pdf', '2e804a8c529fbd44f9507bc3ee582e18.pdf'),
(128, 'SZT8YdaOKJ6GWWBEdfLCJ3', 'Malaysia PRF of Cloud Computing v1.pptx', '37aceb45d485af38ff56ebde962f852f.pptx'),
(129, 'SZT8YdaOKJ6GWWBEdfLCJ3', 'vietnam CloudComputing_Vientiane 13.06.2019_Final.pptx', '4c1b2157c48607e0a75162ef60ef22da.pptx'),
(130, 'SZT8YdaOKJ6GWWBEdfLCJ3', 'LA Country Report on ICT and Cloud Computing_Final.pptx', '3db7c41aec9c46ed1a7584de3fc7b024.pptx'),
(131, 'SZT8YdaOKJ6GWWBEdfLCJ3', 'TAGUCHIsan_20190619_Final.pptx', '5f6f8df27a9693261a9fe90bc9fe9e32.pptx'),
(132, 'SZT8YdaOKJ6GWWBEdfLCJ3', 'Yoshida  The current status of cloud computing in Japan_final.pdf', '9dd0a6bb1383be512e86aeb37aa5a259.pdf'),
(133, 'yW3Lc-A3VHUVjBMFj9a83C', 'Presentation of China—ASEAN Workshop on Big Data Technology and Industrial Development _1_.ppt', '0d2043d2fe3082b13c80f280b28749b5.ppt'),
(134, '9Z6clJssrP05npSdv-e175', 'Indonesia Presentation on Cloud Computing.pptx', '891880bd4c7f8ca0e5dacca19a47e552.pptx'),
(135, '9Z6clJssrP05npSdv-e175', 'Matsumoto_Cloud_Comuputing.pdf', '2209385f883372a2d1dbe384e9e95e19.pdf'),
(136, '9Z6clJssrP05npSdv-e175', 'philippines Cloud Computing Country Report.pdf', '51831013cfa76ceee0870e238a144383.pdf'),
(137, '9Z6clJssrP05npSdv-e175', 'Malaysia PRF of Cloud Computing v1.pptx', '3745f63fb339f64e75fe940c091aaef8.pptx'),
(138, '9Z6clJssrP05npSdv-e175', 'LA Country Report on ICT and Cloud Computing_Final.pptx', '67f0978753807f121512c5ed156b1b1c.pptx'),
(139, '9Z6clJssrP05npSdv-e175', 'vietnam CloudComputing_Vientiane 13.06.2019_Final.pptx', '0d83130ac8a3a37b054818844b4e78a6.pptx'),
(140, '9Z6clJssrP05npSdv-e175', 'TAGUCHIsan_20190619_Final.pptx', 'f6ff7ce131546c80cd3c22747310abb2.pptx'),
(141, '9Z6clJssrP05npSdv-e175', 'Yoshida  The current status of cloud computing in Japan_final.pdf', '4f95a131ea4c0d5b660b0f6855c8c0a2.pdf'),
(142, 'A-HsHBsb-O4s9THJejIsRm', 'Matsumoto_Cloud_Comuputing.pdf', '7e20c40acc4d279b9491771d620524bd.pdf'),
(143, 'A-HsHBsb-O4s9THJejIsRm', '21-06-2019 ບົດນໍາສະເໜີEXPO2019.pdf', 'e6147a77f41044df0ad4a03e75663f81.pdf'),
(144, 'A-HsHBsb-O4s9THJejIsRm', 'e-Disaster KOREA, SK Telecom 0626.pdf', '161f803527a2c7c2362897db088c065d.pdf'),
(145, 'A-HsHBsb-O4s9THJejIsRm', 'Overview of e-Government Development _final_Phousana_27-06-2019.pdf', 'a3b3d0476aebcedb293747894d11ec71.pdf'),
(146, 'A-HsHBsb-O4s9THJejIsRm', 'VNPT 4.0 and Digital Government.pdf', '79348936e1a8e0cb4d0f9a28e0832ded.pdf'),
(147, 'A-HsHBsb-O4s9THJejIsRm', 'weather forecasting_27June2019.pdf', 'ea11c7a1d4e02b70e2bf9de76b13329a.pdf'),
(148, 'Owd3f0v0gXSFIIPH7ArhL7', '21-06-2019 ບົດນໍາສະເໜີEXPO2019.pdf', 'b6042f6951dca550bfcb2a509e8448c6.pdf'),
(149, 'Owd3f0v0gXSFIIPH7ArhL7', '20190627_RyobiLao_CompanyProfile.pdf', '89721fda4b7e89564b59d8103a00eae3.pdf'),
(150, 'Owd3f0v0gXSFIIPH7ArhL7', 'e-Disaster KOREA, SK Telecom 0626.pdf', '6db0ca56d75bc80985bcc58f973e8913.pdf'),
(151, 'Owd3f0v0gXSFIIPH7ArhL7', 'ຄູ່ມືການຕິດຕັ້ງເມວກະຊວງ ປທສ ໃນໂປຼແກຼມ thunderbird.pdf', 'bfd22e4831c7f67fb3b97d9694353fbf.pdf'),
(152, 'Owd3f0v0gXSFIIPH7ArhL7', 'setting_wifi_authen_ios.mp4', 'c0c55bb116f83a4af48ce98ab504c439.mp4'),
(153, 'Owd3f0v0gXSFIIPH7ArhL7', 'VNPT 4.0 and Digital Government.pdf', 'f7eb8cad2b6a9210c452c7ad0b0c54b9.pdf'),
(154, 'Owd3f0v0gXSFIIPH7ArhL7', 'weather forecasting_27June2019.pdf', '1649e78fac64735359a5a059ee32f8ad.pdf'),
(155, 'Owd3f0v0gXSFIIPH7ArhL7', 'setting_wifi_authen_android.mp4', 'b00aa5979739a937774bb2b8b16df50c.mp4'),
(157, 'EOBBFZLmPbWe9vRwYKETwu', 'ກົດໝາຍປົກປ້ອງຂໍ້ມູນເອເລັກໂຕຣນິກ.pdf', '440984eb60457f4b769d309255172a92.pdf'),
(158, '14tQr8ecvWOUw3yIm90LsI', 'ດຳລັດວ່າດ້ວຍການຄຸ້ມຄອງຂໍ້ມູນຂ່າວສານຜ່ານອິນເຕີເນັດ.pdf', '139857ffd9f727aaa41d715fb509598d.pdf'),
(159, '-q2x8FQ37ZmVDEruESrg5e', 'eOffice system 16062019.pdf', '799c506b2ae5428e0128a491706ddd1f.pdf'),
(160, 'HU4o5mFEUovs9bRwcFlFnO', '123.txt', '4bab69ac07edf476bffe0fa9935e5bd6.txt'),
(161, 'HU4o5mFEUovs9bRwcFlFnO', 'gweb.txt', '86824f3620c04a3d96ed0d8c9f5d4962.txt'),
(162, 'hOtcsOf_4-JW1HsL9VwZHd', 'ດຳລັດວ່າດ້ວຍຄື້ນຄວາມຖີ່.pdf', '58f82a3138ea72da3867979e5a354dd6.pdf'),
(163, 'BCDF4gnqr6a-GYNsBVQwsp', 'bcel_web_file_2_f4253d80334ca6181aa1bfa39128b83c.pdf', 'd971f04b189723fa91747ca2996fbe0e.pdf'),
(187, 'vFTkXwDW5FMzrQC2m2cWZX', 'ບົດນຳສະເໜີລະບົບ eOffice,Email ແລະ VC.pdf', '2611d131af543a7c1b61e56a3d394061.pdf'),
(188, 'H0Q0y-UC-knE4b4ZcDE8NX', 'ກົດໝາຍວ່າດ້ວຍ ລາຍເຊັນເອເລັກໂຕຣນິກ.pdf', '8105a65575b0144b8be88de87518ddfa.pdf'),
(189, '3OPYtZEC-tsDFZ29FlXOzW', 'ກົດໝາຍວ່າດ້ວຍການຕ້ານ ແລະ ສະກັດກັ້ນອາດສະຍາກຳທາງຄອມພິວເຕີ.pdf', 'beb0ebcd1110aa8abb19deb2c83299cd.pdf'),
(190, '61tmHnTX4IMOpEoWOIKVel', 'ກົດໝາຍວ່າດ້ວຍຄື້ນຄວາມຖີ່ວິທະຍຸ.pdf', '6b824681006bf34691e0dff413f40911.pdf'),
(191, 'OcRUB8r47OG7tUq8oh_CTN', 'ກົດໝາຍວ່າດ້ວຍໂທລະຄົມມະນາຄົມ.pdf', '66c89f286048b80413192d00e991fedc.pdf'),
(192, 'DO-A1moN65J3Sk9U0DoxxU', '1. login.mp4', '882bb0663015a7923b3ccdaf5aeecda4.mp4'),
(193, 'DO-A1moN65J3Sk9U0DoxxU', '2. incoming document.mp4', 'eba344423b122d803408b7173468dd8f.mp4'),
(194, 'DO-A1moN65J3Sk9U0DoxxU', '3. outgoing document.mp4', '3f76557e323b6c5206cefe2e803ebd31.mp4'),
(195, 'DO-A1moN65J3Sk9U0DoxxU', '4. notification document.mp4', 'c265938db5f302ec8221879f49a60f91.mp4'),
(196, 'DO-A1moN65J3Sk9U0DoxxU', '5. process document.mp4', 'ba994c96c33bfe3e5322d66853163426.mp4'),
(197, 'DO-A1moN65J3Sk9U0DoxxU', '7. report of incoming.mp4', '8b1a47c5074510563331a3d7c5dff73c.mp4'),
(198, 'DO-A1moN65J3Sk9U0DoxxU', '8. report of outgoing.mp4', '1d505f9077ace32922cf8f0018665287.mp4'),
(199, 'DO-A1moN65J3Sk9U0DoxxU', '10 demo e-mail.mp4', 'a0fc73f4416b4e0ea227bc56a195fb61.mp4'),
(200, 'DO-A1moN65J3Sk9U0DoxxU', '9. eOffice Mobile.mp4', 'c56d9bd95856bad75d121bfe66e74d75.mp4'),
(201, 'DO-A1moN65J3Sk9U0DoxxU', '6. search document.mp4', '06c1f0739913305fbb31aa6100c26ee8.mp4'),
(202, 'GNott7kLAd8QndtK0NUutN', 'ບົດນຳສະເໜີG-web_update08012020.pdf', '6989f24f6763d4d5582abc0fefafd951.pdf'),
(203, 'GNott7kLAd8QndtK0NUutN', 'ໂຄງຮ່າງການຈັດຕັ້ງສູນ ສລອ edit   30-12-2019.pdf', 'bbb0cd77e35db1c94378e834d099d5d8.pdf'),
(204, 'VNZxfmL-LEkDgC6BQFDc7N', 'eOffice_eMail_VC_2020-02-04_Update.pdf', '27a44fafc195d4ac959045831e997efc.pdf'),
(205, 'd4mKoq7vp20YYZFlybE7RI', '1. login.wmv', 'fb1c1f72ed716c49c229770c1f162c91.wmv'),
(206, 'd4mKoq7vp20YYZFlybE7RI', '3. Outgoing document.wmv', '8df8e857e1189eaaa2173a32a37441e5.wmv'),
(207, 'd4mKoq7vp20YYZFlybE7RI', '4. Process document.wmv', '4278ced9b999b54324ac1c3edde2fca2.wmv'),
(208, 'd4mKoq7vp20YYZFlybE7RI', '6. Report.wmv', '789479e5a2104c3f5d97e7188d507278.wmv'),
(209, 'd4mKoq7vp20YYZFlybE7RI', '7. chattng.wmv', '86298e52cb9d7e72307eb50fca984830.wmv'),
(220, 't41toou9tUxvMxLznQ4Usq', '033 ກົດລະບຽບ  ການເຂົ້າ-ອອກ ອອກຫ້ອງການ ແລະ ການລາພັກຂອງພະນັກງານໃນ ສູນບໍລິຫານລັດດ້ວຍເອເລັກໂຕຣນິກ.pdf', 'b181c7934363241aedea56284ceb2102.pdf'),
(230, 'k2eOtJRBudwL79lWqo_zby', 'ຂໍ້ຕົກລົງ ວ່າດ້ວຍມາດຕະຖານເຕັກນິກເວັບໄຊຂອງພາກລັດ.pdf', 'c1cc67ec0f4a6162e3126b82a7d64099.pdf'),
(231, '5S46Y-TTf9CZTdMY2x6SoB', '1011.1.pdf', '8289788666ce4d0216882e23dd9aac1f.pdf'),
(232, 'IegHqaV9Ew3qau6xx_UxD5', '20200630 ຂໍ້ຕົກລົງ ລະບົບເຄືອຂ່າຍອິນເຕີເນັດ ຂອງກະຊວງ ປທສ.pdf', 'c0432d9a419ddb03d6a159d0c8cec4cf.pdf'),
(236, 'A2u32V9zDe-nIsE6xICWRO', 'ຂໍ້ຕົກລົງ ລະບົບຫ້ອງການທັນສະໄໝ _e-Office_.pdf', 'f6f8b4f4d4ecc272c41ddd25413411d0.pdf'),
(237, '2X5-kHbpddfVvdOUXSBMNX', 'ຂໍ້ຕົກລົງຄຸ້ມຄອງເວັບໄຊຂອງກະຊວງ ປທສ.pdf', '839d6138c377227b88a51e7ef9f15e8f.pdf'),
(241, 'T5VL8WTC_opbu2zfMC2uKi', '929.pdf', '22c8981bb6844ead5f60c875f07066e8.pdf'),
(245, 'Zx_vLnJXMYNZ-OOFSv10Hz', 'ຄູ່ມືການນຳໃຊ້ລະບົບ trueconf .pdf', '91dd85f34dea871b543e7c54cb850a16.pdf'),
(246, 'Zx_vLnJXMYNZ-OOFSv10Hz', 'ວິທີຕັ້ງຄ່າລະບົບກອງປະຊຸມທາງໃກໃນລະບົບຄອມພີວເຕີ.pdf', '8ffe52d23c83cf0db92b6858ab9e7ba4.pdf'),
(249, 'fcgNR5buMCF6FXO-rSIdzd', 'ວິທີສ້າງຫ້ອງປະຊຸມ.pdf', 'a7610dddbf96ec321e4a39bc2beaffb5.pdf'),
(251, 'Zx_vLnJXMYNZ-OOFSv10Hz', 'ວິທີສ້າງຫ້ອງປະຊຸມ trueconf.pdf', '9dff295ba1a4dbb19787eca8a7035198.pdf'),
(252, 'Zx_vLnJXMYNZ-OOFSv10Hz', 'poster_2.pdf', '4e105fb58dab61837faf49f81173734f.pdf'),
(253, 'Zx_vLnJXMYNZ-OOFSv10Hz', 'poster_1.pdf', '52880a19a6db854fed8a2065ef14752e.pdf'),
(254, 'Zx_vLnJXMYNZ-OOFSv10Hz', 'ຄູ່ມືການນໍາໃຊ້ລະບົບກອງປະຊຸມທາງໄກຜ່ານໂທລະສັບ16.01.2019.pdf', '1a994b483472a17b4c6a592d8588365a.pdf'),
(255, 'Zx_vLnJXMYNZ-OOFSv10Hz', 'ຄູ່ມືການຈັດກອງປະຊຸມທາງໄກຂອງລັດຖະບານ.pdf', 'c17dc0e5c24a4d74198ac8452895752e.pdf'),
(259, '1dLt0XQogipyXCQTJEiSRn', 'ກົດໝາຍວ່າດ້ວຍການປົກປ້ອງຂໍ້ມູນເອເລັກໂຕຣນິກ.pdf', '4ea1dd7690e906eb751b3e42c56e66be.pdf'),
(260, '7Iqtpbier-vo4MNT1OdQr7', 'ດຳລັດວ່າດ້ວຍ ການຄຸ້ມຄອງຂໍ້ມູນຂ່າວສານ ຜ່ານອິນເຕີເນັດ.pdf', 'b6fcaa8e5c1a54fff1d84943b8417a98.pdf'),
(262, 'QUlaUF3A324M7Bt8cY2pye', 'ໄພຄຸກຄາມຈາກ Internet of things ແລະ ແນວທາງໃນການຮັບມືໃນຕໍ່ໜ້າ.docx', 'd1ccdc5e12371afac788d16ac5b1de68.docx'),
(263, 'QUlaUF3A324M7Bt8cY2pye', 'ໄພຄຸກຄາມຈາກ Internet of things ແລະ ແນວທາງໃນການຮັບມືໃນຕໍ່ໜ້າ.pdf', 'd3278e014607df17a2cebe26d11a7efe.pdf'),
(264, 'WOnB718MKXQtr0RQUajMRY', 'Blockchain Technology ກັບການຈັດການທຸລະກໍາໃນຍຸກດິຈິຕອນ.docx', 'b31ddb63210af1a2978a273c3334df9c.docx'),
(265, 'O3qEqLK9pvP454PU6n6VzX', 'ພາລະບົດບາດຂອງກົມໄປສະນີ.pdf', 'dab6914a0631f3d6d40e9bb189f37538.pdf'),
(266, 'v4lPZqd3Rl7tfvEHErYE-H', 'ພາລະບົດບາດ ກະຊວງເຕັກໂນໂລຊີ ແລະ ການສື່ສານ.pdf', '65393a3814b60a25e08ee24275ab2fc1.pdf'),
(268, '0yd6H1L9H0Mj510T5Wy-Z2', 'ແຂວງ​ຄຳ​ມ່ວນ.pdf', '7d8a94f079deaedd2cedacd800d82136.pdf'),
(269, 'rPh8HybkIIX_G-zTG75z4g', 'ແຂວງ​ຈຳ​ປາ​ສັກ.pdf', 'ee574708331fa99ecbf40be0c335a00c.pdf'),
(270, 'F9r_KHyZaP67FhppOzVNRf', 'ແຂວງ​ສະ​ຫວັນ​ນະ​ເຂດ.pdf', '34dbfe67238254399d97d5860e5f9771.pdf'),
(271, 'dQ2nVPuO9hESQjVXSTCtCh', 'ແຂວງ​ສາ​ລະ​ວັນ.pdf', 'b07116aa597e1ccbdad76a9f2d92f2ff.pdf'),
(272, 'd1OKr7jJlvc2Fyjm_us8LL', 'ແຂວງ​ຊຽງ​ຂວາງ.pdf', 'ef22692aba82c2bc03869e8cf564f295.pdf'),
(273, 'Trt3z6gbzd7tLYinKcbGPI', 'ແຂວງ​ບໍ​ລິ​ຄຳ​ໄຊ.pdf', '149312c4e79d3d17bb20ec312f8fb3a9.pdf'),
(274, '0aHiDTLyGs7tDaLyx7cCT9', 'ແຂວງ​ຜົ້ງ​ສາ​ລີ.pdf', 'b1f5a33d63944e6ac1db3e7087118c79.pdf'),
(275, 'y6DN2OMslik9YeYqWIzk5j', 'ແຂວງ​ຫລວງ​ພະ​ບາງ.pdf', '857948039ff182e4be86434d0ab57b47.pdf'),
(276, '-q2NcRitmQFdZK5mK-lp0V', 'ແຂວງ​ຫົວ​ພັນ.pdf', 'c2d18c9392222f1f3eb5fc15049221ac.pdf'),
(277, 'qRxPtSg2ynAS3HMqRKXXhp', 'ແຂວງ​ອຸ​ດົມ​ໄຊ.pdf', '3791cf95d18ec9a55c0fd6c2145e08c1.pdf'),
(278, 'LOVxuhfBydB6iPEfWEXtpH', 'ແຂວງ​ອັດ​ຕະ​ປື.pdf', '17c93f9f4bddf07feda31bcc21d90550.pdf'),
(279, '-5CaURScdU2InGWUxA6lN5', 'ແຂວງ​ເຊກອງ.pdf', '106e70b1575a783ce945b6425f53c14b.pdf'),
(280, '0axtbvnCJR9arauNU5LFQU', 'ແຂວງ​ໄຊ​ສົມ​ບູນ.pdf', 'e71a07cfe474317c0763424fdc442a2e.pdf'),
(281, 'EA_c5tt2rOBVIbzH8sCetm', 'ແຂວງ​ໄຊ​ຍະ​ບູ​ລີ.pdf', 'fab672a4721ef9108e757802907749d2.pdf'),
(282, 'z26MDc7jFm6VffzrFvMg4l', 'ແຂວງວຽງ​ຈັນ.pdf', 'df59232059d084b4461a065ec6033b6f.pdf'),
(283, 'KEqsw2EDWXoVSuU6Gx3pqF', 'ແຂວງຫຼວງ​ນ້ຳ​ທາ.pdf', 'f08094835ff22e2d890a0f6a3af35f4a.pdf'),
(284, 'WIbnppi5fHz_QvB7JVZxqv', 'ພະ​ແນກ ນະ​ຄອນ​ຫລວງ.pdf', '297aaf1baf665b06a0eed15b91a5917b.pdf'),
(289, 'EWUgARp5Mv1CsV8keRjel_', 'ຂໍ້ຕົກລົງວ່າດ້ວຍການຂື້ນທະບຽນວິສາຫະກິດ.pdf', '4edde6bdf9c0b1b1e34ef651aa80bcbb.pdf'),
(291, 'zGtzzSL4HYcstzxttPOwHj', '138 ກົດໝາຍວ່າດ້ວຍ ປ້າຍ2018.pdf', 'ac3d9ac829d346761647983e8d3c8a13.pdf'),
(292, '7375LXoqnisXK_WDyoyXjs', '110ກົດໝາຍສື່ມວນຊົນ.pdf', '180de8a564ca2ebb5ae5f2e0731e7515.pdf'),
(293, 'Hhf63veJCVC_pgZK1g2sQo', 'ກົດໝາຍວ່າດ້ວຍການພິມຈຳໜ່າຍ.pdf', '3e188daa15eb0a0afb78fea542f014a3.pdf'),
(294, 'ZIINmUxXejACdyV25Aag-J', 'ດຳລັດ ວ່າດ້ວຍການສ້າງຄອບຄົວ ແລະ ບ້ານ ວັດທະນະທຳ.pdf', 'f80c4647a2da8096fdfe1f7d859907a0.pdf'),
(295, 'FohpzlaSn36k8B8B4fQVA-', 'ສິລະປະການສະແດງ..pdf', 'f003b7105969dbd8c57f0081fd424d94.pdf'),
(296, 'zB0KqJvffl3lbPL79YtLeq', 'ກົດໝາຍວ່າດວ່ຍ ມໍຣະດົກແຫ່ງຊາດ.pdf', '7254a35bc62b93b6e4f1f8b3ea4cd453.pdf');

-- --------------------------------------------------------

--
-- Table structure for table `gallery`
--

CREATE TABLE `gallery` (
  `id` int(11) NOT NULL,
  `photo` varchar(255) DEFAULT NULL,
  `title` varchar(255) DEFAULT NULL,
  `detail` text DEFAULT NULL,
  `date` date NOT NULL,
  `sort` int(11) DEFAULT NULL,
  `status` enum('1','0') DEFAULT '1',
  `created_date` datetime DEFAULT NULL,
  `updated_date` datetime DEFAULT NULL,
  `ref` varchar(100) DEFAULT NULL,
  `created_by` int(11) DEFAULT NULL,
  `updated_by` int(11) DEFAULT NULL
) ENGINE=InnoDB DEFAULT CHARSET=utf8;

--
-- Dumping data for table `gallery`
--

INSERT INTO `gallery` (`id`, `photo`, `title`, `detail`, `date`, `sort`, `status`, `created_date`, `updated_date`, `ref`, `created_by`, `updated_by`) VALUES
(1, 'Gallery_2017050303052930.jpg', 'Gallery 1', '<p>Gallery 1Gallery 1Gallery 1Gallery 1Gallery 1Gallery 1Gallery 1Gallery 1Gallery 1Gallery 1Gallery 1Gallery 1Gallery 1Gallery 1Gallery 1Gallery 1Gallery 1Gallery 1Gallery 1Gallery 1Gallery 1Gallery 1Gallery 1Gallery 1Gallery 1Gallery 1Gallery 1Gallery 1Gallery 1Gallery 1Gallery 1Gallery 1Gallery 1Gallery 1Gallery 1Gallery 1</p>\r\n', '2017-05-03', 1, '1', '2017-05-03 03:30:29', '2017-05-03 03:39:02', 'd2MqD2Ja6-3K3PRJRwO7lq', NULL, NULL);

-- --------------------------------------------------------

--
-- Table structure for table `gallery_translate`
--

CREATE TABLE `gallery_translate` (
  `id` int(11) NOT NULL,
  `title` varchar(255) DEFAULT NULL,
  `detail` text DEFAULT NULL,
  `language` varchar(45) NOT NULL,
  `gallery_id` int(11) NOT NULL
) ENGINE=InnoDB DEFAULT CHARSET=utf8;

--
-- Dumping data for table `gallery_translate`
--

INSERT INTO `gallery_translate` (`id`, `title`, `detail`, `language`, `gallery_id`) VALUES
(1, 'Gallery 1', '<p>Gallery 1Gallery 1Gallery 1Gallery 1Gallery 1Gallery 1Gallery 1Gallery 1Gallery 1Gallery 1Gallery 1Gallery 1Gallery 1Gallery 1Gallery 1Gallery 1Gallery 1Gallery 1Gallery 1Gallery 1Gallery 1Gallery 1Gallery 1Gallery 1Gallery 1Gallery 1Gallery 1Gallery 1Gallery 1Gallery 1Gallery 1Gallery 1Gallery 1Gallery 1Gallery 1Gallery 1</p>\r\n', 'en', 1);

-- --------------------------------------------------------

--
-- Table structure for table `home`
--

CREATE TABLE `home` (
  `id` int(11) NOT NULL,
  `name` varchar(255) NOT NULL,
  `like` varchar(255) DEFAULT NULL,
  `photo` varchar(255) DEFAULT NULL,
  `type_home_id` int(11) NOT NULL
) ENGINE=InnoDB DEFAULT CHARSET=utf8;

-- --------------------------------------------------------

--
-- Table structure for table `home_translate`
--

CREATE TABLE `home_translate` (
  `id` int(11) NOT NULL,
  `name` varchar(255) DEFAULT NULL,
  `language` varchar(45) DEFAULT NULL,
  `home_id` int(11) NOT NULL
) ENGINE=InnoDB DEFAULT CHARSET=utf8;

-- --------------------------------------------------------

--
-- Table structure for table `invitation`
--

CREATE TABLE `invitation` (
  `id` int(11) NOT NULL,
  `org_name1` varchar(255) NOT NULL,
  `org_name2` varchar(255) DEFAULT NULL,
  `pax` int(11) NOT NULL,
  `event_id` int(11) NOT NULL,
  `registration_code` varchar(255) NOT NULL
) ENGINE=InnoDB DEFAULT CHARSET=utf8;

--
-- Dumping data for table `invitation`
--

INSERT INTO `invitation` (`id`, `org_name1`, `org_name2`, `pax`, `event_id`, `registration_code`) VALUES
(46, 'ກະ​ຊວ​ງ​ໄປ​ສະ​ນີ', '', 5, 5, '1545203006'),
(47, 'E-government', '', 10, 7, '1547092526'),
(48, 'ຫ້ອງການ ກະຊວງ ປທສ', 'ສູນອິນເຕີເນັດແຫ່ງຊາດ', 3, 8, '1547092600'),
(49, 'e-Govt', 'LaoCERT', 5, 8, '1547092642'),
(50, 'ສູນສົ່ງເສີມ', 'ກົມໄອຊີທີ', 4, 7, '1547092676'),
(51, 'ສູນສົ່ງເສີມ', 'ຫ້ອງການກະຊວງ', 2, 9, '1547093570'),
(52, 'ສູນບໍລິຫານລັດດ້ວຍເອເລັກໂຕຣນິກ, ກະຊວງ ປທສ', '', 35, 10, '1547103103'),
(53, 'ບໍລິສັດ Cyberia', '', 35, 10, '1547103135'),
(56, 'ກົມແຜນການ ແລະ ການຮ່ວມມື', '', 5, 9, '1547175131'),
(57, 'ຄະນະກອງເລຂາ', 'ຄະນະຮັບຜິດຊອບພິທີການ', 6, 11, '1547175380'),
(58, 'ຄະນະວາງສະແດງ', 'ຄະນະຈັດງານສຳມະນາ', 6, 11, '1547175555'),
(59, 'ຄະນະຊີ້ນຳລວມ', 'ຄະນະຮັບຜິດຊອບກິດຈະກຳ', 7, 11, '1547175622'),
(60, 'LICA', '', 6, 11, '1547176039'),
(62, 'Test', '', 1, 10, '1547177937'),
(64, 'ກະຊວງ ປທສ', '', 20, 12, '1547871781'),
(65, 'program', 'program', 5, 13, '1549247729'),
(66, 'ກະຊວງ ປທສ', '', 20, 14, '1552888200'),
(67, 'ກົມໄປສະນີ', 'ກົມໄປສະນີ', 2, 15, '1556769717'),
(68, 'ສູນບໍລິຫານລັດ', 'ສູນບໍລິຫານລັດ', 5, 15, '1556769733'),
(69, 'ສູນອິນເຕີເນັດ', 'ສູນອິນເຕີເນັດ', 2, 15, '1556769776'),
(70, 'ທຸກພາກສ່ວນ', 'ທຸກພາກສ່ວນ', 50, 16, '1557125965'),
(71, 'test meeting', 'test meeting', 5, 17, '1622793657210604');

-- --------------------------------------------------------

--
-- Table structure for table `issue`
--

CREATE TABLE `issue` (
  `id` int(11) NOT NULL,
  `name` varchar(255) DEFAULT NULL,
  `email` varchar(255) NOT NULL,
  `subject` varchar(255) NOT NULL,
  `message` text NOT NULL,
  `telephone` varchar(255) DEFAULT NULL,
  `file` varchar(255) DEFAULT NULL,
  `issue_category_id` int(11) NOT NULL,
  `created_date` datetime NOT NULL
) ENGINE=InnoDB DEFAULT CHARSET=utf8;

--
-- Dumping data for table `issue`
--

INSERT INTO `issue` (`id`, `name`, `email`, `subject`, `message`, `telephone`, `file`, `issue_category_id`, `created_date`) VALUES
(13, 'Alesarhisp', 'wpbihlardEdgermedurl@greenslots2017.co', 'dakota sioux casino', 'http://dkjshye7s632.com \r\nAw, this was a really nice post. In idea I would like to put in writing like this additionally – taking time and actual effort to make an excellent article… but what can I say… I procrastinate alot and on no account appear to get something done.\r\n', '86976125399', '', 3, '2018-03-21 12:05:58'),
(14, 'MetGaigimiMaype', 'biteuKnibinkemn@villarrealmail.men', 'free casino games online mkssw', 'casino real money <a href=\"https://onlinecasinoplay.us.org/\">slots for real money</a> casino games slots free <a href=\" https://onlinecasinoplay.us.org/\">online gambling casino</a> | https://onlinecasinoplay.us.org/ - free online slots https://onlinecasinoplay.us.org/ - free casino games no download', '86428297946', '', 3, '2018-10-07 01:38:49'),
(15, 'Naoto Sumiyoshi', 'Jp.company001@gmail.com', 'Drone flights rules in Laos', 'I am writing to you for the request of information about drone flights rules in Laos.\r\n \r\nNext February, I will visit Laos and would like to operate small drone (weight 900g). I will not operate near airport, but I would like to know rules and laws in Laos for avoid any troubles in advance.\r\n \r\nMy drone flights conditions will;\r\n\r\nNot near airport.\r\nOnly fly at tourism areas in Vientiane, Luang Prabang, and Champasack  (Rural areas).\r\nNot commercial use, but recreational purpose\r\nBelow 100m altitude\r\n900g weight DJI Mavic 2\r\nMy total drone flight time experiences are 905 hours \r\nMy drone has camera, I will take photos and movies for recreational purposes.\r\nAbove conditions, if there needs permission from relevant authorities, I would like to take the permission. Would you please inform the procedures.\r\n \r\nYour support in this respect is greatly appreciated.\r\n \r\nSincerely,\r\n \r\nNaoto Sumiyoshi (Mr.)\r\nKonan Minato-Ku Tokyo, Japan\r\ne-mail: jp.company001@gmail.com', '', '', 1, '2018-12-27 05:59:20'),
(16, 'ຈອນສິນ ', 'johnsin.oudomvilay@hotmail.com', 'ມາດຕາ 3 ການອະທິບາຍຄຳສັບ ຂອງກົດໝາຍໄປສະນີ ເລກທີ 45/ສພຊ ລົງວັນທີ 25/12/2014', 'ຄຳວ່າໂລຊິດສະຕິກໄປສະນີໝາຍເຖິງຫຍັງ? ຊ່ວຍອະທິບາຍ ແລະ ຍົກຕົວຢ່າງໃຫ້ເບິ່ງແນ່? ຂອບໃຈ', '02059985886', '', 3, '2019-01-02 05:42:48'),
(17, 'NTEK Consult', 'john.jiang@ntek.org.cn', 'MPT consults', 'Dear SIR:\r\n I am John of NTEK,one of Chinese test lab,sometimes,we have some MPT consults,but i donot know the process of the MPT,can you send me MPT guide and introduce,and i can follow the guide apply the documents,thank you very much', '86 0755 61156542', 'issue_2019010412015743.pdf', 1, '2019-01-04 12:43:57'),
(19, 'ສັກດາລີ', 'sakdaly@gmail.com', ' ດາວໂຫລດນິຕິກຳຕ່າງໆ  ', 'ບ່ອນດາວໂຫລດນິຕິກຳຕ່າງໆ ຂອງກະຊວງ ບໍ່ເຫັນຄືເມື່ອກ່ອນ, ມີແຕ່ຊ່ອງເຜີຍແຜ່ເອກະສານໃໝ່,', '55534564', '', 3, '2019-01-10 08:10:25'),
(20, 'Marvin Scholz', 'marvinscholz.ms@outlook.de', 'Drone Permission', 'Hello, I want to get a drone permission for my DJI Mavic Air while my journey in Laos. Please contact me \r\n\r\nYours sincerely \r\nMarvin Scholz', '+491622916766', '', 1, '2019-01-16 02:52:26'),
(22, 'ທ້າວ ລຳພັນ ພອນພົມພັນ', 'kaelp999@gmail.com', 'ຂໍ້ກຳນົດ', 'ສະບາຍດີ \r\nຂ້າພະເຈົ້າຂໍເອກະສານກ່ຽວກັບການລົງທະບຽນເບີໂທລະສັບ\r\nທີ່ະຊວງ ໄປສະນີ, ໂທລະຄົມມະນາຄົມ ແລະ ການສື່ສານ\r\nໄດ້ແຈ້ງການໃຫ້ບັນດາຜູ້ໃຫ້ບໍລິການປະຕິບັດ\r\nຈະເປັນກົດໝາຍ, ນິຕິກຳ ຫຼື ແຈ້ງການ\r\nເອກະສານທີ່ກ່ຽວຂ້ອງ', '08098808084', '', 3, '2019-05-02 09:07:44'),
(24, 'Kone', 'Candi@gmail.com', 'ເວັບໄຊບໍມີຂໍມູນຕິດຕໍ່', 'ເວັບໄຊບໍມີຂໍມູນຕິດຕໍ່ ເບີໂທ ອີເມວ ສະຖານທີ່', '55348756', '', 1, '2020-04-20 13:22:09'),
(25, 'test', 'sonepasith@mpt.gov.la', 'ທົດລອງ', 'test', '77607777', '', 1, '2021-02-27 07:32:51');

-- --------------------------------------------------------

--
-- Table structure for table `issue_category`
--

CREATE TABLE `issue_category` (
  `id` int(11) NOT NULL,
  `title` varchar(255) NOT NULL,
  `created_date` datetime DEFAULT NULL,
  `updated_date` datetime DEFAULT NULL,
  `created_by` int(11) DEFAULT NULL,
  `updated_by` int(11) DEFAULT NULL,
  `status` enum('1','0') DEFAULT '1'
) ENGINE=InnoDB DEFAULT CHARSET=utf8;

--
-- Dumping data for table `issue_category`
--

INSERT INTO `issue_category` (`id`, `title`, `created_date`, `updated_date`, `created_by`, `updated_by`, `status`) VALUES
(1, 'ປັນຫາການເຂົ້າເວບໄຊ', '2017-05-16 11:25:01', '2019-02-11 03:57:07', NULL, 22, '1'),
(2, 'ປັນຫາກ່ຽວກັບໄພຂຸກຄາມທາງຄອມພິວເຕີ', '2017-05-16 11:25:17', '2019-02-11 03:58:32', NULL, 22, '1'),
(3, 'ປັນຫາທົ່ວໄປ', '2017-05-16 11:25:32', '2019-02-11 03:59:10', NULL, 22, '1');

-- --------------------------------------------------------

--
-- Table structure for table `issue_category_translate`
--

CREATE TABLE `issue_category_translate` (
  `id` int(11) NOT NULL,
  `language` varchar(45) NOT NULL,
  `title` varchar(255) NOT NULL,
  `issue_category_id` int(11) NOT NULL
) ENGINE=InnoDB DEFAULT CHARSET=utf8;

--
-- Dumping data for table `issue_category_translate`
--

INSERT INTO `issue_category_translate` (`id`, `language`, `title`, `issue_category_id`) VALUES
(9, 'en', 'Web Issue', 1),
(10, 'en', 'Threatened Issue', 2),
(11, 'en', 'General Issue', 3);

-- --------------------------------------------------------

--
-- Table structure for table `language`
--

CREATE TABLE `language` (
  `language_id` varchar(5) COLLATE utf8_unicode_ci NOT NULL,
  `language` varchar(3) COLLATE utf8_unicode_ci NOT NULL,
  `country` varchar(3) COLLATE utf8_unicode_ci NOT NULL,
  `name` varchar(32) COLLATE utf8_unicode_ci NOT NULL,
  `name_ascii` varchar(32) COLLATE utf8_unicode_ci NOT NULL,
  `status` smallint(6) NOT NULL
) ENGINE=InnoDB DEFAULT CHARSET=utf8 COLLATE=utf8_unicode_ci ROW_FORMAT=DYNAMIC;

--
-- Dumping data for table `language`
--

INSERT INTO `language` (`language_id`, `language`, `country`, `name`, `name_ascii`, `status`) VALUES
('en', 'en', 'en', 'English', 'English', 1),
('la', 'la', 'la', 'Lao', 'Lao', 1);

-- --------------------------------------------------------

--
-- Table structure for table `language_source`
--

CREATE TABLE `language_source` (
  `id` int(11) NOT NULL,
  `category` varchar(32) COLLATE utf8_unicode_ci DEFAULT NULL,
  `message` text COLLATE utf8_unicode_ci DEFAULT NULL
) ENGINE=InnoDB DEFAULT CHARSET=utf8 COLLATE=utf8_unicode_ci ROW_FORMAT=DYNAMIC;

--
-- Dumping data for table `language_source`
--

INSERT INTO `language_source` (`id`, `category`, `message`) VALUES
(1, 'app', 'ການ​ເຄື່ອ​ນໄ​ຫວ'),
(2, 'app', 'There are no news.'),
(3, 'app', 'MPT'),
(4, 'app', 'Lao'),
(5, 'app', 'English'),
(6, 'app', 'Search'),
(7, 'app', 'Copyright'),
(9, 'app', 'Opps!'),
(10, 'app', 'We\'re sorry, but the page you were looking for doesn\'t exist.'),
(11, 'app', 'Home Page'),
(19, 'app', 'Search in current page'),
(20, 'app', 'Title'),
(21, 'app', 'Content'),
(22, 'app', 'There are no contents for that section.'),
(24, 'app', 'Code'),
(25, 'app', 'Click on the captcha image to refresh'),
(26, 'app', 'Back'),
(27, 'app', 'Login'),
(28, 'app', 'I forgot my password'),
(29, 'app', 'ADMIN PANEL'),
(30, 'app', 'Admin Page'),
(31, 'app', 'Welcome to Admin Page'),
(32, 'app', 'This page is only reserved for staff for updating the information about the web application.'),
(33, 'app', 'Update Setting'),
(34, 'app', 'Access Control'),
(35, 'app', 'Users'),
(36, 'app', 'Manage Banner'),
(37, 'app', 'Menus'),
(38, 'app', 'Manage Content Categories'),
(39, 'app', 'Manage Home'),
(40, 'app', 'Manage'),
(42, 'app', 'Issue Categories'),
(43, 'app', 'Issues'),
(45, 'app', 'Home'),
(46, 'app', 'Change Password'),
(47, 'app', 'Logout'),
(48, 'app', 'Change Banner'),
(49, 'app', 'Banner'),
(50, 'app', 'ID'),
(51, 'app', 'Photo Banner'),
(52, 'app', 'Footer Text'),
(53, 'app', 'Save'),
(54, 'app', 'Admin Panel'),
(63, 'app', 'Meeting'),
(64, 'app', 'Manage User'),
(65, 'app', 'Manage Registration'),
(66, 'app', 'Create User'),
(74, 'app', 'Active'),
(75, 'app', 'Inactive'),
(76, 'app', 'Active?'),
(77, 'app', 'Username'),
(78, 'app', 'Password'),
(79, 'app', 'Full Name'),
(80, 'app', 'Type'),
(81, 'app', 'Status'),
(82, 'app', 'Created At'),
(83, 'app', 'Deactivate'),
(84, 'app', 'Update'),
(85, 'app', 'Delete'),
(86, 'app', 'Are you sure you want to delete this item?'),
(87, 'app', 'Translations'),
(88, 'app', 'Update User'),
(89, 'app', 'The new passwords are different.'),
(91, 'app', 'Title Persion'),
(92, 'app', 'ກອງ​ປະ​ຊ​ຸມ'),
(96, 'app', 'ສ້າງ ກອງ​ປະ​ຊ​ຸມ'),
(100, 'app', '<p>Dear User,<br/><br/>Find below the information to login to your account:<br/><b>Username:</b>'),
(101, 'app', '<p>Dear User,<br/><br/>Please click on this link to confirm resetting your password:<br/> <a href=\''),
(118, 'app', '---Please select---'),
(119, 'app', 'Add invitation'),
(120, 'app', 'Agenda'),
(121, 'app', 'Already registered'),
(122, 'app', 'Attachment(s):'),
(123, 'app', 'Content Category'),
(124, 'app', 'Contract'),
(125, 'app', 'Create'),
(126, 'app', 'Create Box  Right'),
(127, 'app', 'Date End'),
(128, 'app', 'Date Start'),
(129, 'app', 'Downlaod'),
(130, 'app', 'Download'),
(131, 'app', 'Email'),
(132, 'app', 'Event Title'),
(133, 'app', 'Female'),
(134, 'app', 'File'),
(135, 'app', 'First Name'),
(136, 'app', 'First name and last name'),
(137, 'app', 'Gender'),
(138, 'app', 'Host'),
(139, 'app', 'Issue Category'),
(140, 'app', 'Issue Form'),
(141, 'app', 'Last Name'),
(142, 'app', 'List person already registered'),
(143, 'app', 'Location'),
(144, 'app', 'Make sure you want to delete this item.?'),
(145, 'app', 'Male'),
(146, 'app', 'Map'),
(147, 'app', 'Message'),
(148, 'app', 'Month'),
(149, 'app', 'Name'),
(150, 'app', 'No results matched your search request.'),
(151, 'app', 'No.'),
(152, 'app', 'Number registered'),
(153, 'app', 'Online'),
(154, 'app', 'Org Name'),
(155, 'app', 'Org Name1'),
(156, 'app', 'Org Name2'),
(157, 'app', 'Organization'),
(158, 'app', 'Pax'),
(159, 'app', 'Photo'),
(160, 'app', 'Please click here register next person >>'),
(161, 'app', 'Please fill personal information in form registration'),
(162, 'app', 'Position'),
(163, 'app', 'Print'),
(164, 'app', 'Read more'),
(165, 'app', 'Register Deadline'),
(166, 'app', 'Registration Form'),
(167, 'app', 'Results of Search'),
(168, 'app', 'Send Issue'),
(169, 'app', 'Since'),
(170, 'app', 'Subject'),
(171, 'app', 'Submit'),
(172, 'app', 'Telephone'),
(173, 'app', 'The system not allow for you registration.<br/><br/>Please contact administrator!'),
(174, 'app', 'This registration already closed.<br/><br/>Thank you!'),
(175, 'app', 'Time End'),
(176, 'app', 'Time Start'),
(177, 'app', 'Today'),
(178, 'app', 'Total'),
(179, 'app', 'Update Box  Right'),
(180, 'app', 'Visitors Statistics'),
(181, 'app', 'Week'),
(182, 'app', 'Year'),
(183, 'app', 'Yesterday'),
(184, 'app', 'Your submit registered successfully <br/><br/> Thank you!'),
(185, 'app', 'cannot be blank.'),
(186, 'app', 'maximum registration'),
(187, 'app', 'org_name1'),
(188, 'app', 'org_name2'),
(189, 'app', 'person'),
(197, 'app', 'Start Date'),
(198, 'app', 'Summary'),
(199, 'app', 'Details'),
(200, 'app', 'Keywords'),
(201, 'app', 'Meta Keywords'),
(202, 'app', 'End Date'),
(203, 'app', 'Created Date'),
(204, 'app', 'Updated Date'),
(205, 'app', 'Ref'),
(206, 'app', 'Content Category ID'),
(207, 'app', 'Created By'),
(208, 'app', 'Updated By'),
(209, 'app', 'Add 1'),
(210, 'app', 'Add 2'),
(211, 'app', 'Add 3'),
(212, 'app', 'Add 4'),
(213, 'app', 'Add 5'),
(214, 'app', 'View'),
(215, 'app', 'Content Categories'),
(216, 'app', 'Create Content Category'),
(217, 'app', 'Yes'),
(218, 'app', 'No'),
(219, 'app', 'Has Summary'),
(220, 'app', 'Has Details'),
(221, 'app', 'Has Photo'),
(222, 'app', 'Has Keywords'),
(223, 'app', 'Has Meta Keywords'),
(224, 'app', 'Has Start Date'),
(225, 'app', 'Has End Date'),
(226, 'app', 'Has Multi Attachment'),
(227, 'app', 'Has Add1'),
(228, 'app', 'Has Add2'),
(229, 'app', 'Has Add3'),
(230, 'app', 'Has Add4'),
(231, 'app', 'Has Add5'),
(232, 'app', 'Is Legal Type'),
(233, 'app', 'Activate'),
(234, 'app', 'Update Content Category'),
(235, 'app', 'Create Issue Category'),
(236, 'app', 'Source Code Translations'),
(237, 'app', 'Create Menu'),
(238, 'app', 'Sort Number'),
(239, 'app', 'Parent'),
(240, 'app', 'Link'),
(241, 'app', 'Top'),
(242, 'app', 'Left'),
(243, 'app', 'Right'),
(244, 'app', 'Bottom'),
(245, 'app', 'Sort'),
(246, 'app', 'Menu ID'),
(247, 'app', 'Content ID'),
(248, 'app', 'Add sub menu'),
(249, 'app', 'Update Menu'),
(250, 'app', 'Name in '),
(278, 'yii2mod.rbac', 'Roles'),
(279, 'yii2mod.rbac', 'Assignments'),
(280, 'yii2mod.rbac', 'Permissions'),
(281, 'yii2mod.rbac', 'Routes'),
(282, 'yii2mod.rbac', 'Rules'),
(284, 'yii2mod.rbac', 'Name'),
(285, 'yii2mod.rbac', 'Rule Name'),
(286, 'yii2mod.rbac', 'Select Rule'),
(287, 'yii2mod.rbac', 'Description'),
(288, 'yii2mod.rbac', 'Action'),
(289, 'yii2mod.rbac', 'Item has been removed.'),
(294, 'app', 'Visitor Statistics'),
(296, 'app', 'Activation successful.'),
(297, 'app', 'Date'),
(298, 'app', 'Deletion Successful'),
(299, 'app', 'Go to Login Page'),
(300, 'app', 'Has Slide'),
(301, 'app', 'Has Social Media'),
(302, 'app', 'Has Video'),
(303, 'app', 'Not Found Page'),
(304, 'giiant', 'No relations'),
(305, 'giiant', 'All relations'),
(306, 'giiant', 'All relations with inverse'),
(307, 'app', '</p><br/><br/>Thank you.'),
(308, 'app', '<br/><b>Attached File: </b>'),
(309, 'app', '<br/><b>Email: </b>'),
(310, 'app', '<br/><b>Issue Category: </b>'),
(311, 'app', '<br/><b>Message: </b>'),
(312, 'app', '<br/><b>Name: </b>'),
(313, 'app', '<br/><b>Subject: </b>'),
(314, 'app', '<br/><b>Telephone: </b>'),
(315, 'app', '<p>Dear Member,<br/><br/>Find below the information about the issue:'),
(316, 'app', '<p>Dear Member,<br/><br/>Find below the information about the request:'),
(319, 'app', 'Activation failed.'),
(320, 'app', 'Add Home'),
(321, 'app', 'Additional Field 1'),
(322, 'app', 'Additional Field 2'),
(323, 'app', 'Additional Field 3'),
(324, 'app', 'Additional Field 4'),
(325, 'app', 'Additional Field 5'),
(326, 'app', 'Banners'),
(327, 'app', 'Box Right'),
(328, 'app', 'CYBERIA'),
(329, 'app', 'Cancel file'),
(330, 'app', 'Cancel photo'),
(331, 'app', 'Contact'),
(332, 'app', 'Contact Form'),
(333, 'app', 'Content Category is undefined'),
(334, 'app', 'Create Banner'),
(335, 'app', 'Create Gallery'),
(336, 'app', 'Create Home'),
(337, 'app', 'Create Issue'),
(338, 'app', 'Create Slider'),
(339, 'app', 'Create Video'),
(340, 'app', 'Creation failed. Please double check your inputs.'),
(341, 'app', 'Creation successful.'),
(342, 'app', 'Deactivation failed.'),
(343, 'app', 'Deactivation successful.'),
(344, 'app', 'Designed and Developed by'),
(345, 'app', 'Detail'),
(346, 'app', 'EXCEL'),
(347, 'app', 'Edit'),
(348, 'app', 'Event ID'),
(349, 'app', 'Events'),
(350, 'app', 'Forget password'),
(351, 'app', 'G-Web'),
(352, 'app', 'Galleries'),
(353, 'app', 'Gallery ID'),
(354, 'app', 'Has Additional Field 1'),
(355, 'app', 'Has Additional Field 2'),
(356, 'app', 'Has Additional Field 3'),
(357, 'app', 'Has Additional Field 4'),
(358, 'app', 'Has Additional Field 5'),
(359, 'app', 'Has Menu Bottom'),
(360, 'app', 'Has Menu Left'),
(361, 'app', 'Has Menu Right'),
(362, 'app', 'Has Menu Top'),
(363, 'app', 'Home ID'),
(364, 'app', 'Homes'),
(365, 'app', 'Icon'),
(366, 'app', 'Invitation ID'),
(367, 'app', 'Issue'),
(368, 'app', 'Issue Category ID'),
(369, 'app', 'Issue sent successfully.'),
(370, 'app', 'Like'),
(373, 'app', 'List'),
(374, 'app', 'MPT. All Rights Reserved.'),
(375, 'app', 'Manage Documents'),
(376, 'app', 'Manage Home Right'),
(377, 'app', 'New Account Information'),
(378, 'app', 'New Issue'),
(379, 'app', 'New Request'),
(380, 'app', 'Organization Name'),
(381, 'app', 'Please click first on \'Upload\' button.'),
(382, 'app', 'Please click the button upload above'),
(383, 'app', 'QR Code'),
(384, 'app', 'Registration Code'),
(385, 'app', 'Remark: change ? to content number id page or content type number id page'),
(386, 'app', 'Remove old file'),
(387, 'app', 'Remove old photo'),
(388, 'app', 'Remove photo'),
(389, 'app', 'Request sent failed.'),
(390, 'app', 'Request sent successfully.'),
(391, 'app', 'Reset'),
(392, 'app', 'Resetting password'),
(393, 'app', 'Search Options'),
(394, 'app', 'Send Request'),
(395, 'app', 'Send issue failed.'),
(396, 'app', 'Set icon default'),
(397, 'app', 'Settings'),
(398, 'app', 'Size of the picture: Width:1107px - Height:340px'),
(399, 'app', 'Slider ID'),
(400, 'app', 'Sliders'),
(401, 'app', 'Social Media'),
(402, 'app', 'Sorrry This Page Not Found'),
(403, 'app', 'The favicon must be a png file'),
(404, 'app', 'The requested page does not exist.'),
(405, 'app', 'There are no contents.'),
(406, 'app', 'Title English'),
(407, 'app', 'Title in '),
(408, 'app', 'Type Home ID'),
(409, 'app', 'URL'),
(410, 'app', 'Update Gallery'),
(411, 'app', 'Update Home: {name}'),
(412, 'app', 'Update Issue'),
(413, 'app', 'Update Issue Category'),
(414, 'app', 'Update Video'),
(415, 'app', 'Update failed. Please double check your inputs.'),
(416, 'app', 'Update successful.'),
(417, 'app', 'Update {modelClass}: '),
(418, 'app', 'Upload Attachments'),
(419, 'app', 'Upload Images'),
(420, 'app', 'User ID'),
(421, 'app', 'Video ID'),
(422, 'app', 'Videos'),
(423, 'app', 'Vientiane Lao P.D.R'),
(424, 'app', 'View Content Category'),
(425, 'app', 'View Gallery'),
(426, 'app', 'View Menu'),
(427, 'app', 'View User'),
(428, 'app', 'View Video'),
(429, 'app', 'You can\'t delete this item because it is linked to another records. Please deactivate it instead of deleting.'),
(430, 'app', 'ຊື່​ງານ (Event)'),
(431, 'app', 'ຖ້າ​ທ່ານ​ລືບ​ລາຍ​ການນີ້​ຂໍ້​ມູນ​ກ​່ຽວ​ກັບ​ລາຍ​ການນີ້​ຈະ​ຖືກ​ລືບ​ໄປ​ນຳ.'),
(432, 'app', 'ວັນ​ທີ (Date)'),
(433, 'app', 'ເຊີນ​ຜູ້​ເຂົ້າ​ຮ່ວມ'),
(434, 'app', '​ຖ້າ​ທ່ານ​ລືບ​ລາຍ​ການນີ້​ຂໍ້​ມູນ​ກ​່ຽວ​ກັບ​ລາຍ​ການນີ້​ຈະ​ຖືກ​ລືບ​ໄປ​ນຳ.?'),
(435, 'yii2mod.rbac', 'Assignment : {0}'),
(436, 'yii2mod.rbac', 'Search for available'),
(437, 'yii2mod.rbac', 'Assign'),
(438, 'yii2mod.rbac', 'Remove'),
(439, 'yii2mod.rbac', 'Search for assigned'),
(440, 'yii2mod.rbac', 'Refresh'),
(441, 'yii2mod.rbac', 'Type'),
(442, 'yii2mod.rbac', 'Data'),
(443, 'yii2mod.rbac', 'Create'),
(444, 'giiant', 'Via Table'),
(445, 'giiant', 'Via Model'),
(812, 'app', 'Time slide (1000=1s/slide)'),
(813, 'app', 'Max number show slide'),
(814, 'app', 'Enable sitemap'),
(815, 'app', 'Backgound Color'),
(816, 'app', 'Color text menu'),
(817, 'app', 'Color text submenu'),
(818, 'app', 'Color text title'),
(819, 'app', 'Color text footer'),
(820, 'app', 'Backgound title'),
(821, 'app', 'Backgound Menu'),
(822, 'app', 'Backgound submenu'),
(823, 'app', 'Backgound Menu Focus'),
(824, 'app', 'Backgound Menu Active'),
(825, 'app', 'Backgound Footer'),
(826, 'app', 'Language'),
(827, 'app', 'Edit invitation'),
(828, 'app', 'pax'),
(829, 'app', 'Setting Banner'),
(830, 'app', 'Banner (Size: 1350px x 200px)'),
(831, 'app', 'Setting Menu'),
(832, 'app', 'Setting Title and Footer'),
(833, 'app', 'Setting Number Slide'),
(834, 'app', 'Setting Sitemap'),
(835, 'app', 'Enable'),
(836, 'app', 'Disable'),
(837, 'app', 'Link to content\n        page'),
(838, 'app', 'Link to content\n        type page'),
(839, 'app', 'Setting'),
(840, 'app', 'Manage home page'),
(841, 'app', 'Manage home type'),
(842, 'app', 'Manage contents'),
(843, 'app', 'Mamage Issue'),
(844, 'app', 'Change password'),
(845, 'app', 'Send request'),
(846, 'app', 'ການເຄື່ອນໄຫວ'),
(847, 'app', 'Create Home type'),
(848, 'app', 'Content category'),
(849, 'app', 'Can create'),
(850, 'app', 'Can edit'),
(851, 'app', 'Can delete'),
(852, 'app', 'You are not allowed to {0} record #{1}'),
(853, 'app', 'On'),
(854, 'app', 'Off'),
(855, 'app', 'File not found'),
(856, 'app', 'View Site'),
(857, 'app', 'List Backup'),
(858, 'app', 'Create Backup'),
(859, 'app', 'Upload Backup'),
(860, 'app', 'Clean Database'),
(861, 'app', 'Backup File|Backup Files'),
(862, 'app', 'File|Files'),
(863, 'app', 'Delete this backup'),
(864, 'app', 'Restore this backup'),
(865, 'app', 'Your account has been deactivated, please contact support for details.'),
(866, 'app', 'Incorrect username or password.'),
(867, 'app', 'User with this email is not found.'),
(868, 'app', 'This username has already been taken.'),
(869, 'app', 'This email address has already been taken.'),
(870, 'fileupload', 'Page not found'),
(871, 'fileupload', 'successfully removed.'),
(872, 'fileupload', 'Unable to remove'),
(873, 'fileupload', 'Unable to save picture: `{errorMessage}`'),
(874, 'fileupload', 'Could not upload file.'),
(875, 'fileupload', 'Cannot save uploaded file'),
(876, 'fileupload', 'Cannot save file model.'),
(877, 'fileupload', 'Error'),
(878, 'fileupload', 'Delete'),
(879, 'fileupload', 'Cancel'),
(880, 'fileupload', 'Add files'),
(881, 'fileupload', 'Start upload'),
(882, 'fileupload', 'Cancel upload'),
(883, 'fileupload', 'Processing'),
(884, 'fileupload', 'Start'),
(885, 'fileupload', 'Select file...'),
(886, 'dbManager', 'Dump request invalid.'),
(887, 'dbManager', 'Dump deleted from storage.'),
(888, 'dbManager', 'Dump uploaded to storage.'),
(889, 'dbManager', 'Dump deleted successfully.'),
(890, 'dbManager', 'Error deleting dump.'),
(891, 'dbManager', 'All dumps successfully removed.'),
(892, 'dbManager', 'Error deleting dumps.'),
(893, 'dbManager', 'Dump successfully created.'),
(894, 'dbManager', 'Dump successfully restored.'),
(895, 'dbManager', 'Dump failed.'),
(896, 'dbManager', 'Restore failed.'),
(897, 'dbManager', 'Process running with pid={pid}'),
(898, 'dbManager', 'Process complete!'),
(899, 'dbManager', 'Database'),
(900, 'dbManager', 'gzip'),
(901, 'dbManager', 'Dump only schema'),
(902, 'dbManager', 'Custom dump preset'),
(903, 'dbManager', 'Run in background'),
(904, 'dbManager', 'Custom restore preset'),
(905, 'dbManager', 'DB manager'),
(906, 'dbManager', 'Create dump'),
(907, 'dbManager', 'Active processes:'),
(908, 'dbManager', 'Delete all'),
(909, 'dbManager', 'Are you sure?'),
(910, 'dbManager', 'Type'),
(911, 'dbManager', 'Name'),
(912, 'dbManager', 'Size'),
(913, 'dbManager', 'Create time'),
(914, 'dbManager', 'Download'),
(915, 'dbManager', 'Restore'),
(916, 'dbManager', 'Delete from storage'),
(917, 'dbManager', 'Upload to storage'),
(918, 'dbManager', 'Delete'),
(919, 'test-yii2-db', 'ID'),
(920, 'test-yii2-db', 'Title'),
(921, 'pages', 'Select ...'),
(922, 'app.f12.backup', 'Backup is not found.'),
(923, 'app.f12.backup', 'Backup config is not found.'),
(924, 'app.f12.backup', 'Date'),
(925, 'app.f12.backup', 'Config'),
(926, 'app.f12.backup', 'Backup type'),
(927, 'app.f12.backup', 'File name'),
(928, 'app.f12.backup', 'Config name'),
(929, 'app.f12.backup', 'Size'),
(930, 'app.f12.backup', 'Status'),
(931, 'app.f12.backup', 'Backups'),
(932, 'app.f12.backup', 'Do you want to restore this backup?'),
(933, 'app.f12.backup', 'Backup was successful restored.'),
(934, 'app.f12.backup', 'Backup was successful created.'),
(935, 'app.f12.backup', 'Backup imported.'),
(936, 'app.f12.backup', 'Backup is deleted.'),
(937, 'app.f12.backup', 'Run backup'),
(938, 'app.f12.backup', 'Import backup'),
(939, 'app.f12.backup', 'Restore'),
(940, 'app.f12.backup', 'Download'),
(941, 'app.f12.backup', 'Delete'),
(942, 'kvdialog', 'Ok'),
(943, 'kvdialog', 'Cancel'),
(944, 'kvdialog', 'Information'),
(945, 'kvdialog', 'Confirmation'),
(946, 'kvgrid', 'Actions'),
(947, 'kvgrid', 'item'),
(948, 'kvgrid', 'Are you sure to delete this {item}?'),
(949, 'kvgrid', 'View'),
(950, 'kvgrid', 'Update'),
(951, 'kvgrid', 'Delete'),
(952, 'kvgrid', 'Active'),
(953, 'kvgrid', 'Inactive'),
(954, 'kvgrid', 'export'),
(955, 'kvgrid', 'No data found'),
(956, 'kvgrid', 'Krajee Solutions'),
(957, 'kvgrid', 'Krajee Yii2 Grid Export Extension'),
(958, 'kvgrid', 'Add Book'),
(959, 'kvgrid', 'Book Listing'),
(960, 'kvgrid', 'Download Selected'),
(961, 'kvgrid', 'Library'),
(962, 'kvgrid', 'Reset Grid'),
(963, 'kvgrid', 'The page summary displays SUM for first 3 amount columns and AVG for the last.'),
(964, 'kvgrid', 'The table header sticks to the top in this demo as you scroll'),
(965, 'kvgrid', 'Resize table columns just like a spreadsheet by dragging the column edges.'),
(966, 'kvgrid', 'Invalid or bad editable data'),
(967, 'kvgrid', 'No valid editable model found'),
(968, 'kvgrid', 'Invalid editable index or model form name'),
(969, 'kvgrid', 'Failed to update editable data due to an unknown server error'),
(970, 'kvgrid', '<small>Loading &hellip;</small>'),
(971, 'kvgrid', 'Expand'),
(972, 'kvgrid', 'Collapse'),
(973, 'kvgrid', 'Expand All'),
(974, 'kvgrid', 'Collapse All'),
(975, 'kvgrid', 'items'),
(976, 'kvgrid', 'items-few'),
(977, 'kvgrid', 'items-many'),
(978, 'kvgrid', 'items-acc'),
(979, 'kvgrid', 'Showing <b>{begin, number}-{end, number}</b> of <b>{totalCount, number}</b> {totalCount, plural, one`item` other`items`}.'),
(980, 'kvgrid', 'Total <b>{count, number}</b> {count, plural, one`item` other`items`}.'),
(981, 'kvgrid', 'Disable any popup blockers in your browser to ensure proper download.'),
(982, 'kvgrid', 'Ok to proceed?'),
(983, 'kvgrid', 'Generating the export file. Please wait...'),
(984, 'kvgrid', 'Request submitted! You may safely close this dialog after saving your downloaded file.'),
(985, 'kvgrid', 'Export'),
(986, 'kvgrid', 'Export Page Data'),
(987, 'kvgrid', 'Export All Data'),
(988, 'kvgrid', 'Grid Export'),
(989, 'kvgrid', 'Yii2 Grid Export (PDF)'),
(990, 'kvgrid', 'Generated'),
(991, 'kvgrid', '© Krajee Yii2 Extensions'),
(992, 'kvgrid', 'HTML'),
(993, 'kvgrid', 'grid-export'),
(994, 'kvgrid', 'The HTML export file will be generated for download.'),
(995, 'kvgrid', 'Hyper Text Markup Language'),
(996, 'kvgrid', 'CSV'),
(997, 'kvgrid', 'The CSV export file will be generated for download.'),
(998, 'kvgrid', 'Comma Separated Values'),
(999, 'kvgrid', 'Text'),
(1000, 'kvgrid', 'The TEXT export file will be generated for download.'),
(1001, 'kvgrid', 'Tab Delimited Text'),
(1002, 'kvgrid', 'Excel'),
(1003, 'kvgrid', 'The EXCEL export file will be generated for download.'),
(1004, 'kvgrid', 'Microsoft Excel 95+'),
(1005, 'kvgrid', 'ExportWorksheet'),
(1006, 'kvgrid', 'PDF'),
(1007, 'kvgrid', 'The PDF export file will be generated for download.'),
(1008, 'kvgrid', 'Portable Document Format'),
(1009, 'kvgrid', 'PDF export generated by kartik-v/yii2-grid extension'),
(1010, 'kvgrid', 'krajee, grid, export, yii2-grid, pdf'),
(1011, 'kvgrid', 'JSON'),
(1012, 'kvgrid', 'The JSON export file will be generated for download.'),
(1013, 'kvgrid', 'JavaScript Object Notation'),
(1014, 'kvgrid', 'There are {totalCount} records. Are you sure you want to display them all?'),
(1015, 'kvgrid', 'All'),
(1016, 'kvgrid', 'Show all data'),
(1017, 'kvgrid', 'Page'),
(1018, 'kvgrid', 'Show first page data'),
(1019, 'kvgrid', 'Clear selection'),
(1020, 'kvbase', 'It is recommended you use an upgraded browser to display the {type} control properly.'),
(1021, 'kvpwdstrength', '{attribute} must be a string'),
(1022, 'kvpwdstrength', '{attribute} should contain at least {n, plural, one{one character} other{# characters}} ({found} found)!'),
(1023, 'kvpwdstrength', '{attribute} should contain at most {n, plural, one{one character} other{# characters}} ({found} found)!'),
(1024, 'kvpwdstrength', '{attribute} should contain exactly {n, plural, one{one character} other{# characters}} ({found} found)!'),
(1025, 'kvpwdstrength', '{attribute} cannot contain any spaces'),
(1026, 'kvpwdstrength', '{attribute} cannot contain the username'),
(1027, 'kvpwdstrength', '{attribute} cannot contain an email address'),
(1028, 'kvpwdstrength', '{attribute} should contain at least {n, plural, one{one lower case character} other{# lower case characters}} ({found} found)!'),
(1029, 'kvpwdstrength', '{attribute} should contain at least {n, plural, one{one upper case character} other{# upper case characters}} ({found} found)!'),
(1030, 'kvpwdstrength', '{attribute} should contain at least {n, plural, one{one numeric / digit character} other{# numeric / digit characters}} ({found} found)!'),
(1031, 'kvpwdstrength', '{attribute} should contain at least {n, plural, one{one special character} other{# special characters}} ({found} found)!'),
(1032, 'kvpwdstrength', '{attribute} is present in compromised password list'),
(1033, 'kvcolor', 'cancel'),
(1034, 'kvcolor', 'choose'),
(1035, 'kvcolor', 'Clear Color Selection'),
(1036, 'kvcolor', 'No Color Selected'),
(1037, 'kvcolor', 'more'),
(1038, 'kvcolor', 'less'),
(1039, 'fileinput', 'file preview and multiple file upload'),
(1040, 'fileinput', 'multiple file upload'),
(1041, 'fileinput', 'Note:'),
(1042, 'fileinput', 'Your browser does not support {validation}. Try an alternative or more recent browser to access these features.'),
(1043, 'language', 'Text not found in database! Please run project scan before translating!'),
(1044, 'language', 'translations'),
(1045, 'language', 'Successfully imported {fileName}'),
(1046, 'language', '{type}: {new} new, {updated} updated'),
(1047, 'language', 'Invalid model \"{model}\":'),
(1048, 'language', 'Translation'),
(1049, 'language', 'Create {modelClass}'),
(1050, 'language', 'Languages'),
(1051, 'language', 'Source'),
(1052, 'language', 'Choosing the language of translation'),
(1053, 'language', 'Text to be translated'),
(1054, 'language', 'Export'),
(1055, 'language', 'Import'),
(1056, 'language', 'List of languages'),
(1057, 'language', 'Status'),
(1058, 'language', 'Statistic'),
(1059, 'language', 'Translate'),
(1060, 'language', 'Optimise database'),
(1061, 'language', '{n, plural, =0{No entries} =1{One entry} other{# entries}} were removed!'),
(1062, 'language', 'Scanning project'),
(1063, 'language', '{n, plural, =0{No new entries} =1{One new entry} other{# new entries}} were added!'),
(1064, 'language', '{n, plural, =0{No entries} =1{One entry} other{# entries}} remove!'),
(1065, 'language', 'Translation into {language_id}'),
(1066, 'language', 'Original'),
(1067, 'language', 'Source language'),
(1068, 'language', 'Enter \"{command}\" to search for empty translations.'),
(1069, 'language', 'Action'),
(1070, 'language', 'Save'),
(1071, 'language', 'Update {modelClass}: '),
(1072, 'language', 'Update'),
(1073, 'language', 'Delete'),
(1074, 'language', 'Are you sure you want to delete this item?'),
(1075, 'language', 'Translation status'),
(1076, 'language', 'Create'),
(1077, 'language', 'Select all'),
(1078, 'language', 'Delete selected'),
(1079, 'language', 'Home'),
(1080, 'language', 'Language'),
(1081, 'language', 'Scan'),
(1082, 'language', 'Optimize'),
(1083, 'language', 'Im-/Export'),
(1084, 'language', 'Toggle translate'),
(1085, 'model', 'Language ID'),
(1086, 'model', 'Language'),
(1087, 'model', 'Country'),
(1088, 'model', 'Name'),
(1089, 'model', 'Name Ascii'),
(1090, 'model', 'Status'),
(1091, 'model', 'ID'),
(1092, 'model', 'Category'),
(1093, 'model', 'Message'),
(1094, 'model', 'Translation'),
(1095, 'settings', '\"{attribute}\" must be a valid JSON object'),
(1096, 'settings', '{attribute} \"{value}\" already exists for this section.'),
(1097, 'settings', 'Please select correct type'),
(1098, 'settings', 'ID'),
(1099, 'settings', 'Type'),
(1100, 'settings', 'Section'),
(1101, 'settings', 'Key'),
(1102, 'settings', 'Value'),
(1103, 'settings', 'Active'),
(1104, 'settings', 'Created'),
(1105, 'settings', 'Modified'),
(1106, 'settings', 'Successfully saved settings on {section}'),
(1107, 'settings', 'Create {modelClass}'),
(1108, 'settings', 'Setting'),
(1109, 'settings', 'Settings'),
(1110, 'settings', 'Update {modelClass}: '),
(1111, 'settings', 'Update'),
(1112, 'settings', 'Delete'),
(1113, 'settings', 'Are you sure you want to delete this item?'),
(1114, 'settings', 'Change at your own risk'),
(1115, 'settings', 'Create'),
(1116, 'settings', 'Search'),
(1117, 'settings', 'Reset'),
(1118, 'yii', 'Yes'),
(1119, 'yii', 'No'),
(1120, 'yii', '{attribute} \"{value}\" has already been taken.'),
(1121, 'yii', 'Powered by {yii}'),
(1122, 'yii', 'Yii Framework'),
(1123, 'yii', 'The verification code is incorrect.'),
(1124, 'yii', 'Unknown alias: -{name}'),
(1125, 'yii', 'Aliases available: {aliases}'),
(1126, 'yii', 'Unknown option: --{name}'),
(1127, 'yii', 'Options available: {options}'),
(1128, 'yii', 'Missing required arguments: {params}'),
(1129, 'yii', 'Action not found.'),
(1130, 'yii', 'The format of {filter} is invalid.'),
(1131, 'yii', 'Operator \"{operator}\" requires multiple operands.'),
(1132, 'yii', 'Unknown filter attribute \"{attribute}\"'),
(1133, 'yii', 'Condition for \"{attribute}\" should be either a value or valid operator specification.'),
(1134, 'yii', 'Operator \"{operator}\" must be used with a search attribute.'),
(1135, 'yii', '\"{attribute}\" does not support operator \"{operator}\".'),
(1136, 'yii', 'You are not allowed to perform this action.'),
(1137, 'yii', 'Page not found.'),
(1138, 'yii', 'Are you sure you want to delete this item?'),
(1139, 'yii', 'View'),
(1140, 'yii', 'Update'),
(1141, 'yii', 'Delete'),
(1142, 'yii', 'Please fix the following errors:'),
(1143, 'yii', ' and '),
(1144, 'yii', '(not set)'),
(1145, 'yii', 'in {delta, plural, =1{a year} other{# years}}'),
(1146, 'yii', 'in {delta, plural, =1{a month} other{# months}}'),
(1147, 'yii', 'in {delta, plural, =1{a day} other{# days}}'),
(1148, 'yii', 'in {delta, plural, =1{an hour} other{# hours}}'),
(1149, 'yii', 'in {delta, plural, =1{a minute} other{# minutes}}'),
(1150, 'yii', 'just now'),
(1151, 'yii', 'in {delta, plural, =1{a second} other{# seconds}}'),
(1152, 'yii', '{delta, plural, =1{a year} other{# years}} ago'),
(1153, 'yii', '{delta, plural, =1{a month} other{# months}} ago'),
(1154, 'yii', '{delta, plural, =1{a day} other{# days}} ago'),
(1155, 'yii', '{delta, plural, =1{an hour} other{# hours}} ago'),
(1156, 'yii', '{delta, plural, =1{a minute} other{# minutes}} ago'),
(1157, 'yii', '{delta, plural, =1{a second} other{# seconds}} ago'),
(1158, 'yii', '{delta, plural, =1{1 year} other{# years}}'),
(1159, 'yii', '{delta, plural, =1{1 month} other{# months}}'),
(1160, 'yii', '{delta, plural, =1{1 day} other{# days}}'),
(1161, 'yii', '{delta, plural, =1{1 hour} other{# hours}}'),
(1162, 'yii', '{delta, plural, =1{1 minute} other{# minutes}}'),
(1163, 'yii', '{delta, plural, =1{1 second} other{# seconds}}'),
(1164, 'yii', '{nFormatted} B'),
(1165, 'yii', '{nFormatted} KiB'),
(1166, 'yii', '{nFormatted} MiB'),
(1167, 'yii', '{nFormatted} GiB'),
(1168, 'yii', '{nFormatted} TiB'),
(1169, 'yii', '{nFormatted} PiB'),
(1170, 'yii', '{nFormatted} kB'),
(1171, 'yii', '{nFormatted} MB'),
(1172, 'yii', '{nFormatted} GB'),
(1173, 'yii', '{nFormatted} TB'),
(1174, 'yii', '{nFormatted} PB'),
(1175, 'yii', '{nFormatted} {n, plural, =1{byte} other{bytes}}'),
(1176, 'yii', '{nFormatted} {n, plural, =1{kibibyte} other{kibibytes}}'),
(1177, 'yii', '{nFormatted} {n, plural, =1{mebibyte} other{mebibytes}}'),
(1178, 'yii', '{nFormatted} {n, plural, =1{gibibyte} other{gibibytes}}'),
(1179, 'yii', '{nFormatted} {n, plural, =1{tebibyte} other{tebibytes}}'),
(1180, 'yii', '{nFormatted} {n, plural, =1{pebibyte} other{pebibytes}}'),
(1181, 'yii', '{nFormatted} {n, plural, =1{kilobyte} other{kilobytes}}'),
(1182, 'yii', '{nFormatted} {n, plural, =1{megabyte} other{megabytes}}'),
(1183, 'yii', '{nFormatted} {n, plural, =1{gigabyte} other{gigabytes}}'),
(1184, 'yii', '{nFormatted} {n, plural, =1{terabyte} other{terabytes}}'),
(1185, 'yii', '{nFormatted} {n, plural, =1{petabyte} other{petabytes}}'),
(1186, 'yii', '{attribute} must be either \"{true}\" or \"{false}\".'),
(1187, 'yii', '{attribute} must be equal to \"{compareValueOrAttribute}\".'),
(1188, 'yii', '{attribute} must not be equal to \"{compareValueOrAttribute}\".'),
(1189, 'yii', '{attribute} must be greater than \"{compareValueOrAttribute}\".'),
(1190, 'yii', '{attribute} must be greater than or equal to \"{compareValueOrAttribute}\".'),
(1191, 'yii', '{attribute} must be less than \"{compareValueOrAttribute}\".'),
(1192, 'yii', '{attribute} must be less than or equal to \"{compareValueOrAttribute}\".'),
(1193, 'yii', '{attribute} is invalid.'),
(1194, 'yii', 'The format of {attribute} is invalid.'),
(1195, 'yii', '{attribute} must be no less than {min}.'),
(1196, 'yii', '{attribute} must be no greater than {max}.'),
(1197, 'yii', '{attribute} is not a valid email address.'),
(1198, 'yii', 'File upload failed.'),
(1199, 'yii', 'Please upload a file.'),
(1200, 'yii', 'You can upload at most {limit, number} {limit, plural, one{file} other{files}}.'),
(1201, 'yii', 'You should upload at least {limit, number} {limit, plural, one{file} other{files}}.'),
(1202, 'yii', 'Only files with these extensions are allowed: {extensions}.'),
(1203, 'yii', 'The file \"{file}\" is too big. Its size cannot exceed {formattedLimit}.'),
(1204, 'yii', 'The file \"{file}\" is too small. Its size cannot be smaller than {formattedLimit}.'),
(1205, 'yii', 'Only files with these MIME types are allowed: {mimeTypes}.'),
(1206, 'yii', 'The file \"{file}\" is not an image.'),
(1207, 'yii', 'The image \"{file}\" is too small. The width cannot be smaller than {limit, number} {limit, plural, one{pixel} other{pixels}}.'),
(1208, 'yii', 'The image \"{file}\" is too small. The height cannot be smaller than {limit, number} {limit, plural, one{pixel} other{pixels}}.'),
(1209, 'yii', 'The image \"{file}\" is too large. The width cannot be larger than {limit, number} {limit, plural, one{pixel} other{pixels}}.'),
(1210, 'yii', 'The image \"{file}\" is too large. The height cannot be larger than {limit, number} {limit, plural, one{pixel} other{pixels}}.'),
(1211, 'yii', '{attribute} must be a valid IP address.'),
(1212, 'yii', '{attribute} must not be an IPv6 address.'),
(1213, 'yii', '{attribute} must not be an IPv4 address.'),
(1214, 'yii', '{attribute} contains wrong subnet mask.'),
(1215, 'yii', '{attribute} must be an IP address with specified subnet.'),
(1216, 'yii', '{attribute} must not be a subnet.'),
(1217, 'yii', '{attribute} is not in the allowed range.'),
(1218, 'yii', '{attribute} must be an integer.'),
(1219, 'yii', '{attribute} must be a number.'),
(1220, 'yii', '{attribute} cannot be blank.'),
(1221, 'yii', '{attribute} must be \"{requiredValue}\".'),
(1222, 'yii', '{attribute} must be a string.'),
(1223, 'yii', '{attribute} should contain at least {min, number} {min, plural, one{character} other{characters}}.'),
(1224, 'yii', '{attribute} should contain at most {max, number} {max, plural, one{character} other{characters}}.'),
(1225, 'yii', '{attribute} should contain {length, number} {length, plural, one{character} other{characters}}.'),
(1226, 'yii', 'The combination {values} of {attributes} has already been taken.'),
(1227, 'yii', '{attribute} is not a valid URL.'),
(1228, 'yii', 'the input value'),
(1229, 'yii', 'Invalid data received for parameter \"{param}\".'),
(1230, 'yii', 'Missing required parameters: {params}'),
(1231, 'yii', 'Unable to verify your data submission.'),
(1232, 'yii', 'An internal server error occurred.'),
(1233, 'yii', 'Error'),
(1234, 'yii', 'Login Required'),
(1235, 'yii', 'The requested view \"{name}\" was not found.'),
(1236, 'yii', 'No results found.'),
(1237, 'yii', 'Showing <b>{begin, number}-{end, number}</b> of <b>{totalCount, number}</b> {totalCount, plural, one{item} other{items}}.'),
(1238, 'yii', 'Total <b>{count, number}</b> {count, plural, one{item} other{items}}.'),
(1239, 'yii', 'Home'),
(1240, 'yii', '{percent}% Complete'),
(1241, 'yii2mod.rbac', 'Item has been saved.'),
(1242, 'yii2mod.rbac', 'The requested page does not exist.'),
(1243, 'yii2mod.rbac', 'Rule has been saved.'),
(1244, 'yii2mod.rbac', 'Rule has been deleted.'),
(1245, 'yii2mod.rbac', 'Invalid rule \"{value}\"'),
(1246, 'yii2mod.rbac', 'Rule \"{value}\" does not exists'),
(1247, 'yii2mod.rbac', 'Unknown class \'{class}\''),
(1248, 'yii2mod.rbac', '\'{class}\' must extend from \'yii\\rbac\\Rule\' or its child class'),
(1249, 'yii2mod.rbac', 'Class Name'),
(1250, 'yii2mod.rbac', 'Rule'),
(1251, 'yii2mod.rbac', 'Create '),
(1252, 'yii2mod.rbac', 'Update '),
(1253, 'yii2mod.rbac', 'Update'),
(1254, 'yii2mod.rbac', 'Delete'),
(1255, 'yii2mod.rbac', 'Are you sure to delete this item?'),
(1256, 'yii2mod.rbac', 'Create Rule'),
(1257, 'yii2mod.rbac', 'Update Rule : {0}'),
(1258, 'yii2mod.rbac', 'Rule : {0}'),
(1259, 'array', 'Inactive'),
(1260, 'array', 'Active'),
(1261, 'array', 'Beta'),
(1262, 'javascript', 'Translation Language: {name}'),
(1263, 'javascript', 'Save'),
(1264, 'javascript', 'Close'),
(1265, 'javascript', 'Are you sure you want to delete these items?'),
(1266, 'javascript', 'Are you sure you want to delete this item?'),
(1269, 'app', 'Scan new entries translation'),
(1270, 'app', 'Administration management'),
(1272, 'app', 'Verify Code'),
(1273, 'app', 'The system verify code incorrect.'),
(1274, 'app', 'Please contact coordinator! >>'),
(1275, 'app', 'ກົດລີງນີ້ເຂົ້າລົງທະບຽນ'),
(1276, 'app', 'ກົດເຂົ້າລົງທະບຽນ'),
(1277, 'app', 'Banner Mobile (Size: 500px x 122px)'),
(1278, 'app', 'ວັນທີ່'),
(1279, 'app', 'ສ້າງກອງປະຊູມ'),
(1280, 'app', 'Reset Counter'),
(1281, 'backend', 'Are you sure you want to reset counter to zero.?'),
(1282, 'app', 'Verify'),
(1283, 'app', 'Enter the meeting code to confirm registration'),
(1284, 'app', 'Name La'),
(1285, 'app', 'Name En'),
(1286, 'app', 'Create Person Title'),
(1287, 'app', 'Person Titles'),
(1288, 'app', 'ຖ້າທ່ານລືບລາຍການນີ້ຂໍ້ມູນກ່ຽວກັບລາຍການນີ້ຈະຖືກລືບໄປນຳ.'),
(1289, 'app', 'Update Person Title: {name}'),
(1290, 'app', 'Manage person title'),
(1291, 'app', 'is not a valid email address..'),
(1292, 'app', 'is not a valid phone number'),
(1293, 'app', '=== Select Title ==='),
(1294, 'app', 'Version'),
(1295, 'app', 'Date Time'),
(1296, 'app', 'ບໍລິຫານສິດ RBAC'),
(1297, 'app', 'Access Control Role'),
(1298, 'app', 'Access Control Route'),
(1299, 'app', 'Check Version'),
(1300, 'app', 'Current Vesion'),
(1301, 'app', 'New Version'),
(1302, 'app', 'Sitemap'),
(1303, 'app', 'ກໍານົດສິດບໍລິຫານຂໍ້ມູເນື້ອຫາ'),
(1304, 'app', 'Select All'),
(1305, 'app', 'Can not connect upgrade new version.<br/>Please contact us administrator.!'),
(1306, 'app', 'Create Version Detail'),
(1307, 'app', 'Version Details'),
(1308, 'app', 'Update Version Detail: {name}');

-- --------------------------------------------------------

--
-- Table structure for table `language_translate`
--

CREATE TABLE `language_translate` (
  `id` int(11) NOT NULL,
  `language` varchar(5) COLLATE utf8_unicode_ci NOT NULL,
  `translation` text COLLATE utf8_unicode_ci DEFAULT NULL
) ENGINE=InnoDB DEFAULT CHARSET=utf8 COLLATE=utf8_unicode_ci ROW_FORMAT=DYNAMIC;

--
-- Dumping data for table `language_translate`
--

INSERT INTO `language_translate` (`id`, `language`, `translation`) VALUES
(1, 'en', 'the operation'),
(1, 'la', 'ການ​ເຄື່ອ​ນໄ​ຫວ'),
(2, 'la', 'ບໍ​ມີ​ຂ່າວ'),
(3, 'la', 'ປທສ'),
(4, 'la', 'ລ​າວ'),
(5, 'la', 'ອັງກິດ'),
(6, 'la', 'ຄົ້ນ​ຫາ'),
(7, 'la', 'ລິຂະສິດ'),
(9, 'la', 'Opps!'),
(10, 'la', 'ພວກເຮົາຂໍອະໄພ, ໜ້າເວັບທີ່ທ່ານກຳລັງຊອກຫາບໍ່ມີ.'),
(11, 'la', 'ໜ້າຫຼັກ'),
(19, 'la', 'ຄົ້ນ​ຫາ​ໃນ​ໜ້ານີ້'),
(20, 'la', '​ຫົວ​ຂໍ້'),
(21, 'la', '​ເນື້ອ​ໃນ'),
(22, 'la', 'ບໍ່ມີເນື້ອຫາສຳລັບພາກສ່ວນດັ່ງກ່າວ'),
(24, 'la', 'ລະຫັດ'),
(25, 'la', 'ກົດໃສ່ພາບລະຫັດເພື່ອປ່ຽນລະຫັດໂຕໃໝ່'),
(26, 'la', 'ກັບ​ຄືນ'),
(27, 'la', '​ເຂົ້າ​ລະ​ບົບ'),
(28, 'la', '​ລືມລະ​ຫຼັດ​ຜ່ານ'),
(29, 'la', 'ໜ້າ ບໍລິຫານລະບົບ'),
(30, 'la', 'ໜ້າ ບໍລິຫານ'),
(31, 'la', 'ຍິນດີຕ້ອນຮັບສູ່ໜ້າບໍລິຫານຂໍ້ມູນ'),
(32, 'la', 'ໜ້ານີ້ສະຫງວນໃຫ້ແກ່ພະນັກງານເທົ່ານັ້ນ ສຳລັບການປັບປຸງຂໍ້ມູນກ່ຽວກັບເວັບ.'),
(33, 'la', 'ແກ້ໄຂ ຕັ້້ງຄ່າ'),
(34, 'la', 'ສິດທິໃນການເຂົ້າ'),
(35, 'la', 'ບໍ​ລິ​ຫານ ຜູ້​ໃຊ້'),
(36, 'la', 'ບໍ​ລິ​ຫານ  Banner'),
(37, 'la', 'ບໍ​ລິ​ຫານ ເມ​ນູ'),
(38, 'la', 'ບໍ​ລິ​ຫານ ປະ​ເພດ​ເນື້ອ​ຫາ'),
(39, 'la', '​ບໍ​ລິ​ຫານ ໜ້າຫຼັກ'),
(40, 'la', 'ບໍ​ລິ​ຫານ'),
(42, 'la', 'ປະເພດບັນຫາ'),
(43, 'la', '​ອ່ານ ບັນ​ຫາ'),
(45, 'la', 'ໜ້າ​ຫຼັກ'),
(46, 'la', 'ປ່ຽນ​ລະ​ຫັດ​ຜ່ານ'),
(47, 'la', 'ອອກ​ຈາກ​ລະ​ບົບ'),
(48, 'la', 'ປ່ຽນ Banner'),
(49, 'la', 'Banner'),
(50, 'la', 'ລະຫັດ'),
(51, 'la', 'ຮູບ Banner'),
(52, 'la', 'ຂໍ້ຄວາມ Footer'),
(53, 'la', 'ບັນ​ທືກ'),
(54, 'la', 'ໜ້າບໍລິການ'),
(63, 'la', 'ກອງປະຊຸມ'),
(64, 'la', 'ບໍ​ລິ​ຫານ ​ຜູ້​ໃຊ້'),
(65, 'la', 'ຈັດການ ການລົງທະບຽນ'),
(66, 'la', 'ເພີ່ມ ​ຜູ້​ໃຊ້'),
(74, 'la', 'ໃຊ້ງານ'),
(75, 'la', 'ບໍ່ໃຊ້ງານ'),
(76, 'la', 'ໃຊ້ງານ ?'),
(77, 'la', 'ຊື່​ເຂົ້າ​ລະ​ບົບ'),
(78, 'la', '​ລະ​ຫັດ​ຜ່ານ'),
(79, 'la', 'ຊື່ເຕັມ'),
(80, 'la', 'ປະເພດ'),
(81, 'la', 'ສະຖານະພາບ'),
(82, 'la', 'ສ້າງຂື້ນ'),
(83, 'la', 'ປິດນຳໃຊ້'),
(84, 'la', 'ແກ້ໄຂ'),
(85, 'la', 'ລຶບ'),
(86, 'la', 'ທ່ານແນ່ໃຈບໍ່ວ່າທ່ານຕ້ອງການລຶບລາຍການນີ້?'),
(87, 'la', '​ແປ​ພາ​ສາ'),
(88, 'la', '​ແກ້ໄຂ ຜູ້​ໃຊ້'),
(89, 'la', 'ລະຫັດລັບໃໝ່ແຕກຕ່າງກັນ.'),
(91, 'la', 'ນາມ'),
(92, 'en', 'Meeting'),
(92, 'la', 'ກອງ​ປະ​ຊ​ຸມ'),
(96, 'en', 'Create a meeting'),
(96, 'la', 'ສ້າງ ກອງ​ປະ​ຊ​ຸມ'),
(100, 'la', '<p>Dear User,<br/><br/>Find below the information to login to your account:<br/><b>Username:</b>'),
(101, 'la', '<p>Dear User,<br/><br/>Please click on this link to confirm resetting your password:<br/> <a href=\''),
(118, 'la', '--- ກະ​ລຸ​ນາເລືອກ ---'),
(119, 'la', 'ເຊີນອົງ​ກອນເຂົ້າ​ຮ່ວມ'),
(120, 'la', '​ລາຍ​ລະ​ອຽດ​ວາ​ລະ​ກອງ​ປະ​ຊຸມ'),
(121, 'la', 'ລົງ​ທະ​ບຽນ​ແລ້ວ'),
(122, 'la', 'ໄຟລ໌ແນບ (s):'),
(123, 'la', 'ປະ​ເພດ​ເນື້ອ​ຫາ'),
(124, 'la', 'ລາຍ​ລະ​ອຽດ​ຜູ້​ປະ​ສານ​ງານ'),
(125, 'la', '​ເພີ່ມ'),
(126, 'la', 'ເພີ່ມບອກ'),
(127, 'la', 'ວັນ​ທີ​ປິດ'),
(128, 'la', 'ວັນ​ທີ​ເລີ່ມ'),
(129, 'la', 'ດາວ​ໂຫຼດ'),
(130, 'la', 'ດາວ​ໂຫຼດ'),
(131, 'la', 'ອີ​ເມວ'),
(132, 'la', 'ຫົວ​ຂໍ້​ງານ (Event)'),
(133, 'la', 'ຍີງ'),
(134, 'la', 'ໄຟ​ຣ'),
(135, 'la', 'ຊື່'),
(136, 'la', 'ຊື່ ແລະ​ ນາມ​ສະ​ກຸນ'),
(137, 'la', 'ເພດ'),
(138, 'la', 'ເຈົ້າ​ພາບ'),
(139, 'la', 'ປະ​ເພດ​ບັນ​ຫາ'),
(140, 'la', 'ຟອມ​ແຈ້ງ​ບັນ​ຫາ'),
(141, 'la', 'ນາມ​ສະ​ກຸນ'),
(142, 'la', 'ບຸກຄົນທີ່ຈົດທະບຽນແລ້ວ'),
(143, 'la', 'ສະ​ຖານ​ທີ'),
(144, 'la', '​ທ່ານ​ຕ້ອງ​ການ​ລຶບ​ລາຍ​ການນີ້ບໍ່.?'),
(145, 'la', 'ຊາຍ'),
(146, 'la', '​ແຜ່ນ​ທີ່ (Embed a Map)'),
(147, 'la', '​ລາຍ​ລະ​ອ​ຽດ'),
(148, 'la', 'ເດືອ​ນ'),
(149, 'la', 'ຊື່'),
(150, 'la', 'ຜົນ​ກາ​ນ​ຄົ້ນ​ຫາ​ບໍ​ພົບ'),
(151, 'la', 'ລາ​ດັບ'),
(152, 'la', 'ຈຳ​ນວນ​ທີ່​ລົງ​ທະ​ບຽນ​ແລ້ວ'),
(153, 'la', 'ອອນ​ໄລ'),
(154, 'la', 'ອົງການຈັດຕັ້ງ'),
(155, 'la', 'ອົງການຈັດຕັ້ງ'),
(156, 'la', 'ອົງການຈັດຕັ້ງ2'),
(157, 'la', 'ອົງການຈັດຕັ້ງ'),
(158, 'la', 'ຈຳ​ນວນ​ຄົນ'),
(159, 'la', 'ຮູບ'),
(160, 'la', '​ທ່ານກົດທີ່ນີ້ເພື່ອລົງທະບຽນຄົນຕໍ່ໄປ >>'),
(161, 'la', 'ທ່ານ​ປ້ອນ​ລາຍ​ລະອຽດ​ເຂົ້າ​ໃນ​ຟອມ​ລົງ​ທະ​ບຽນ'),
(162, 'la', '​ຕຳ​ແໜ່ງ'),
(163, 'la', 'ພີມ​ອອກ'),
(164, 'la', 'ອ່ານ​ເພີ່ມ'),
(165, 'la', 'ໝົດ​ກຳ​ນົດ​ລົງ​ທະ​ບຽນ'),
(166, 'la', 'ແບບ​ຟອມ​ການ​ລົງ​ທະ​ບຽນ    '),
(167, 'la', 'ຜົນ​ຂອງ​ກາ​ນ​ຄົ້ນ​ຫາ'),
(168, 'la', 'ສົ່ງ​ບັນ​ຫາ'),
(169, 'la', 'ໃນ​ປີ'),
(170, 'la', '​ຫົວ​ຂໍ້'),
(171, 'la', 'ສົ່ງ'),
(172, 'la', 'ເບີ​ໂທ'),
(173, 'la', 'ລະບົບບໍ່ອະນຸຍາດໃຫ້ທ່ານລົງທະບຽນ.<br/><br/>ກະລຸນາຕິດຕໍ່ຜູ້​ບໍ​ລິ​ຫານ​ລະ​ບົບ!'),
(174, 'la', 'ການຈົດທະບຽນນີ້ໄດ້ປິດແລ້ວ.<br/><br/>​ຂໍ​ຂອບ​ໃຈ!'),
(175, 'la', '​ໂມງ​ປິດ'),
(176, 'la', 'ໂມງ​ເລີ່ມ'),
(177, 'la', 'ມື້ນີ້'),
(178, 'la', 'ລວມ'),
(179, 'la', 'ແກ້​ໄຂ​ບອກ'),
(180, 'la', 'ສະ​ຖິ​ຕີການ​ເຂົ້າ​ເບີ່ງ'),
(181, 'la', 'ອາທິດ'),
(182, 'la', 'ປີ'),
(183, 'la', 'ມື້​ວານ​ນີ້'),
(184, 'la', 'ທ່ານໄດ້ລົງທະບຽນແລ້ວ<br/><br/> ຂໍ​ຂອບ​ໃຈ!'),
(185, 'la', 'ບໍ່ສາມາດຫວ່າງເປົ່າ.'),
(186, 'la', 'ອະ​ນຸ​ມັດ​ລົງທະບຽນສູງສຸດ'),
(187, 'la', 'ອົງ​ການ​ຈັດ​ຕັ້ງ'),
(188, 'la', 'ອົງ​ການ​ຈັດ​ຕັ້ງ2'),
(189, 'la', 'ຄົນ'),
(197, 'la', '​ເລີ່ມວັນ​ທີ່'),
(198, 'la', 'ສະຫຼຸບ'),
(199, 'la', 'ລາຍລະອຽດ'),
(200, 'la', 'ຄຳສຳຄັນ'),
(201, 'la', 'ຄຳສຳຄັນ Meta'),
(202, 'la', 'ສິ້ນສຸດວັນ​ທີ່'),
(203, 'la', 'ສ້າງວັນ​ທີ່'),
(204, 'la', 'ແກ້ໄຂວັນ​ທີ່'),
(205, 'la', 'ອ້າງອີງ'),
(206, 'la', 'ລະຫັດ'),
(207, 'la', 'ສ້າງໂດຍ'),
(208, 'la', 'ອັບເດດໂດຍ'),
(209, 'la', 'ເພີ່ມ 1'),
(210, 'la', 'ເພີ່ມ 2'),
(211, 'la', 'ເພີ່ມ 3'),
(212, 'la', 'ເພີ່ມ 4'),
(213, 'la', 'ເພີ່ມ 5'),
(214, 'la', 'ເບິ່ງ'),
(215, 'la', 'ປະເພດຫົວຂໍ້'),
(216, 'la', 'ສ້າງປະເພດຫົວຂໍ້'),
(217, 'la', 'ແມ່ນ'),
(218, 'la', 'ບໍ່ແມ່ນ'),
(219, 'la', 'ມີບົດຄວາມຫຍໍ້'),
(220, 'la', 'ມີລາຍລະອຽດ'),
(221, 'la', '​ມີ​ຮູບ​ພາບ'),
(222, 'la', 'ມີຄໍາສັບໃຫ້ Google ຄົ້ນຫາ'),
(223, 'la', 'ມີຄຳຫຼັກ'),
(224, 'la', 'ມີວັນເລີ່ມສ້າງ'),
(225, 'la', 'ມີວັນສີ້ນສຸດ'),
(226, 'la', 'ມີຫຼາຍເອກະສານຄັດຕິດ'),
(227, 'la', 'ມີເພີ່ມ 1'),
(228, 'la', 'ມີເພີ່ມ2'),
(229, 'la', 'ມີເພີ່ມ3'),
(230, 'la', 'ມີເພີ່ມ4'),
(231, 'la', 'ມີເພີ່ມ5'),
(232, 'la', 'ມີປະເພດກົດໝາຍ'),
(233, 'la', 'ເປີດໃຊ້ງານ'),
(234, 'la', 'ອັບເດດປະເພດຫົວຂໍ້'),
(235, 'la', 'ສ້າງປະເພດເນື້ອໃນ'),
(236, 'la', 'ການແປ Source Code'),
(237, 'la', 'ສ້າງເມນູ'),
(238, 'la', 'ລຽງລຳດັບ'),
(239, 'la', 'ປະເພດແມ່'),
(240, 'la', 'ລີ້ງ'),
(241, 'la', 'ເທິງ'),
(242, 'la', 'ຊ້າຍ'),
(243, 'la', 'ຂວາ'),
(244, 'la', 'ລຸ່ມ'),
(245, 'la', 'ຈັດລຽງ'),
(246, 'la', 'ລະຫັດ'),
(247, 'la', 'ລະຫັດ'),
(248, 'la', 'ເພີ່ມເມນູຍ່ອຍ'),
(249, 'la', 'ອັບເດດເມນູ'),
(250, 'la', 'ຊື່ໃນ'),
(278, 'la', 'ພາລະບົດບາດ'),
(279, 'la', 'ມອບໝາຍວຽກ'),
(280, 'la', 'ສິດ'),
(281, 'la', 'ເສັ້ນທາງ'),
(282, 'la', 'ກົດລະບຽບ'),
(284, 'la', 'ຊື່'),
(285, 'la', 'ຊື່ກົດລະບຽບ'),
(286, 'la', 'ເລືອກກົດ'),
(287, 'la', 'ລາຍລະອຽດ'),
(288, 'la', 'ໃຊ້ງານ'),
(289, 'la', 'ລາຍການນີ້ໄດ້ຖືກລົບແລ້ວ'),
(294, 'la', 'ສະ​ຖິ​ຕີການຄົນ​ເຂົ້າຊົມເວບ'),
(296, 'la', 'ເປີດໃຊ້ງານ ລໍາເລັດ'),
(297, 'la', 'ວັນທີ'),
(298, 'la', 'ລຶບ ສຳເລັດ'),
(299, 'la', 'ໄປທີ່ ໜ້າ Login'),
(300, 'la', 'ມີຮູບພາບເລື່ອນ'),
(301, 'la', 'ມີສື່ສັງຄົມ'),
(302, 'la', 'ມີວິດີໂອ'),
(303, 'la', 'ບໍ່ພົບໜ້ານີ້'),
(304, 'la', 'ບໍ່ພົບການພົວພັນ'),
(305, 'la', 'ການພົວພັນທັງໝົດ'),
(306, 'la', 'ທຸກການພົວພັນກັນ'),
(307, 'la', '</p><br/><br/>ຂອບໃຈ'),
(308, 'la', '<br/><b>ເອກະສານຊ້ອນທ້າຍ: </b>'),
(309, 'la', '<br/><b>ອີເມວ: </b>'),
(310, 'la', '<br/><b>ປະເພດເນື້ອໃນ: </b>'),
(311, 'la', '<br/><b>ຂໍ້ຄວາມ: </b>'),
(312, 'la', '<br/><b>ຊື່: </b>'),
(313, 'la', '<br/><b>ຫົວຂໍ້: </b>'),
(314, 'la', '<br/><b>ເບີໂທ: </b>'),
(315, 'la', '<p>Dear Member,<br/><br/>Find below the information about the issue:'),
(316, 'la', '<p>Dear Member,<br/><br/>Find below the information about the request:'),
(319, 'la', 'ການໃຊ້ງານຫຼົ້ມເລວ'),
(320, 'la', 'ເພີ່ມໜ້າຫຼັກ'),
(321, 'la', 'ລາຍການເພີ່ມເຕີ່ມ1'),
(322, 'la', 'ລາຍການເພີ່ມເຕີ່ມ2'),
(323, 'la', 'ລາຍການເພີ່ມເຕີ່ມ3'),
(324, 'la', 'ລາຍການເພີ່ມເຕີ່ມ4'),
(325, 'la', 'ລາຍການເພີ່ມເຕີ່ມ5'),
(326, 'la', 'ແບນເນີ'),
(327, 'la', 'ກ່ອງຂວາ'),
(328, 'la', 'CYBERIA'),
(329, 'la', 'ຍົກເລີກລາຍການ'),
(330, 'la', 'ຍົກເລີກຮູບພາບ'),
(331, 'la', 'ຕິດຕໍ່'),
(332, 'la', 'ແບບຟອມຕິດຕໍ່'),
(333, 'la', 'ປະເພດເນື້ອຫາບໍ່ຖືກກຳນົດ'),
(334, 'la', 'ສ້າງແບນເນີ'),
(335, 'la', 'ສ້າງຮູບພາບ'),
(336, 'la', 'ສ້າງໜ້າຫຼັກ'),
(337, 'la', 'ສ້າງລາຍການ'),
(338, 'la', 'ສ້າງສະໄລ'),
(339, 'la', 'ສ້າງວິດີໂອ'),
(340, 'la', 'ລາຍການທີ່ສ້າງຫຼົ້ມເລວ. ກະລຸນາກວດການປ້ອນຂໍ້ມູນຄືນ'),
(341, 'la', 'ການສ້າງສຳເລັດ'),
(342, 'la', 'ການປິດການນຳໃຊ້ລົ້ມເຫລວ'),
(343, 'la', 'ການປິດການນໍາໃຊ້ສຳເລັດແລ້ວ'),
(344, 'la', 'ອອກແບບ ແລະ ພັດທະນາໂດຍ'),
(345, 'la', 'ລາຍລະອຽດ'),
(346, 'la', 'EXCEL'),
(347, 'la', 'ແກ້ໄຂ'),
(348, 'la', 'Event ID'),
(349, 'la', 'Events'),
(350, 'la', 'ລືມລະຫັດຜ່ານ'),
(351, 'la', 'G-Web'),
(352, 'la', 'ປະເພດ'),
(353, 'la', 'Gallery ID'),
(354, 'la', 'ມີລາຍການເພີ່ມເຕີມ1'),
(355, 'la', 'ມີລາຍການເພີ່ມເຕີມ2'),
(356, 'la', 'ມີລາຍການເພີ່ມເຕີມ3'),
(357, 'la', 'ມີລາຍການເພີ່ມເຕີມ4'),
(358, 'la', 'ມີລາຍການເພີ່ມເຕີມ5'),
(359, 'la', 'ມີເມນູຢູ່ລຸ່ມ'),
(360, 'la', 'ມີເມນູທາງຊ້າຍ'),
(361, 'la', 'ມີເມນູທາງຂວາ'),
(362, 'la', 'ມີເມນູຢູ່ເທິງ'),
(363, 'la', 'Home ID'),
(364, 'la', 'ໜ້າຫຼັກ'),
(365, 'la', 'ໄອຄອນ'),
(366, 'la', 'Invitation ID'),
(367, 'la', 'ລາຍການ'),
(368, 'la', 'Issue Category ID'),
(369, 'la', 'ລາຍການສົ່ງສຳເລັດແລ້ວ'),
(370, 'la', 'ມັກ'),
(373, 'la', 'ລາຍການ'),
(374, 'la', 'ປທສ ຜູ້ທີມີສິດທັງໝົດ'),
(375, 'la', 'ຈັດການເອກະສານ'),
(376, 'la', '​ບໍ​ລິ​ຫານ ໜ້າຫຼັກເບື່ອງຂວາ'),
(377, 'la', 'ຂໍ້ມູນບັນຊີໃໝ່'),
(378, 'la', 'ລາຍການໃຫມ່'),
(379, 'la', 'ຄໍາຂໍໃໝ່'),
(380, 'la', 'ຊື່ອົງກອນ'),
(381, 'la', 'ກະລຸນາກົດປຸ່ມທຳອິດ ອັບໂຫຼດ'),
(382, 'la', 'ກະລຸນາກົດປຸ່ມອັບໂຫລດຂ້າງເທິງ'),
(383, 'la', 'ລະຫັດ QR'),
(384, 'la', 'ລະຫັດລົງທະບຽນ'),
(385, 'la', 'ໝາຍ ເຫດ: ປ່ຽນບໍ່? ກັບ ໜ້າ id ຂອງ ຈຳ ນວນເນື້ອຫາຫຼື ໜ້າ id ປະເພດຂອງເນື້ອຫາ'),
(386, 'la', 'ລົບຟາຍຂໍ້ມູນເກົ່າ'),
(387, 'la', 'ລົບຮູບພາບເກົ່າ'),
(388, 'la', 'ລົບຮູບພາບ'),
(389, 'la', 'ການສົ່ງຄຳຂໍຫຼົ້ມເລວ'),
(390, 'la', 'ການສົ່ງຄຳຂໍສຳເລັດ'),
(391, 'la', 'ປັບໃໝ່'),
(392, 'la', 'ປ່ຽນລະຫັດ'),
(393, 'la', 'ຕົວເລືອກຄົ້ນຫາ'),
(394, 'la', 'ສົ່ງຄຳຂໍ'),
(395, 'la', 'ລາຍການສົ່ງຫຼົ້ມເລວ'),
(396, 'la', 'ຕັ້ງຄ່າຄ່າເລີ່ມຕົ້ນຂອງໄອຄອນ'),
(397, 'la', 'ຕັ້້ງຄ່າ'),
(398, 'la', 'ຂະໜາດຂອງຮູບພາບ: Width:1107px - Height:340px'),
(399, 'la', 'Slider ID'),
(400, 'la', 'ສະໄລ'),
(401, 'la', 'ສື່ສັງຄົມ'),
(402, 'la', 'ຂໍໂທດບໍ່ພົບໜ້ານີ້'),
(403, 'la', 'ຮູບໄອຄອນຕ້ອງເປັນເອກະສານ png'),
(404, 'la', 'ໜ້າທີ່ຮ້ອງຂໍບໍ່ມີ'),
(405, 'la', 'ບໍ່ມີເນື້ອຫາ'),
(406, 'la', 'ຫົວຂໍ້ອັງກິດ'),
(407, 'la', 'ຫົວຂໍ້ໃນ'),
(408, 'la', 'Type Home ID'),
(409, 'la', 'URL'),
(410, 'la', 'ອັບເດດປະເພດ'),
(411, 'la', 'ອັບເດດໜ້າຫຼັກ: {ຊື່}'),
(412, 'la', 'ອັບເດດລາຍຍການ'),
(413, 'la', 'ອັບເດດລາຍການໝວດໝູ່'),
(414, 'la', 'ອັບເດດວິດີໂອ'),
(415, 'la', 'ອັບເດດຫຼົ້ມເລວ. ກະລຸນາກວດຄືນການປ້ອນຂໍ້ມູນ'),
(416, 'la', 'ອັບເດດສຳເລັດແລ້ວ'),
(417, 'la', 'ອັບເດດ {ຫ້ອງmodel}:'),
(418, 'la', 'ອັບໂຫຼດຟາຍແນບ'),
(419, 'la', 'ອັບໂຫຼດຮູບພາບ'),
(420, 'la', 'User ID'),
(421, 'la', 'Video ID'),
(422, 'la', 'ວິດີໂອ'),
(423, 'la', 'ວຽງຈັນ ສປປ ລາວ'),
(424, 'la', 'ເບິ່ງໝວດໝູ່ເນື້ອຫາ'),
(425, 'la', 'ເບິ່ງຮູບພາບ'),
(426, 'la', 'ເບິ່ງເມນູ'),
(427, 'la', 'ເບີ່ງ  ​ຜູ້​ໃຊ້'),
(428, 'la', 'ເບິ່ງວິດີໂອ'),
(429, 'la', 'ເຈົ້າບໍ່ສາມາດລົບລາຍການນີ້ໄດ້ເພາະມັນເຊື່ອມກັບລາຍການອື່ນ. ກະລຸນາປິດການໃຊ້ງານແທນທີ່ລົບ'),
(430, 'en', 'Event'),
(430, 'la', 'ຊື່​ງານ (Event)'),
(431, 'en', 'If you delete this item, will information about this item be deleted?'),
(431, 'la', 'ຖ້າ​ທ່ານ​ລືບ​ລາຍ​ການນີ້​ຂໍ້​ມູນ​ກ​່ຽວ​ກັບ​ລາຍ​ການນີ້​ຈະ​ຖືກ​ລືບ​ໄປ​ນຳ.'),
(432, 'en', 'Date'),
(432, 'la', 'ວັນ​ທີ (Date)'),
(433, 'en', 'Invite participants'),
(433, 'la', 'ເຊີນ​ຜູ້​ເຂົ້າ​ຮ່ວມ'),
(434, 'en', 'If you delete this item, will information about this item be deleted?'),
(434, 'la', '​ຖ້າ​ທ່ານ​ລືບ​ລາຍ​ການນີ້​ຂໍ້​ມູນ​ກ​່ຽວ​ກັບ​ລາຍ​ການນີ້​ຈະ​ຖືກ​ລືບ​ໄປ​ນຳ.?'),
(435, 'la', 'ການມອບໝາຍ : {0}'),
(436, 'la', 'ຄົ້ນຫາສິ່ງທີມີ'),
(437, 'la', 'ມອບໝາຍ'),
(438, 'la', 'ລົບ'),
(439, 'la', 'ຄົ້ນຫາ ການມອບໝາຍ'),
(440, 'la', 'Refresh'),
(441, 'la', 'ປະເພດ'),
(442, 'la', 'ຂໍ້ມູນ'),
(443, 'la', 'ສ້າງ'),
(444, 'la', 'ຜ່ານຕາຕາລາງ'),
(445, 'la', 'ຜ່ານ Model'),
(812, 'la', 'ເວລາເລື່ອນ(1000 = 1s /slide)'),
(813, 'la', 'ຈໍານວນຕົວເລກສະແດງພາບສະໄລ'),
(814, 'la', 'ເປີດໃຊ້ແຜນຜັງເວັບໄຊທ໌'),
(815, 'la', 'ສີພື້ນຫລັງ'),
(816, 'la', 'ສີຂໍ້ຄວາມເມນູ'),
(817, 'la', 'ສີຂໍ້ຄວາມເມນູຍ່ອຍ'),
(818, 'la', 'ສີຂໍ້ຄວາມຫົວຂໍ້'),
(819, 'la', 'ສີຂໍ້ຄວາມ footer'),
(820, 'la', 'ຫົວຂໍ້ສີພື້ນຫລັງ'),
(821, 'la', 'ເມນູສີພື້ນຫລັງ'),
(822, 'la', 'ເມນູຍ່ອຍສີພື້ນຫລັງ'),
(823, 'la', 'ເມນູສີພື້ນຫລັງ focus'),
(824, 'la', 'ເມນູສີພື້ນຫລັງ active'),
(825, 'la', 'ສີພື້ນຫລັງ footer'),
(826, 'la', 'ພາສາ'),
(827, 'la', 'ແກ້ໄຂ'),
(828, 'la', 'ຈຳ​ນວນ​ຄົນ'),
(829, 'la', 'ຕັ້ງຄ່າ Banner'),
(830, 'la', 'Banner (ຂະໜາດ: 1350px x 200px)'),
(831, 'la', 'ຕັ້ງຄ້າ ເມນູ'),
(832, 'la', 'ຕັ້ງຄ່າສ່ວນຫົວຂໍ້ ແລະ footer'),
(833, 'la', 'ການຕັ້ງຄ່າເລື່ອນພາບ slide'),
(834, 'la', 'ຕັ້ງຄ່າແຜນຜັງເວັບໄຊທ໌'),
(835, 'la', 'ເປີດໃຊ້ງານ'),
(836, 'la', 'ປິດໃຊ້ງານ'),
(837, 'la', 'ລີ້ງຫາເນື້ອຫາ\nໜ້າ'),
(838, 'la', 'ລີ້ງຫາເນື້ອຫາ\nປະເພດໜ້າ'),
(839, 'la', 'ຕັ້້ງຄ່າ'),
(840, 'la', 'ບໍລິຫານ ໜ້າຫຼັກ'),
(841, 'la', 'ບໍລິຫານປະເພດໜ້າຫຼັກ'),
(842, 'la', 'ບໍລິຫານ ເນື້ອຫາ'),
(843, 'la', 'ບໍລິຫານ ບັນຫາ'),
(844, 'la', 'ປ່ຽນລະຫັດຜ່ານ'),
(845, 'la', 'ສົ່ງຄຳຂໍ'),
(846, 'en', 'The operation'),
(846, 'la', 'ການເຄື່ອນໄຫວ'),
(847, 'la', 'ສ້າງປະເພດໜ້າຫຼັກ'),
(848, 'la', 'ໝວດໝູ່ເນື້ອຫາ'),
(849, 'la', 'ສາມາດສ້າງ'),
(850, 'la', 'ສາມາດແກ້ໄຂ'),
(851, 'la', 'ສາມາດລົບ'),
(852, 'la', 'ເຈົ້າບໍ່ມີສິດ {0} ບັນທຶກ #{1}'),
(853, 'la', 'ເປີດ'),
(854, 'la', 'ປິດ'),
(855, 'la', 'ບໍ່ພົບຟາຍ'),
(856, 'la', 'ເບິ່ງເວັບໄຊ'),
(857, 'la', 'ລາຍການສຳຮອງຂໍ້ມູນ'),
(858, 'la', 'ສ້າງການສຳຮອງຂໍ້ມູນ'),
(859, 'la', 'ອັບໂຫຼດການສຳຮອງຂໍ້ມູນ'),
(860, 'la', 'ລ້າງຖານຂໍ້ມູນ'),
(861, 'la', 'ຟາຍສຳຮອງສຳຂໍ້ມູນ|ຟາຍສຳຮອງສຳຂໍ້ມູນ'),
(862, 'la', 'ຟາຍ|ຟາຍ'),
(863, 'la', 'ລົບການສຳຮອງຂໍ້ມູນນີ້'),
(864, 'la', 'ລົງຂໍ້ມູນສຳຮອງນີ້'),
(865, 'la', 'ບັນຊີຂອງເຈົ້າຖືກລົບ, ກະລຸນາຕິດຕໍ່ຫາຜູ້ຄວບຄຸມສຳລັບລາຍລະອຽດ'),
(866, 'la', 'ຊື່ເຂົ້າລະບົບ ຫຼື ລະຫັດບໍຖືກຕ້ອງ'),
(867, 'la', 'ອີເມວບໍ່ພົບເຫັນ'),
(868, 'la', 'ຊື່ນີ້ໄດ້ຖືກນໍາໃຊ້ແລ້ວ'),
(869, 'la', 'ທີ່ຢູ່ອີເມວນີ້ແມ່ນຖືກໃຊ້ແລ້ວ'),
(870, 'la', 'ບໍ່ພົບໜ້ານີ້'),
(871, 'la', 'ຍ້າຍຂໍ້ມູນສຳເລັດ'),
(872, 'la', 'ບໍ່ສາມາດຍ້າຍຂໍ້ມູນ'),
(873, 'la', 'ບໍ່ສາມາດບັນທຶກພາບໄດ້: `{errorMessage}`'),
(874, 'la', 'ບໍ່ສາມາດອັບໂຫຼດຟາຍ'),
(875, 'la', 'ບໍ່ສາມາດບັນທຶກຟາຍອັບໂຫຼດ'),
(876, 'la', 'ບໍສາມາດບັນທຶກຟາຍຮູບແບບ'),
(877, 'la', 'ຜິດພາດ'),
(878, 'la', 'ລົບ'),
(879, 'la', 'ຍົກເລີກ'),
(880, 'la', 'ເພີ່ມຟາຍ'),
(881, 'la', 'ເລີ່ມອັບໂຫຼດ'),
(882, 'la', 'ຍົກເລີກອັບໂຫຼດ'),
(883, 'la', 'ຂະບວນການ'),
(884, 'la', 'ເລີ່ມ'),
(885, 'la', 'ເລືອກຟາຍ....'),
(886, 'la', 'ຄຳຂໍການຖ່າຍໂອນຂໍ້ມູນບໍ່ຖືກຕ້ອງ'),
(887, 'la', 'ລົບການຖ່າຍໂອນຂໍ້ມູນຈາກທີ່ເກັບຂໍ້ມູນ'),
(888, 'la', 'ອັບເດດການຖ່າຍໂອນຂໍ້ມູນຢູ່ທີ່ເກັບຂໍ້ມູນ'),
(889, 'la', 'ລົບການໂອນຂໍ້ມູນສຳເລັດ'),
(890, 'la', 'ລົບການໂອນຂໍ້ມູນຫຼົ້ມເລວ'),
(891, 'la', 'ການຖ່າຍໂອນຂໍ້ມູນທັງໝົດຖືກຍ້າຍແລ້ວ'),
(892, 'la', 'ລົບຖ່າຍໂອນຂໍ້ມູນຫຼົ້ມເລວ'),
(893, 'la', 'ສ້າງການຖ່າຍໂອນຂໍ້ມູນສຳເລັດແລ້ວ'),
(894, 'la', 'ກູ້ຄືນການໂອນຂໍ້ມູນສຳເລັດແລ້ວ'),
(895, 'la', 'ການໂອນຂໍ້ມູນຫຼົ້ມເລວ'),
(896, 'la', 'ກູ້ຄືນຂໍ້ມູນຫຼົມເລວ'),
(897, 'la', 'ຂະບວນການເຮັດວຽກກັບ pid={pid}'),
(898, 'la', 'ຂະບວນການສຳເລັດ'),
(899, 'la', 'ຖານຂໍ້ມູນ'),
(900, 'la', 'gzip'),
(901, 'la', 'ໂອນມູນສະເພາະແຕ່ schema'),
(902, 'la', 'ກຳນົດການໂອນຂໍ້ມູນເອງ'),
(903, 'la', 'ເຮັດວຽກຢູ່ເບື່ອງຫຼັງ'),
(904, 'la', 'ກຳນົດການກູ້ຂໍ້ມູນເອງ'),
(905, 'la', 'ຜູ້ບໍລິຫານ DB'),
(906, 'la', 'ສ້າງໂອນຂໍ້ມູນ'),
(907, 'la', 'ຂະບວນການໃຊ້ງານ'),
(908, 'la', 'ລົບທັງໝົດ'),
(909, 'la', 'ເຈົ້າໝັ່ນໃຈບໍ?'),
(910, 'la', 'ປະເພດ'),
(911, 'la', 'ຊື່'),
(912, 'la', 'ຂະໜາດ'),
(913, 'la', 'ເວລາສ້າງ'),
(914, 'la', 'ດາວໂຫຼດ'),
(915, 'la', 'ລົງຂໍ້ມູນ'),
(916, 'la', 'ລົບຈາກບ່ອນເກັບຂໍ້ມູນ'),
(917, 'la', 'ອັບໂຫຼດໃສ່ບ່ອນເກັບຂໍ້ມູນ'),
(918, 'la', 'ລົບ'),
(919, 'la', 'ID'),
(920, 'la', 'ຫົວຂໍ້'),
(921, 'la', 'ເລືອກ...'),
(922, 'la', 'ສຳຮອງຂໍ້ມູນບໍ່ພົບ'),
(923, 'la', 'ການຕັ້ງຄ່າສຳຮອງຂໍ້ມູນບໍ່ພົບ'),
(924, 'la', 'ວັນທີ'),
(925, 'la', 'ຕັ້ງຄ່າ'),
(926, 'la', 'ປະເພດສຳຮອງຂໍ້ມູນ'),
(927, 'la', 'ຊື່ຟາຍ'),
(928, 'la', 'ຊື່ຕັ້ງຄ່າ'),
(929, 'la', 'ຂະໜາດ'),
(930, 'la', 'ສະຖານະ'),
(931, 'la', 'ສຳຮອງຂໍ້ມູນ'),
(932, 'la', 'ເຈົ້າຕ້ອງການລົງຂໍ້ມູນສຳຮອງນີ້ບໍ?'),
(933, 'la', 'ການລົງຂໍ້ມູນສຳຮອງສຳເລັດ'),
(934, 'la', 'ສ້າງການສຳຮອງຂໍ້ມູນສຳເລັດ'),
(935, 'la', 'ເອົາຂໍ້ມູນສຳຮອງເຂົ້າແລ້ວ'),
(936, 'la', 'ສຳຮອງຂໍ້ມູນແມ່ນຖືກລົບແລ້ວ'),
(937, 'la', 'ເລີ່ມສຳຮອງຂໍ້ມູນ'),
(938, 'la', 'ເອົາຂໍ້ມູນສຳຮອງເຂົ້າ'),
(939, 'la', 'ລົງຂໍ້ມູນຄືນ'),
(940, 'la', 'ດາວໂຫຼດ'),
(941, 'la', 'ລົບ'),
(942, 'la', 'ຕົກລົງ'),
(943, 'la', 'ຍົກເລີກ'),
(944, 'la', 'ຂໍ້ມູນ'),
(945, 'la', 'ການຢືນຢັ້ນ'),
(946, 'la', 'ການກະທຳ'),
(947, 'la', 'ລາຍການ'),
(948, 'la', 'ເຈົ້າຕ້ອງການລົບຂໍ້ມູນນີ້ແທ້ບໍ {iລາຍການ}?'),
(949, 'la', 'ເບິ່ງ'),
(950, 'la', 'ອົບເດດ'),
(951, 'la', 'ລົບ'),
(952, 'la', 'ໃຊ້ງານ'),
(953, 'la', 'ບໍ່ໃຊ້ງານ'),
(954, 'la', 'ສົ່ງອອກ'),
(955, 'la', 'ບໍ່ພົບຂໍ້ມູນ'),
(956, 'la', 'Krajee Solutions'),
(957, 'la', 'Krajee Yii2 Grid Export Extension'),
(958, 'la', 'ເພີ່ມປື້ມ'),
(959, 'la', 'ປື້ມລາຍການ'),
(960, 'la', 'ດາວໂຫຼດທີ່ເລືອກແລ້ວ'),
(961, 'la', 'ຫໍສະໝຸດ'),
(962, 'la', 'ຕັ້ງຄ່າ Grid'),
(963, 'la', 'ໜ້າບົດລາຍງານຈະສະແດງຜົນລວມສຳລັບ 3ໂຕທຳອິດຂອງຖັນ ແລະ ສະເລ່ຍສຳລັບທາງທ້າຍ'),
(964, 'la', 'ສ່ວນຫົວແມ່ນຢູ່ເທິງສຸດຂອງການສາທິດການນຳໃຊ້ນີ້ຖ້າເຈົ້າເລືອນລົງ'),
(965, 'la', 'ປັບຂະໜາດຖັນຂອງຕາຕາລາງໃຫ້ຄືກັນກັບລາກຂອບຂອງຖັນຕາຕາລາງ'),
(966, 'la', 'ຂໍ້ມູນທີ່ແກ້ໄຂບໍ່ຖືກຕ້ອງ'),
(967, 'la', 'ບໍ່ພົບຮູບແບບທີ່ແກ້ໄຂຖືກຕ້ອງ'),
(968, 'la', 'ການແກ້ໄຂດັດຊະນີ ຫຼື ຮູບແບບບໍ່ຖືກຈາກຊື່'),
(969, 'la', 'ການອັບເດດຊໍ້ມູນລົ້ມເຫລວສາມາດແກ້ໄຂໄດ້ເນື່ອງຈາກມີຂໍ້ຜິດພາດຂອງເຊີບເວີທີ່ບໍ່ຮູ້ຈັກ'),
(970, 'la', '<ນ້ອຍ>ໂຫຼດ &hellip;</ນ້ອຍ>'),
(971, 'la', 'ຂະຫຍາຍ'),
(972, 'la', 'ຍຸບ'),
(973, 'la', 'ຂະຫຍາຍທັງໝົດ'),
(974, 'la', 'ຍຸບທັງໝົດ'),
(975, 'la', 'ລາຍການ'),
(976, 'la', 'ລາຍການ-ໜ້ອຍ'),
(977, 'la', 'ລາຍການ-ຫຼາຍ'),
(978, 'la', 'ລາຍການ-acc'),
(979, 'la', 'ສະແດງ<b>{ເລີ່ມ, ຈຳນວນ}-{ສຸດທ້າຍ, ຈຳນວນ}</b> ຂອງ <b>{ນັບລວມ, ຈຳນວນ}</b> {ນັບລວມ, plural, ໜຶ່ງ{{ລາຍການ}} ອຶ່ນໆ {{ລາຍການ}}}.'),
(980, 'la', 'ຈຳນວນລວມ <b>{ນັບ,ຈຳນວນ}</b> {ນັບ, plural, ໜຶ່ງ{{ລາຍການ}} ອື່ນໆ{{ລາຍການ}}}.'),
(981, 'la', 'ປິດການໃຊ້ງານບລັອກທີ່ຂື້ນມາໃນບາວເຊີຂອງເຈົາເພື່ອຮັບປະກັນການດາວໂຫຼດທີ່ຖືກຕ້ອງ'),
(982, 'la', 'ຂະບວນນີ້ຕົກລົງບໍ?'),
(983, 'la', 'ກຳລັງສ້າງຟາຍເອກະສານທີ່ສົ່ງອອກ. ກະລຸນາລໍຖ້າ...'),
(984, 'la', 'ສົ່ງຄຳຂໍແລ້ວ! ເຈົ້າສາມາດປິດກ່ອງນີ້ໄດຢ່າງປອດໄຟຫຼັງຈາກທີ່ເຈົ້າບັນທຶກຟາຍເອກະສານທີ່ດາວໂຫຼດ'),
(985, 'la', 'ສົ່ງອອກ'),
(986, 'la', 'ສົ່ງອອກໜ້າຂໍ້ມູນ'),
(987, 'la', 'ສົ່ງອອກຂໍ້ມູນທັງໝົດ'),
(988, 'la', 'ສົ່ງອອກ Grid'),
(989, 'la', 'Yii2 Grid Export (PDF)'),
(990, 'la', 'ສ້າງແລ້ວ'),
(991, 'la', '© Krajee Yii2 Extensions'),
(992, 'la', 'HTML'),
(993, 'la', 'grid-ສົ່ງອອກ'),
(994, 'la', 'ຟາຍສົ່ງອອກ HTML ສ້າງຂື້ນເພື່ອດາວໂຫຼດ'),
(995, 'la', 'ພາສາ Hyper Text Markup'),
(996, 'la', 'CSV'),
(997, 'la', 'ຟາຍສົ່ງອອກ CSV ສ້າງຂື້ນເພື່ອດາວໂຫຼດ'),
(998, 'la', 'Comma Separated Values'),
(999, 'la', 'ເນື້ອໃນ'),
(1000, 'la', 'ຟາຍTEXT ທີ່ສົ່ງອອກສ້າງຂື້ນເພື່ອໃຫ້ດາວໂຫຼດ'),
(1001, 'la', 'ຂໍ້ຄວາມທີ່ຖືກຈຳກັດ'),
(1002, 'la', 'ເອັກເຊວ'),
(1003, 'la', 'ຟາຍEXCELທີ່ສົ່ງອອກສ້າງຂື້ນເພື່ອດາວໂຫຼດ'),
(1004, 'la', 'Microsoft Excel 95+'),
(1005, 'la', 'ສົ່ງອອກແຜນງານ'),
(1006, 'la', 'PDF'),
(1007, 'la', 'ຟາຍເອກະສານ PDF ທີ່ສົ່ງອອກສ້າງໃຫ້ດາວໂຫຼດ'),
(1008, 'la', 'ຮູບແບບເອກະສານ'),
(1009, 'la', 'PDF export generated by kartik-v/yii2-grid extension'),
(1010, 'la', 'krajee, grid, export, yii2-grid, pdf'),
(1011, 'la', 'JSON'),
(1012, 'la', 'ຟາຍເອກະສານ JSON ທີ່ສົ່ງອອກສ້າງຂື້ນເພື່ອໃຫ້ດາວໂຫຼດ'),
(1013, 'la', 'JavaScript Object Notation'),
(1014, 'la', 'There are {totalCount} records. Are you sure you want to display them all?'),
(1015, 'la', 'ທັງໝົດ'),
(1016, 'la', 'ສະແດງທັງໝົດ'),
(1017, 'la', 'ໜ້າ'),
(1018, 'la', 'ສະແດງໜ້າທໍາອິດ'),
(1019, 'la', 'ລົບລ້າງທີເລືອກ'),
(1020, 'la', 'ຂໍແນະນຳໃຫ້ເຈົ້າໃຊ້ບາວເຊີທີຍົກລະດັບຂື້ນເພື່ອການສະແດງຂໍ້ມູນ {ປະເພດ} ຄວບຄຸມຢ່າງເໝາະສົມ'),
(1021, 'la', '{attribute} ຕ້ອງເປັນ string'),
(1022, 'la', '{attribute} ຄວນມີຢ່າງນ້ອຍ {n, plural, one{one character} ອື່ນໆ {# characters}} ({ພົບເຫັນ} ພົບເຫັນ)!'),
(1023, 'la', '{attribute} ຄວນໃຫຍ່ກວ່າ {n, plural, one{one character} ອື່ນໆ {# characters}} ({ພົບເຫັນ} ພົບເຫັນ)!'),
(1024, 'la', '{attribute} ຄວນມີແທ້ {n, plural, ໜຶ່ງ{ໜຶ່ງລັກສະນະ} other{# ລັກສະນະ}} ({ພົບເຫັນ} ພົບເຫັນ)!'),
(1025, 'la', '{attribute} ຕ້ອງບໍ່ມີບ່ອນຫວ່າງ'),
(1026, 'la', '{attribute} ບໍ່ສາມາດບັນຈຸຊື່ຜູ້ໃຊ້'),
(1027, 'la', '{attribute} ບໍ່ຕ້ອງມີທີ່ຢູ່ອີເມວ'),
(1028, 'la', '{attribute} ຄວນມີຢ່າງນ້ອຍ {n, plural, one{ຕົວອັກສອນໂຕນ້ອຍ1ໂຕ} ອື່ນໆ{# ຕົວອັກສອນໂຕນ້ອຍ}} ({ພົບເຫັນ} ພົບເຫັນ)!'),
(1029, 'la', '{attribute} should contain at least {n, plural, one{one upper case character} other{# upper case characters}} ({found} found)!'),
(1030, 'la', '{attribute} should contain at least {n, plural, one{one numeric / digit character} other{# numeric / digit characters}} ({found} found)!'),
(1031, 'la', '{attribute} should contain at least {n, plural, one{one special character} other{# special characters}} ({found} found)!'),
(1032, 'la', '{attribute} ມີຢູ່ໃນລາຍການລະຫັດຜ່ານທີລະເມີດ'),
(1033, 'la', 'ຍົກເລີກ'),
(1034, 'la', 'ເລືອກ'),
(1035, 'la', 'ການເລືອກສີທີ່ຈະແຈ້ງ'),
(1036, 'la', 'ບໍໄດ້ເລຶອກສີ'),
(1037, 'la', 'ເພີ່ມ'),
(1038, 'la', 'ໜ້ອຍ'),
(1039, 'la', 'ເບິ່ງຕົວຢ່າງເອກະສານແລະອັບໂຫລດເອກະສານຫຼາຍແບບ'),
(1040, 'la', 'ອັບໂຫລດເອກະສານຫຼາຍຮູບແບບ'),
(1041, 'la', 'ຂໍ້ຄວາມ:'),
(1042, 'la', 'ບາວເຊີຂອງເຈົ້າບໍ່ຕອບສະໜອງ {validation}. ລອງໃຊ້ບາວເຊີໂຕໃໝ່ເພື່ອການເຂົ້າເຖິງຂໍ້ມູນ'),
(1043, 'la', 'ຂໍ້ຄວາມນີ້ບໍ່ພົບໃນຖານຂໍ້ມູນ! ກະລຸນາລັນລະບົບກ່ອນຈະແປຂໍ້ມູນ'),
(1044, 'la', 'ແປພາສາ'),
(1045, 'la', 'ເອົາຂໍ້ມູນເຂົ້າສຳເລັດ {ຊື່ຟາຍເອກະສານ}'),
(1046, 'la', '{ປະເພດ}: {ໃໝ່} ໃໝ່, {ອັບເດດ} ອັບເດດ'),
(1047, 'la', 'ຮູບແບບບໍ່ຖືກ \"{model}\":'),
(1048, 'la', 'ແປພາສາ'),
(1049, 'la', 'ສ້າງ {modelClass}'),
(1050, 'la', 'ພາສາ'),
(1051, 'la', 'Source'),
(1052, 'la', 'ເລືອກພາສາທີ່ຈະແປ'),
(1053, 'la', 'ຂໍ້ຄວາມນີ້ຖືກແປ'),
(1054, 'la', 'ສົ່ງອອກ'),
(1055, 'la', 'ເອົາຂໍ້ມູນເຂົ້າ'),
(1056, 'la', 'ລາຍຊື່ພາສາ'),
(1057, 'la', 'ສະຖານະ'),
(1058, 'la', 'ສະຖິຕິ'),
(1059, 'la', 'ແປພາສາ'),
(1060, 'la', 'ເພີ່ມປະສິດທິພາບຖານຂໍ້ມູນ'),
(1061, 'la', '{n, plural, =0{No entries} =1{One entry} other{# entries}} were removed!'),
(1062, 'la', 'ສະແກນໂຄງການ'),
(1063, 'la', '{n, plural, =0{No new entries} =1{One new entry} other{# new entries}} were added!'),
(1064, 'la', '{n, plural, =0{No entries} =1{One entry} other{# entries}} remove!'),
(1065, 'la', 'ແປເປັນພາສາ {language_id}'),
(1066, 'la', 'ຕົ້ນສະບັບ'),
(1067, 'la', 'Source language'),
(1068, 'la', 'Enter \"{command}\" to search for empty translations.'),
(1069, 'la', 'ໃຊ້ງານ'),
(1070, 'la', 'ບັນທຶກ'),
(1071, 'la', 'ອັບເດດ {modelClass}:'),
(1072, 'la', 'ອັບເດດ'),
(1073, 'la', 'ລົບ'),
(1074, 'la', 'ເຈົ້າຕ້ອງການລົບລາຍການນີ້ແທ້ບໍ?'),
(1075, 'la', 'ສະຖານະການແປ'),
(1076, 'la', 'ສ້າງ'),
(1077, 'la', 'ເລືອກທັງໝົດ'),
(1078, 'la', 'ລົບທີເລືອກ'),
(1079, 'la', 'ໜ້າຫຼັກ'),
(1080, 'la', 'ພາສາ'),
(1081, 'la', 'ສະແກນ'),
(1082, 'la', 'ເພີ່ມປະສິດທິພາບ'),
(1083, 'la', 'Im-/ສົ່ງອອກ'),
(1084, 'la', 'ສະຫຼັບການແປ'),
(1085, 'la', 'Language ID'),
(1086, 'la', 'ພາສາ'),
(1087, 'la', 'ປະເທດ'),
(1088, 'la', 'ຊື່'),
(1089, 'la', 'ຊື່ Ascii'),
(1090, 'la', 'ສະຖານະ'),
(1091, 'la', 'ID'),
(1092, 'la', 'ໝວດໝູ່'),
(1093, 'la', 'ຂໍ້ຄວາມທີ່ມາ'),
(1094, 'la', 'ແປພາສາ'),
(1095, 'la', '\"{attribute}\" must be a valid JSON object'),
(1096, 'la', '{attribute} \"{value}\" already exists for this section.'),
(1097, 'la', 'ກະລຸນາເລືອກໃຫ້ຖືກປະເພດ'),
(1098, 'la', 'ID'),
(1099, 'la', 'ປະເພດ'),
(1100, 'la', 'ພາກສ່ວນ'),
(1101, 'la', 'ກະແຈ'),
(1102, 'la', 'ມູນຄ່າ'),
(1103, 'la', 'ໃຊ້ງານ'),
(1104, 'la', 'ສ້າງ'),
(1105, 'la', 'ແກ້ໄຂ'),
(1106, 'la', 'ບັນທຶກການຕັ້ງຄ່າສຳເລັດ {section}'),
(1107, 'la', 'ສ້າງ {modelClass}'),
(1108, 'la', 'ຕັ້້ງຄ່າ'),
(1109, 'la', 'ຕັ້້ງຄ່າ'),
(1110, 'la', 'ອັບເດດ {modelClass}:'),
(1111, 'la', 'ອັບເດດ'),
(1112, 'la', 'ລົບ'),
(1113, 'la', 'ເຈົ້າຕ້ອງການລົບລາຍການນີ້ແທ້ບໍ?'),
(1114, 'la', 'ປ່ຽນຕາມຄວາມຕ້ອງການຂອງເຈົ້າ'),
(1115, 'la', 'ສ້າງ'),
(1116, 'la', 'ຄົ້ນຫາ'),
(1117, 'la', 'ປັບໃໝ່'),
(1118, 'la', 'ແມ່ນ'),
(1119, 'la', 'ບໍ່ແມ່ນ'),
(1120, 'la', '{attribute} \"{value}\" has already been taken.'),
(1121, 'la', 'Powered by {yii}'),
(1122, 'la', 'Yii Framework'),
(1123, 'la', 'ລະຫັດຢັ້ງຢືນບໍ່ຖືກຕ້ອງ.'),
(1124, 'la', 'ບໍ່ຮູ້ alias: -{name}'),
(1125, 'la', 'Aliases available: {aliases}'),
(1126, 'la', 'ບໍ່ຮູ້ຮູບແບບ: --{ຊື່}'),
(1127, 'la', 'Options available: {options}'),
(1128, 'la', 'Missing required arguments: {params}'),
(1129, 'la', 'ການໃຊ້ງານບໍ່ພົບ'),
(1130, 'la', 'The format of {filter} is invalid.'),
(1131, 'la', 'Operator \"{operator}\" requires multiple operands.'),
(1132, 'la', 'Unknown filter attribute \"{attribute}\"'),
(1133, 'la', 'Condition for \"{attribute}\" should be either a value or valid operator specification.'),
(1134, 'la', 'Operator \"{operator}\" must be used with a search attribute.'),
(1135, 'la', '\"{attribute}\" does not support operator \"{operator}\".'),
(1136, 'la', 'ເຈົ້າບໍ່ໄດ້ຮັບອານຸຍາດໃຫ້ເຂົ້າເຖິງໜ້ານີ້'),
(1137, 'la', 'ໜ້ານີ້ບໍ່ພົບ'),
(1138, 'la', 'ເຈົ້າຕ້ອງການລົບລາຍການນີ້ແທ້ບໍ?'),
(1139, 'la', 'ເບິ່ງ'),
(1140, 'la', 'ອັບເດດ'),
(1141, 'la', 'ລົບ'),
(1142, 'la', 'ກະລຸນາແກ້ໄຂຂໍ້ມູນທີ່ຜິດພາດດັ່ງນີ້:'),
(1143, 'la', 'ແລະ'),
(1144, 'la', '(ບໍ່ໄດ້ກຳນົດ)'),
(1145, 'la', 'in {delta, plural, =1{a year} other{# years}}'),
(1146, 'la', 'in {delta, plural, =1{a month} other{# months}}'),
(1147, 'la', 'in {delta, plural, =1{a day} other{# days}}'),
(1148, 'la', 'in {delta, plural, =1{an hour} other{# hours}}'),
(1149, 'la', 'in {delta, plural, =1{a minute} other{# minutes}}'),
(1150, 'la', 'ຕອນນີ້'),
(1151, 'la', 'in {delta, plural, =1{a second} other{# seconds}}'),
(1152, 'la', '{delta, plural, =1{ປີ} other{# years}} ago'),
(1153, 'la', '{delta, plural, =1{a month} other{# months}} ago'),
(1154, 'la', '{delta, plural, =1{a day} other{# days}} ago'),
(1155, 'la', '{delta, plural, =1{an hour} other{# hours}} ago'),
(1156, 'la', '{delta, plural, =1{a minute} other{# minutes}} ago'),
(1157, 'la', '{delta, plural, =1{a second} other{# seconds}} ago'),
(1158, 'la', '{delta, plural, =1{1 year} other{# years}}'),
(1159, 'la', '{delta, plural, =1{1 month} other{# months}}'),
(1160, 'la', '{delta, plural, =1{1 day} other{# days}}'),
(1161, 'la', '{delta, plural, =1{1 hour} other{# hours}}'),
(1162, 'la', '{delta, plural, =1{1 minute} other{# minutes}}'),
(1163, 'la', '{delta, plural, =1{1 second} other{# seconds}}'),
(1164, 'la', '{nFormatted} B'),
(1165, 'la', '{nFormatted} KiB'),
(1166, 'la', '{nFormatted} MiB'),
(1167, 'la', '{nFormatted} GiB'),
(1168, 'la', '{nFormatted} TiB'),
(1169, 'la', '{nFormatted} PiB'),
(1170, 'la', '{nFormatted} kB'),
(1171, 'la', '{nFormatted} MB'),
(1172, 'la', '{nFormatted} GB'),
(1173, 'la', '{nFormatted} TB'),
(1174, 'la', '{nFormatted} PB'),
(1175, 'la', '{nFormatted} {n, plural, =1{byte} other{bytes}}'),
(1176, 'la', '{nFormatted} {n, plural, =1{kibibyte} other{kibibytes}}'),
(1177, 'la', '{nFormatted} {n, plural, =1{mebibyte} other{mebibytes}}'),
(1178, 'la', '{nFormatted} {n, plural, =1{gibibyte} other{gibibytes}}'),
(1179, 'la', '{nFormatted} {n, plural, =1{tebibyte} other{tebibytes}}'),
(1180, 'la', '{nFormatted} {n, plural, =1{pebibyte} other{pebibytes}}'),
(1181, 'la', '{nFormatted} {n, plural, =1{kilobyte} other{kilobytes}}'),
(1182, 'la', '{nFormatted} {n, plural, =1{megabyte} other{megabytes}}'),
(1183, 'la', '{nFormatted} {n, plural, =1{gigabyte} other{gigabytes}}'),
(1184, 'la', '{nFormatted} {n, plural, =1{terabyte} other{terabytes}}'),
(1185, 'la', '{nFormatted} {n, plural, =1{petabyte} other{petabytes}}'),
(1186, 'la', '{attribute} ຕ້ອງເປັນແບບໃດແບບໜຶ່ງ \"{true}\" or \"{false}\".'),
(1187, 'la', '{attribute} ຕ້ອງເທົ່າກັບ \"{compareValueOrAttribute}\".'),
(1188, 'la', '{attribute} ຕ້ອງບໍ່ເທົ່າກັບ \"{compareValueOrAttribute}\".'),
(1189, 'la', '{attribute} ຕ້ອງຫຼາຍກ່ວາ \"{compareValueOrAttribute}\".'),
(1190, 'la', '{attribute} ຕ້ອງຫຼາຍກວ່າ ຫຼື ເທົ່າກັບ \"{compareValueOrAttribute}\".'),
(1191, 'la', '{attribute} ຕ້ອງໜ້ອຍກວ່າ \"{compareValueOrAttribute}\".'),
(1192, 'la', '{attribute} ຕ້ອງໜ້ອຍກວ່າຫຼືເທົ່າກັບ \"{compareValueOrAttribute}\".'),
(1193, 'la', '{attribute} ແມ່ນບໍ່ຖືກຕ້ອງ.'),
(1194, 'la', 'ຮູບແບບຂອງ {attribute} is invalid.'),
(1195, 'la', '{attribute} ຕ້ອງບໍ່ນ້ອຍກວ່າ {min}.'),
(1196, 'la', '{attribute} ຕ້ອງບໍ່ຫຼາຍກວ່າ {max}.'),
(1197, 'la', '{attribute} ບໍ່ພົບທີ່ຢູ່ອີເມວ.'),
(1198, 'la', 'ອັບໂຫຼດຟາຍເອກະສານຜິດພາດ'),
(1199, 'la', 'ກະລຸນາອັບໂຫຼດຟາຍເອກະສານ'),
(1200, 'la', 'ເຈົ້າສາມາດອັບໂຫຼດໄດ້ຫຼາຍ {limit, number} {limit, plural, one{file} other{files}}.'),
(1201, 'la', 'ເຈົ້າຄວນອັບໂຫຼດຢ່າງໜ້ອຍ {limit, number} {limit, plural, one{file} other{files}}.'),
(1202, 'la', 'ມີພຽງແຕ່ເອກະສານທີ່ມີນາມສະກຸນເຫລົ່ານີ້ເທົ່ານັ້ນ: {extensions}.'),
(1203, 'la', 'The file \"{file}\" ແມ່ນໃຫຍ່ຫຼາຍ. Its size cannot exceed {formattedLimit}.'),
(1204, 'la', 'ຟາຍເອກະສານ \"{file}\" ແມ່ນນ້ອຍຫຼາຍ. ຂະໜາດຕ້ອງບໍ່ນ້ອຍກວ່າ {formattedLimit}.'),
(1205, 'la', 'ມີພຽງຟາຍເອກະສານປະເພດ MIME ເທົ່ານັ້ນ: {mimeTypes}.'),
(1206, 'la', 'ຟາຍເອກະສານ \"{file}\" ບໍ່ແມ່ນຮູບພາບ.'),
(1207, 'la', 'ຮູບພາບ \"{file}\" ແມ່ນນ້ອຍຫຼາຍ. ຄວາມກ້ວາງຕ້ອງບໍ່ນ້ອຍກ່ອນ {limit, number} {limit, plural, one{pixel} other{pixels}}.'),
(1208, 'la', 'ຮູບພາບ \"{file}\" ແມ່ນນ້ອຍຫຼາຍ. ຄວາມສູງຕ້ອງບໍ່ນ້ອຍກ່ອນ {limit, number} {limit, plural, one{pixel} other{pixels}}.'),
(1209, 'la', 'ຮູບພາບ \"{file}\" ແມ່ນໃຫຍ່ຫຼາຍ. ຄວາມກ້ວາງຕ້ອງບໍ່ໃຫຍ່ກ່ອນ {limit, number} {limit, plural, one{pixel} other{pixels}}.'),
(1210, 'la', 'ຮູບພາບ \"{file}\" ແມ່ນໃຫຍາຫຼາຍ. ຄວາມສູງຕ້ອງບໍ່ໃຫຍ່ກ່ອນ {limit, number} {limit, plural, one{pixel} other{pixels}}.'),
(1211, 'la', '{attribute} ຕ້ອງເປັນທີ່ຢູ່ IP ທີ່ຖືກຕ້ອງ.'),
(1212, 'la', '{attribute} ຕ້ອງເປັນທີ່ຢູ່  IPv6 .'),
(1213, 'la', '{attribute} ຕ້ອງເປັນທີ່ຢູ່ IPv4'),
(1214, 'la', '{attribute} contains wrong subnet mask.'),
(1215, 'la', '{attribute} must be an IP address with specified subnet.'),
(1216, 'la', '{attribute} must not be a subnet.'),
(1217, 'la', '{attribute} is not in the allowed range.'),
(1218, 'la', '{attribute} ຕ້ອງເປັນຈຳນວນເຕັມ'),
(1219, 'la', '{attribute} ຄວນເປັນຕົວເລກ.'),
(1220, 'la', '{attribute} ບໍ່ສາມາດໃຫ້ວ່າງ'),
(1221, 'la', '{attribute} ຕ້ອງເປັນ \"{requiredValue}\".'),
(1222, 'la', '{attribute} ຕ້ອງເປັນ string.'),
(1223, 'la', '{attribute} should contain at least {min, number} {min, plural, one{character} other{characters}}.'),
(1224, 'la', '{attribute} should contain at most {max, number} {max, plural, one{character} other{characters}}.'),
(1225, 'la', '{attribute} should contain {length, number} {length, plural, one{character} other{characters}}.'),
(1226, 'la', 'ການລວມກັນ {values} of {attributes} ໄດ້ຖືກເອົາອອກແລ້ວ'),
(1227, 'la', '{attribute} ບໍ່ຖືກຕ້ອງ URL.'),
(1228, 'la', 'ຄ່າການປ້ອນຂໍ້ມູນ'),
(1229, 'la', 'ໄດ້ຮັບຂໍ້ມູນທີ່ບໍ່ຖືກຕ້ອງຂອງ parameter \"{param}\".'),
(1230, 'la', 'ບໍ່ພົບ parameters ທີ່ຮ້ອງຂໍ: {params}'),
(1231, 'la', 'ບໍ່ສາມາດຢືນຢັ້ນຂໍ້ມູນທີຂໍ'),
(1232, 'la', 'ລະບົບພາຍໃນເກີດຂໍ້ຜິດພາດ'),
(1233, 'la', 'ຜິດພາດ'),
(1234, 'la', 'ຕ້ອງເຂົ້າສູ່ລະບົບ'),
(1235, 'la', 'ເບິ່ງຄຳຂໍ \"{name}\" ບໍ່ພົບ.'),
(1236, 'la', 'ບໍ່ພົບຜົນ'),
(1237, 'la', 'ສະແດງ<b>{begin, number}-{end, number}</b> ຂອງ <b>{totalCount, number}</b> {totalCount, plural, one{item} other{items}}.'),
(1238, 'la', 'ລວມ <b>{count, number}</b> {count, plural, one{item} other{items}}.'),
(1239, 'la', 'ໜ້າຫຼັກ'),
(1240, 'la', '{percent}% ສຳເລັດ'),
(1241, 'la', 'ລາຍການນີ້ຖືກບັນທຶກແລ້ວ'),
(1242, 'la', 'ໜ້າທີ່ຮ້ອງຂໍບໍ່ສາມາດອອກ'),
(1243, 'la', 'ກົດລະບຽບຖືກບັນທຶກແລ້ວ'),
(1244, 'la', 'ກົດລະບຽບຖືກລົບອອກແລ້ວ'),
(1245, 'la', 'ກົດລະບຽບບໍ່ຖືກ \"{value}\"'),
(1246, 'la', 'ກົດ\"{value}\" ບໍ່ຄວນອອກ'),
(1247, 'la', 'ບໍ່ເຫັນຫ້ອງ \'{class}\''),
(1248, 'la', '\'{class}\' must extend from \'yii\\rbac\\Rule\' or its child class'),
(1249, 'la', 'ຊື່ຫ້ອງ'),
(1250, 'la', 'ກົດລະບຽບ'),
(1251, 'la', 'ສ້າງ'),
(1252, 'la', 'ອັບເດດ'),
(1253, 'la', 'ອັບເດດ'),
(1254, 'la', 'ລົບ'),
(1255, 'la', 'ເຈົ້າຕ້ອງການລົບລາຍການນີ້ແທ້ບໍ?'),
(1256, 'la', 'ສ້າງກົດລະບຽບ'),
(1257, 'la', 'ອັບເດດກົດ : {0}'),
(1258, 'la', 'ກົດ : {0}'),
(1259, 'la', 'ບໍ່ໃຊ້ງານ'),
(1260, 'la', 'ໃຊ້ງານ'),
(1261, 'la', 'Beta'),
(1262, 'la', 'ການແປພາສາ: {name}'),
(1263, 'la', 'ບັນທຶກ'),
(1264, 'la', 'ປິດ'),
(1265, 'la', 'ເຈົ້າຕ້ອງການລົບລາຍການເລົ່ານີ້ແທ້ບໍ?'),
(1266, 'la', 'ເຈົ້າຕ້ອງການລົບລາຍການນີ້ແທ້ບໍ?'),
(1269, 'la', 'Scan ຄຳແປເພີ່ມໃໝ່'),
(1270, 'la', 'ການຄຸ້ມຄອງບໍລິຫານລະບົບ'),
(1272, 'la', 'ຢືນຢັນລະຫັດ'),
(1273, 'la', 'ລະບົບກວດສອບລະຫັດບໍ່ຖືກຕ້ອງ.'),
(1274, 'la', 'ກະລຸນາຕິດຕໍ່ຜູ້ປະສານງານ! >>'),
(1275, 'en', 'Click this link to register'),
(1275, 'la', 'ກົດລີງນີ້ເຂົ້າລົງທະບຽນ'),
(1276, 'en', 'Click Register'),
(1276, 'la', 'ກົດເຂົ້າລົງທະບຽນ'),
(1277, 'la', 'Banner ໂທລະສັບ (Size: 500px x 122px)'),
(1278, 'en', 'Date'),
(1278, 'la', 'ວັນທີ່'),
(1279, 'en', 'Create a meeting'),
(1279, 'la', 'ສ້າງກອງປະຊູມ'),
(1280, 'la', 'ຕັ້ງຄ່າ Counter ໃໝ່'),
(1281, 'la', 'ທ່ານແນ່ໃຈບໍ່ວ່າທ່ານຕ້ອງການປັບຄ່ານັບຕັ້ງແຕ່ສູນສູນໃໝ່?'),
(1282, 'la', 'ຢືນຢັນ'),
(1283, 'la', 'ປ້ອນລະຫັດກອງປະຊູມເພື່ອຢືນຢັນລົງທະບຽນ'),
(1284, 'la', 'ນາມເປັນລາວ'),
(1285, 'la', 'ນາມເປັນອັງກິດ'),
(1286, 'la', 'ເພີ່ມນາມ'),
(1287, 'la', 'ນາມ'),
(1288, 'en', 'If you delete this item, the information about this item will be deleted'),
(1288, 'la', 'ຖ້າທ່ານລືບລາຍການນີ້ຂໍ້ມູນກ່ຽວກັບລາຍການນີ້ຈະຖືກລືບໄປນຳ.'),
(1289, 'la', 'ແກ້ໄຂນາມ: {ຊື່}'),
(1290, 'la', 'ບໍລິຫານ ນາມ'),
(1291, 'la', 'ບໍ່ອິເມວທີ່ຖືກຕ້ອງ'),
(1292, 'la', 'ບໍ່ແມ່ນເບີໂທລະສັບທີ່ຖືກຕ້ອງ'),
(1293, 'la', '=== ເລືອກ ນາມ==='),
(1294, 'la', 'ລຸ້ນໃໝ່'),
(1295, 'la', 'ເວລາ'),
(1296, 'la', 'ບໍລິຫານສິດ RBAC'),
(1297, 'la', 'ຄວບຄຸມການເຂົ້າເຖິງ'),
(1298, 'la', 'ຄວບຄຸມເສັ້ນທາງການເຂົ້າເຖິງ'),
(1299, 'la', 'ກວດລຸ້ນໃໝ່'),
(1300, 'la', 'ລຸ້ນປັດຈຸບັນ'),
(1301, 'la', 'ລຸ້ນໃໝ່'),
(1302, 'la', 'ແຜນຜັງເວັບໄຊທ໌້'),
(1303, 'la', 'ກໍານົດສິດບໍລິຫານຂໍ້ມູເນື້ອຫາ'),
(1304, 'la', 'ເລຶອກທັງໝົດ'),
(1305, 'la', 'ບໍ່ສາມາດເຊື່ອມຕໍ່ການອັບເກດລຸ້ນ ໃໝ່ ໄດ້. <br/> ກະລຸນາຕິດຕໍ່ພວກເຮົາຜູ້ເບິ່ງແຍງລະບົບ.!'),
(1306, 'la', 'ເພື່ມລາຍລະອຽດ Version'),
(1307, 'la', 'ລາຍລະອຽດ Version'),
(1308, 'la', 'ແກ້ໄຂລາຍລະອຽດ Version: {name}');

-- --------------------------------------------------------

--
-- Table structure for table `menu`
--

CREATE TABLE `menu` (
  `id` int(11) NOT NULL,
  `name` varchar(255) NOT NULL,
  `link` varchar(255) DEFAULT NULL,
  `status` enum('1','0') NOT NULL DEFAULT '1',
  `top` tinyint(1) DEFAULT 1,
  `left` tinyint(1) DEFAULT 0,
  `right` tinyint(1) DEFAULT 0,
  `bottom` tinyint(1) DEFAULT 0,
  `sort` int(11) DEFAULT NULL,
  `created_date` datetime DEFAULT NULL,
  `updated_date` datetime DEFAULT NULL,
  `menu_id` int(11) DEFAULT NULL,
  `content_id` int(11) DEFAULT NULL,
  `created_by` int(11) DEFAULT NULL,
  `updated_by` int(11) DEFAULT NULL
) ENGINE=InnoDB DEFAULT CHARSET=utf8;

--
-- Dumping data for table `menu`
--

INSERT INTO `menu` (`id`, `name`, `link`, `status`, `top`, `left`, `right`, `bottom`, `sort`, `created_date`, `updated_date`, `menu_id`, `content_id`, `created_by`, `updated_by`) VALUES
(6, 'ໜ້າຫຼັກ', '', '1', 1, 0, 0, 0, 2, '2017-05-24 13:41:03', '2021-07-04 14:47:41', NULL, NULL, 21, 36),
(124, 'test', 'index.php?r=site/contents&id=42', '1', 1, 0, 0, 0, 2, '2021-11-22 04:14:03', '2021-11-22 04:14:33', NULL, NULL, 36, 36);

-- --------------------------------------------------------

--
-- Table structure for table `menu_translate`
--

CREATE TABLE `menu_translate` (
  `id` int(11) NOT NULL,
  `language` varchar(45) NOT NULL,
  `name` varchar(255) NOT NULL,
  `menu_id` int(11) NOT NULL
) ENGINE=InnoDB DEFAULT CHARSET=utf8;

--
-- Dumping data for table `menu_translate`
--

INSERT INTO `menu_translate` (`id`, `language`, `name`, `menu_id`) VALUES
(11, 'en', 'Home', 6),
(28, 'en', 'Law', 23),
(29, 'en', 'Decree', 24),
(31, 'en', 'Notice', 26),
(46, 'en', 'Role', 41),
(47, 'en', 'Structures', 42),
(48, 'en', 'Collaboration', 43),
(49, 'en', 'Announcement Job', 44),
(50, 'en', 'Web under ministry', 45),
(51, 'en', 'DPT Website', 46),
(52, 'en', 'Others', 47),
(57, 'en', 'Agreement', 52),
(58, 'en', 'Contact Us', 53),
(59, 'en', 'Other Publish Documents', 54),
(60, 'en', 'New Technology', 55),
(61, 'en', '', 56),
(62, 'en', 'Knowledge Others', 57),
(63, 'en', '', 58),
(64, 'en', 'Statistic', 59),
(65, 'en', 'Application for ICT', 60),
(66, 'en', 'Domain name services', 61),
(67, 'en', 'Service hosting Services', 62),
(70, 'en', 'Registration Number', 65),
(73, 'en', 'test', 68),
(74, 'en', 'Notice', 69),
(75, 'en', 'ພາ​ລະ​ບົດ​ບາດ ພະແນກ ປທສ ນະຄອນຫຼວງ/ແຂວງ', 70),
(76, 'en', 'ການຮ່ວມມືກັບສາກົນ', 71),
(77, 'en', 'ປະກາດຮັບລັດຖະກອນ', 72),
(80, 'en', 'ກົດໝາຍ', 75),
(81, 'en', 'ດຳລັດ', 76),
(82, 'en', 'ແຈ້ງການ', 77),
(83, 'en', 'ຂໍ້ຕົກລົງ', 78),
(84, 'en', 'ເອກະສານເຜີຍແຜ່ອື່ນໆ', 79),
(86, 'en', 'ເຕັກໂນໂລຊີໃໝ່', 81),
(87, 'en', 'ບົດນຳສະເໜີຕ່າງໆ', 82),
(88, 'en', 'ຄວາມຮູ້ທົ່ວໄປ', 83),
(90, 'en', 'ການຂໍໃບອະນຸຍາດບໍລິການ ICT ນຳເຂົ້າອຸປະກອນ', 85),
(91, 'en', 'ບໍລິການຈົດລະຫັດຊື່ອິນເຕີເນັດ', 86),
(92, 'en', 'ບໍລິການໃຫ້ເຊົ່າ Server ບໍລິການ Hosting', 87),
(93, 'en', 'ບໍລິການຂຶ້ນທະບຽນໝາຍເລກໂທລະສັບ', 88),
(96, 'en', 'ພາລະບົດບາດ', 91),
(97, 'en', 'ພາ​ລະ​ບົດ​ບາດ ພະແນກ ປທສ ນະຄອນຫຼວງ/ແຂວງ', 92),
(98, 'en', 'Organization', 93),
(99, 'en', 'ການຮ່ວມມືສາກົນ', 94),
(100, 'en', 'ປະກາດຮັບລັດຖະກອນໃໝ່', 95),
(101, 'en', 'ຕິດຕໍ່ພວກເຮົາ', 96),
(114, 'en', 'Information', 109),
(115, 'en', 'Culture', 110),
(117, 'en', 'Tourism', 112),
(118, 'en', 'ຂະແໜງທີ່ກ່ຽວຂ້ອງ', 113),
(124, 'en', 'Role', 119),
(125, 'en', 'Contact Us', 120),
(126, 'en', 'ການຮ່ວມມືພາຍໃນ/ສາກົນ', 121),
(128, 'en', 'Structure', 123),
(129, 'en', 'test', 124);

-- --------------------------------------------------------

--
-- Table structure for table `message`
--

CREATE TABLE `message` (
  `id` int(11) NOT NULL,
  `language` varchar(16) COLLATE utf8_unicode_ci NOT NULL,
  `translation` text COLLATE utf8_unicode_ci DEFAULT NULL
) ENGINE=InnoDB DEFAULT CHARSET=utf8 COLLATE=utf8_unicode_ci;

--
-- Dumping data for table `message`
--

INSERT INTO `message` (`id`, `language`, `translation`) VALUES
(1, 'en', 'Motion'),
(1, 'la', 'ການ​ເຄື່ອ​ນໄ​ຫວ'),
(2, 'en', 'There are no news'),
(2, 'la', 'ບໍ​ມີ​ການ​ເຄືອນ​ໄຫວ'),
(3, 'en', ''),
(3, 'la', ''),
(4, 'en', 'Lao'),
(4, 'la', 'ລ​າວ'),
(5, 'en', NULL),
(5, 'la', NULL),
(6, 'en', NULL),
(6, 'la', 'ຄົ້ນ​ຫາ'),
(7, 'en', NULL),
(7, 'la', NULL),
(8, 'en', NULL),
(8, 'la', NULL),
(9, 'en', NULL),
(9, 'la', NULL),
(10, 'en', NULL),
(10, 'la', NULL),
(11, 'en', NULL),
(11, 'la', NULL),
(19, 'en', NULL),
(19, 'la', 'ຄົ້ນ​ຫາ​ໃນ​ໜ້ານີ້'),
(20, 'en', NULL),
(20, 'la', '​ຫົວ​ຂໍ້'),
(21, 'en', NULL),
(21, 'la', '​ເນື້ອ​ໃນ'),
(22, 'en', NULL),
(22, 'la', 'ບໍ່ມີເນື້ອຫາສຳລັບພາກສ່ວນດັ່ງກ່າວ'),
(23, 'en', NULL),
(23, 'la', NULL),
(24, 'en', NULL),
(24, 'la', NULL),
(25, 'en', NULL),
(25, 'la', NULL),
(26, 'en', NULL),
(26, 'la', 'ກັບ​ຄືນ'),
(27, 'en', NULL),
(27, 'la', '​ເຂົ້າ​ລະ​ບົບ'),
(28, 'en', 'I forgot my password'),
(28, 'la', '​ລືມລະ​ຫຼັດ​ຜ່ານ'),
(29, 'en', NULL),
(29, 'la', 'ໝ້າ Admin'),
(30, 'en', NULL),
(30, 'la', NULL),
(31, 'en', NULL),
(31, 'la', NULL),
(32, 'en', NULL),
(32, 'la', NULL),
(33, 'en', NULL),
(33, 'la', NULL),
(34, 'en', NULL),
(34, 'la', NULL),
(35, 'en', 'Manage Users'),
(35, 'la', 'ບໍ​ລິ​ຫານ ຜູ້​ໃຊ້'),
(36, 'en', 'Manage Banner'),
(36, 'la', 'ບໍ​ລິ​ຫານ  Banner'),
(37, 'en', 'Manage menus'),
(37, 'la', 'ບໍ​ລິ​ຫານ ເມ​ນູ'),
(38, 'en', 'Manage Content categories'),
(38, 'la', 'ບໍ​ລິ​ຫານ ປະ​ເພດ​ເນື້ອ​ຫາ'),
(39, 'en', 'Manage Home'),
(39, 'la', '​ບໍ​ລິ​ຫານ ໜ້າຫຼັກ'),
(40, 'en', NULL),
(40, 'la', 'ບໍ​ລິ​ຫານ'),
(41, 'en', NULL),
(41, 'la', NULL),
(42, 'en', 'Issue Categories'),
(42, 'la', 'ປະເພດບັນຫາ'),
(43, 'en', 'Read Issues'),
(43, 'la', '​ອ່ານ ບັນ​ຫາ'),
(44, 'en', NULL),
(44, 'la', NULL),
(45, 'en', 'Home'),
(45, 'la', 'ໜ້າ​ຫຼັກ'),
(46, 'en', NULL),
(46, 'la', NULL),
(47, 'en', NULL),
(47, 'la', NULL),
(48, 'en', NULL),
(48, 'la', NULL),
(49, 'en', NULL),
(49, 'la', NULL),
(50, 'en', NULL),
(50, 'la', NULL),
(51, 'en', ''),
(51, 'la', 'ຮູບ Banner'),
(52, 'en', NULL),
(52, 'la', NULL),
(53, 'en', NULL),
(53, 'la', 'ບັນ​ທືກ'),
(54, 'en', NULL),
(54, 'la', NULL),
(63, 'en', NULL),
(63, 'la', NULL),
(64, 'en', NULL),
(64, 'la', 'ບໍ​ລິ​ຫານ ​ຜູ້​ໃຊ້'),
(65, 'en', NULL),
(65, 'la', 'ຈັດການ ການລົງທະບຽນ'),
(66, 'en', NULL),
(66, 'la', NULL),
(67, 'en', NULL),
(67, 'la', NULL),
(68, 'en', NULL),
(68, 'la', NULL),
(69, 'en', NULL),
(69, 'la', NULL),
(70, 'en', NULL),
(70, 'la', NULL),
(71, 'en', NULL),
(71, 'la', NULL),
(72, 'en', NULL),
(72, 'la', NULL),
(73, 'en', NULL),
(73, 'la', NULL),
(74, 'en', NULL),
(74, 'la', NULL),
(75, 'en', NULL),
(75, 'la', NULL),
(76, 'en', NULL),
(76, 'la', NULL),
(77, 'en', 'ຊື່​ເຂົ້າ​ລະ​ບົບ'),
(77, 'la', 'ຊື່​ເຂົ້າ​ລະ​ບົບ'),
(78, 'en', 'Password'),
(78, 'la', '​ລະ​ຫັດ​ຜ່ານ'),
(79, 'en', NULL),
(79, 'la', NULL),
(80, 'en', NULL),
(80, 'la', NULL),
(81, 'en', NULL),
(81, 'la', NULL),
(82, 'en', NULL),
(82, 'la', NULL),
(83, 'en', NULL),
(83, 'la', NULL),
(84, 'en', NULL),
(84, 'la', NULL),
(85, 'en', NULL),
(85, 'la', NULL),
(86, 'en', NULL),
(86, 'la', NULL),
(87, 'en', 'Translations'),
(87, 'la', '​ແປ​ພາ​ສາ'),
(88, 'en', NULL),
(88, 'la', NULL),
(89, 'en', NULL),
(89, 'la', NULL),
(90, 'en', NULL),
(90, 'la', NULL),
(91, 'en', 'Title'),
(91, 'la', 'ນາມ'),
(92, 'en', 'Event'),
(93, 'en', 'Law'),
(94, 'en', 'Decree'),
(95, 'en', 'Services'),
(96, 'en', 'Create Event'),
(97, 'en', 'Notice'),
(98, 'en', 'Publishing Documents'),
(98, 'la', 'ເອ​ກະ​ສານ​ເຜິຍ​ແຜ່'),
(99, 'en', 'Knowledge'),
(100, 'en', '@@@@'),
(100, 'la', '@@@@'),
(101, 'en', '@@@@'),
(101, 'la', '@@@@'),
(102, 'en', '@@@@'),
(102, 'la', '@@@@'),
(103, 'en', '@@@@'),
(103, 'la', '@@@@'),
(104, 'en', '@@@@'),
(104, 'la', 'ແກ້​ໄຂ​ອົງ​ກອນ​ເຂົ້າ​ຮ່ວມ'),
(105, 'en', '@@@@'),
(105, 'la', '@@@@'),
(106, 'en', '@@@@'),
(107, 'en', '@@@@'),
(107, 'la', '@@​ເຂົ້າ​ເພີ່ມ@@'),
(108, 'en', '@@@@'),
(109, 'en', '@@@@'),
(109, 'la', '@@@@'),
(110, 'en', '@@@@'),
(110, 'la', '@@@@'),
(111, 'en', '@@@@'),
(111, 'la', '@@ຂໍ້ມູນທີ່ເປັນປະໂຫຍດ@@'),
(112, 'en', '@@ການ​ລົງ​ທະ​ບຽນ​ປະ​ຊຸມ@@'),
(112, 'la', '@@ການ​ລົງ​ທະ​ບຽນ​ປະ​ຊຸມ@@'),
(113, 'en', '@@@@'),
(113, 'la', '@@@@'),
(114, 'en', '@@@@'),
(114, 'la', '@@@@'),
(115, 'en', '@@@@'),
(115, 'la', '@@@@'),
(116, 'en', '@@@@'),
(116, 'la', '@@@@'),
(117, 'en', '@@@@'),
(117, 'la', '@@@@'),
(118, 'la', '--- ກະ​ລຸ​ນາເລືອກ ---'),
(119, 'la', 'ເຊີນອົງ​ກອນເຂົ້າ​ຮ່ວມ'),
(120, 'la', '​ລາຍ​ລະ​ອຽດ​ວາ​ລະ​ກອງ​ປະ​ຊຸມ'),
(121, 'la', 'ລົງ​ທະ​ບຽນ​ແລ້ວ'),
(122, 'la', 'ໄຟລ໌ແນບ (s):'),
(123, 'la', 'ປະ​ເພດ​ເນື້ອ​ຫາ'),
(124, 'la', 'ລາຍ​ລະ​ອຽດ​ຜູ້​ປະ​ສານ​ງານ'),
(125, 'en', NULL),
(125, 'la', 'ບັນ​ທຶກ'),
(126, 'la', 'ເພີ່ມບອກ'),
(127, 'la', 'ວັນ​ທີ​ປິດ'),
(128, 'la', 'ວັນ​ທີ​ເລີ່ມ'),
(129, 'la', 'ດາວ​ໂຫຼດ'),
(130, 'la', 'ດາວ​ໂຫຼດ'),
(131, 'la', 'ອີ​ເມວ'),
(132, 'la', 'ຫົວ​ຂໍ້​ງານ (Event)'),
(133, 'la', 'ຍີງ'),
(134, 'la', 'ໄຟ​ຣ'),
(135, 'la', 'ຊື່'),
(136, 'la', 'ຊື່ ແລະ​ ນາມ​ສະ​ກຸນ'),
(137, 'la', 'ເພດ'),
(138, 'la', 'ເຈົ້າ​ພາບ'),
(139, 'la', 'ປະ​ເພດ​ບັນ​ຫາ'),
(140, 'la', 'ຟອມ​ແຈ້ງ​ບັນ​ຫາ'),
(141, 'la', 'ນາມ​ສະ​ກຸນ'),
(142, 'la', 'ບຸກຄົນທີ່ຈົດທະບຽນແລ້ວ'),
(143, 'la', 'ສະ​ຖານ​ທີ'),
(144, 'la', '​ທ່ານ​ຕ້ອງ​ການ​ລຶບ​ລາຍ​ການນີ້ບໍ່.?'),
(145, 'la', 'ຊາຍ'),
(146, 'la', '​ແຜ່ນ​ທີ່ (Embed a Map)'),
(147, 'la', '​ລາຍ​ລະ​ອ​ຽດ'),
(148, 'la', 'ເດືອ​ນ'),
(149, 'la', 'ຊື່'),
(150, 'la', 'ຜົນ​ກາ​ນ​ຄົ້ນ​ຫາ​ບໍ​ພົບ'),
(151, 'la', 'ລາ​ດັບ'),
(152, 'la', 'ຈຳ​ນວນ​ທີ່​ລົງ​ທະ​ບຽນ​ແລ້ວ'),
(153, 'la', 'ອອນ​ໄລ'),
(154, 'la', 'ອົງການຈັດຕັ້ງ'),
(155, 'la', 'ອົງການຈັດຕັ້ງ'),
(156, 'la', 'ອົງການຈັດຕັ້ງ2'),
(157, 'la', 'ອົງການຈັດຕັ້ງ'),
(158, 'la', 'ຈຳ​ນວນ​ຄົນ'),
(159, 'en', NULL),
(159, 'la', 'ຮູບ'),
(160, 'la', '​ທ່ານກົດທີ່ນີ້ເພື່ອລົງທະບຽນຄົນຕໍ່ໄປ >>'),
(161, 'la', 'ທ່ານ​ປ້ອນ​ລາຍ​ລະອຽດ​ເຂົ້າ​ໃນ​ຟອມ​ລົງ​ທະ​ບຽນ'),
(162, 'la', '​ຕຳ​ແໜ່ງ'),
(163, 'la', 'ພີມ​ອອກ'),
(164, 'la', 'ອ່ານ​ເພີ່ມ'),
(165, 'la', 'ໝົດ​ກຳ​ນົດ​ລົງ​ທະ​ບຽນ'),
(166, 'la', 'ແບບ​ຟອມ​ການ​ລົງ​ທະ​ບຽນ    '),
(167, 'la', 'ຜົນ​ຂອງ​ກາ​ນ​ຄົ້ນ​ຫາ'),
(168, 'la', 'ສົ່ງ​ບັນ​ຫາ'),
(169, 'la', 'ໃນ​ປີ'),
(170, 'la', '​ຫົວ​ຂໍ້'),
(171, 'la', 'ສົ່ງ'),
(172, 'la', 'ເບີ​ໂທ'),
(173, 'la', 'ລະບົບບໍ່ອະນຸຍາດໃຫ້ທ່ານລົງທະບຽນ.<br/><br/>ກະລຸນາຕິດຕໍ່ຜູ້​ບໍ​ລິ​ຫານ​ລະ​ບົບ!'),
(174, 'la', 'ການຈົດທະບຽນນີ້ໄດ້ປິດແລ້ວ.<br/><br/>​ຂໍ​ຂອບ​ໃຈ!'),
(175, 'la', '​ໂມງ​ປິດ'),
(176, 'la', 'ໂມງ​ເລີ່ມ'),
(177, 'la', 'ມື້ນີ້'),
(178, 'la', 'ລວມ'),
(179, 'la', 'ແກ້​ໄຂ​ບອກ'),
(180, 'la', 'ສະ​ຖິ​ຕີການ​ເຂົ້າ​ເບີ່ງ'),
(181, 'la', 'ອາທິດ'),
(182, 'la', 'ປີ'),
(183, 'la', 'ມື້​ວານ​ນີ້'),
(184, 'la', 'ທ່ານໄດ້ລົງທະບຽນແລ້ວ<br/><br/> ຂໍ​ຂອບ​ໃຈ!'),
(185, 'la', 'ບໍ່ສາມາດຫວ່າງເປົ່າ.'),
(186, 'la', 'ອະ​ນຸ​ມັດ​ລົງທະບຽນສູງສຸດ'),
(187, 'la', 'ອົງ​ການ​ຈັດ​ຕັ້ງ'),
(188, 'la', 'ອົງ​ການ​ຈັດ​ຕັ້ງ2'),
(189, 'la', 'ຄົນ'),
(190, 'la', '@@ການເຄື່ອນໄຫວລ່າສຸດ@@'),
(191, 'la', '@@ເລື່ອງເດັ່ນ ທັນເຫດການ@@'),
(192, 'la', '@@ຈັດ​ການ ບອກຂວາ​ໜ້າຫຼັກ@@'),
(193, 'la', '@@ລະ​ບົບ​ຂື້ນ​ທະ​ບຽນ​ປະ​ຊຸມ@@'),
(194, 'la', '@@ການເຄື່ອນໄຫວເພີ່ມຕື່ມ@@'),
(195, 'la', '@@ແບ່ງປັ@@'),
(196, 'en', NULL),
(196, 'la', NULL),
(197, 'en', NULL),
(197, 'la', NULL),
(198, 'en', NULL),
(198, 'la', NULL),
(199, 'en', NULL),
(199, 'la', NULL),
(200, 'en', NULL),
(200, 'la', NULL),
(201, 'en', NULL),
(201, 'la', NULL),
(202, 'en', NULL),
(202, 'la', NULL),
(203, 'en', NULL),
(203, 'la', NULL),
(204, 'en', NULL),
(204, 'la', NULL),
(205, 'en', NULL),
(205, 'la', NULL),
(206, 'en', NULL),
(206, 'la', NULL),
(207, 'en', NULL),
(207, 'la', NULL),
(208, 'en', NULL),
(208, 'la', NULL),
(209, 'en', NULL),
(209, 'la', NULL),
(210, 'en', NULL),
(210, 'la', NULL),
(211, 'en', NULL),
(211, 'la', NULL),
(212, 'en', NULL),
(212, 'la', NULL),
(213, 'en', NULL),
(213, 'la', NULL),
(214, 'en', NULL),
(214, 'la', NULL),
(215, 'en', NULL),
(215, 'la', NULL),
(216, 'en', NULL),
(216, 'la', NULL),
(217, 'en', NULL),
(217, 'la', NULL),
(218, 'en', NULL),
(218, 'la', NULL),
(219, 'en', NULL),
(219, 'la', NULL),
(220, 'en', NULL),
(220, 'la', NULL),
(221, 'en', NULL),
(221, 'la', NULL),
(222, 'en', NULL),
(222, 'la', NULL),
(223, 'en', NULL),
(223, 'la', NULL),
(224, 'en', NULL),
(224, 'la', NULL),
(225, 'en', NULL),
(225, 'la', NULL),
(226, 'en', NULL),
(226, 'la', NULL),
(227, 'en', NULL),
(227, 'la', NULL),
(228, 'en', NULL),
(228, 'la', NULL),
(229, 'en', NULL),
(229, 'la', NULL),
(230, 'en', NULL),
(230, 'la', NULL),
(231, 'en', NULL),
(231, 'la', NULL),
(232, 'en', NULL),
(232, 'la', NULL),
(233, 'en', NULL),
(233, 'la', NULL),
(234, 'en', NULL),
(234, 'la', NULL),
(235, 'en', NULL),
(235, 'la', NULL),
(236, 'en', NULL),
(236, 'la', NULL),
(237, 'en', NULL),
(237, 'la', NULL),
(238, 'en', NULL),
(238, 'la', NULL),
(239, 'en', NULL),
(239, 'la', NULL),
(240, 'en', NULL),
(240, 'la', NULL),
(241, 'en', NULL),
(241, 'la', NULL),
(242, 'en', NULL),
(242, 'la', NULL),
(243, 'en', NULL),
(243, 'la', NULL),
(244, 'en', NULL),
(244, 'la', NULL),
(245, 'en', NULL),
(245, 'la', NULL),
(246, 'en', NULL),
(246, 'la', NULL),
(247, 'en', NULL),
(247, 'la', NULL),
(248, 'en', NULL),
(248, 'la', NULL),
(249, 'en', NULL),
(249, 'la', NULL),
(250, 'en', NULL),
(250, 'la', NULL),
(251, 'en', NULL),
(251, 'la', NULL),
(252, 'en', NULL),
(252, 'la', NULL),
(271, 'en', NULL),
(271, 'la', NULL),
(272, 'en', NULL),
(272, 'la', NULL),
(273, 'en', NULL),
(273, 'la', NULL),
(274, 'en', NULL),
(274, 'la', NULL),
(275, 'en', NULL),
(275, 'la', NULL),
(276, 'en', NULL),
(276, 'la', NULL),
(277, 'en', NULL),
(277, 'la', NULL),
(278, 'en', NULL),
(278, 'la', NULL),
(279, 'en', NULL),
(279, 'la', NULL),
(280, 'en', NULL),
(280, 'la', NULL),
(281, 'en', NULL),
(281, 'la', NULL),
(282, 'en', NULL),
(282, 'la', NULL),
(283, 'en', NULL),
(283, 'la', NULL),
(284, 'en', NULL),
(284, 'la', NULL),
(285, 'en', NULL),
(285, 'la', NULL),
(286, 'en', NULL),
(286, 'la', NULL),
(287, 'en', NULL),
(287, 'la', NULL),
(288, 'en', NULL),
(288, 'la', NULL),
(289, 'en', NULL),
(289, 'la', NULL),
(429, 'en', NULL),
(429, 'la', NULL),
(430, 'en', NULL),
(430, 'la', NULL),
(431, 'en', NULL),
(431, 'la', NULL);

-- --------------------------------------------------------

--
-- Table structure for table `migration`
--

CREATE TABLE `migration` (
  `version` varchar(180) NOT NULL,
  `apply_time` int(11) DEFAULT NULL
) ENGINE=InnoDB DEFAULT CHARSET=utf8;

--
-- Dumping data for table `migration`
--

INSERT INTO `migration` (`version`, `apply_time`) VALUES
('m140609_093837_addI18nTables', 1558946859),
('m150207_210500_i18n_init', 1559007657);

-- --------------------------------------------------------

--
-- Table structure for table `person_title`
--

CREATE TABLE `person_title` (
  `id` int(11) NOT NULL,
  `name_la` varchar(255) NOT NULL,
  `name_en` varchar(255) NOT NULL
) ENGINE=InnoDB DEFAULT CHARSET=utf8 ROW_FORMAT=DYNAMIC;

--
-- Dumping data for table `person_title`
--

INSERT INTO `person_title` (`id`, `name_la`, `name_en`) VALUES
(1, 'ທ', 'MR'),
(2, 'ນ', 'Mrs');

-- --------------------------------------------------------

--
-- Table structure for table `registration`
--

CREATE TABLE `registration` (
  `id` int(11) NOT NULL,
  `first_name` varchar(255) NOT NULL,
  `last_name` varchar(255) NOT NULL,
  `gender` enum('Male','Female') NOT NULL,
  `position` varchar(255) NOT NULL,
  `org_name` varchar(255) NOT NULL,
  `telephone` varchar(45) NOT NULL,
  `email` varchar(50) DEFAULT NULL,
  `invitation_id` int(11) NOT NULL,
  `code` varchar(100) NOT NULL,
  `date` datetime NOT NULL,
  `title` varchar(255) NOT NULL,
  `photo` varchar(255) DEFAULT NULL
) ENGINE=InnoDB DEFAULT CHARSET=utf8;

--
-- Dumping data for table `registration`
--

INSERT INTO `registration` (`id`, `first_name`, `last_name`, `gender`, `position`, `org_name`, `telephone`, `email`, `invitation_id`, `code`, `date`, `title`, `photo`) VALUES
(18, 'ທ້າວ ດາຊົ່ງ', 'ໂຊ້ງຢັງເຊັ່ງ', 'Male', 'programmer', 'ໄຊເບີເຮຍ', '55045770', '  daxiong.s@cyberia.la', 46, '689918', '2018-12-19 07:25:14', '', NULL),
(19, 'ທ້າວ ບູນມາ', 'ພາວົງ', 'Male', 'Programmer', 'cyberia', '77505017', 'bounma.p@cyberia.la', 46, '390261', '2018-12-19 08:16:49', '', NULL),
(20, 'ນາງ ມູກມະນີ', 'ແກ້ວຫລວງໄຊ', 'Female', 'ປະສານງານ', 'ກະ​ຊວ​ງ​ໄປ​ສະ​ນີ', '55543383', 'moukmani.p@cyberia.la', 46, '973055', '2018-12-19 08:28:41', '', NULL),
(21, 'Thavisak', 'MANODHAM', 'Male', 'DG of e-Govt', 'ກະ​ຊວ​ງ​ໄປ​ສະ​ນີ', '21316600', 'thavisak@mpt.gov.la', 46, '915477', '2019-01-10 03:51:59', '', NULL),
(22, 'Souksavanh', 'Kombounyasith', 'Male', 'Official ', 'ຫ້ອງການ ກະຊວງ ປທສ', '22992299', 'Souksavanh. Kbys@mpt.gov.la', 48, '600835', '2019-01-10 04:09:59', '', NULL),
(23, 'ວະລະໄຊ', 'ດາລາລອຍ', 'Male', 'ຮ.ກ ຫົວໝ້າ', 'ຫ້ອງການ ກະຊວງ ປທສ', '໔໖໗໘໘໙໙', '', 48, '871491', '2019-01-10 04:27:31', '', NULL),
(24, 'ສົມປະສົງ', 'ພິພັກຂະວົງ', 'Male', 'ວິຊາການ', 'ກະຊວງ ປທສ', '58449666', '', 52, '600975', '2019-01-10 07:07:25', '', NULL),
(25, 'Phoutmaly', 'Intathilath', 'Female', 'Technical', 'ກະຊວງ ປທສ', '8652022233811', 'noypml@gmail.com', 52, '855259', '2019-01-10 07:15:23', '', NULL),
(26, 'Bouasy ', 'Souvannaphasy ', 'Male', 'Director Division ', 'ກະຊວງ ປທສ', '22222505', 'bouasy@mpt.gov.la', 52, '492069', '2019-01-10 07:20:01', '', NULL),
(27, 'Thavisak', 'MANODHAM', 'Male', 'DG', 'ກະຊວງ ປທສ', '21316600', 'thavisak@mpt.gov.la', 52, '195010', '2019-01-10 07:23:59', '', NULL),
(28, 'Thavyboyn', 'PHOMMAKOTH', 'Male', 'Technical', 'ກະຊວງ ປທສ', '02055588698', 'thavyboun@mpt.gov.la', 52, '908226', '2019-01-10 07:28:24', '', NULL),
(29, 'KHAMPHAY', 'INTHARA', 'Male', 'Division Director', 'ກະຊວງ ປທສ', '02022224773', 'khamphay@mpt.govla', 52, '725160', '2019-01-10 07:31:14', '', NULL),
(30, 'ປອ. ສົມໄພວັນ', 'ແສງສຸຣິຍະ', 'Male', 'ຫົວຫນ້າພະແນກ', 'ກະຊວງ ປທສ', '55558770', 'somphayvanh@mpt.gov.la', 52, '930222', '2019-01-10 07:32:51', '', NULL),
(31, 'ນ.ທິດພາພອນ', 'ແສງຈັນທະວົງ', 'Female', 'ວິຊາການ', 'ກະຊວງ ປທສ', '02077011117', 'thidphaphonelinlee94@gmail.com', 52, '736786', '2019-01-10 07:39:03', '', NULL),
(32, 'ນ.ວຽງຄຳ', 'ເພັດສີຄາມ', 'Female', 'ວິຊາການ', 'ກະຊວງ ປທສ', '28140081', '', 52, '872995', '2019-01-10 07:40:10', '', NULL),
(33, 'ນາງ ນິດ', 'ພັນທະວົງ', 'Female', 'ວິຊາການ', 'ກະຊວງ ປທສ', '02077668669', '', 52, '618032', '2019-01-10 07:41:13', '', NULL),
(34, 'malaithong', 'xamphouvong', 'Female', 'officer', 'ກະຊວງ ປທສ', '020 55588974', 'malaithong.cake@gmail.com', 52, '725512', '2019-01-10 07:47:25', '', NULL),
(35, 'ສຸກສະຫວັນ', 'ທຳມະວົງ', 'Male', 'ຮອງພະແນກ', 'ກະຊວງ ປທສ', '02055565511', 'souksavanh@mpt.gov.la', 52, '262282', '2019-01-10 07:52:06', '', NULL),
(36, 'ສອນປະສິດ', 'ຮຸ່ງເຮືອງ', 'Male', 'ວິຊາການ', 'ກະຊວງ ປທສ', '77607777', 'sonepasith@hotmail.com', 52, '598089', '2019-01-10 08:03:12', '', NULL),
(37, 'Sonesavanh', 'KITTIPHANH', 'Male', 'Staff', 'ຫ້ອງການ ກະຊວງ ປທສ', '02055926592', 'sonesavanh@mpt.gov.la', 48, '643398', '2019-01-10 08:04:32', '', NULL),
(38, 'Sonesavanh', 'KITTIPHANH', 'Male', 'Staff ', 'ກະຊວງ ປທສ', '02055926592', 'Sonesavanh@mpt.gov.la', 52, '449747', '2019-01-10 08:19:33', '', NULL),
(39, 'Bounmy', 'Thongpaseuth', 'Male', 'Officer', 'ກະຊວງ ປທສ', '2055918181', 'bounmy_tps@mpt.gov.la', 52, '240635', '2019-01-10 08:21:00', '', NULL),
(40, 'Chittaphone ', 'Chansylilath ', 'Female', 'Division director', 'ກະຊວງ ປທສ', '29471757', 'chittaphone@gmail.com', 52, '347596', '2019-01-10 08:28:40', '', NULL),
(41, 'Kittisack', 'Pasomsouk ', 'Female', 'Deputy Director of Division ', 'ກະຊວງ ປທສ', '02055564614', 'kittisack@mpt.gov.la', 52, '769680', '2019-01-10 08:46:12', '', NULL),
(42, 'ອານົງລັກ', 'ລໍສຸດທິວົງ', 'Male', 'ວິຊາກ່ນ', 'ກະຊວງ ປທສ', '22788881', 'anongluck@mpt.gov.la', 52, '593834', '2019-01-10 09:21:45', '', NULL),
(43, 'ທ. ວຽງຄຳ', 'ວົງສຸລີ', 'Male', 'Staff', 'ກະຊວງ ປທສ', '020 5640 6209', 'viengkham@mpt.gov.la', 52, '042795', '2019-01-10 09:24:09', '', NULL),
(44, 'ເຊີດຊູ', 'ວົງພະຈັນ', 'Male', 'ວິຊາການ', 'ກະຊວງ ປທສ', '29806007', 'xeuthxou@mpt.gov.la', 52, '972102', '2019-01-10 09:24:43', '', NULL),
(45, 'Phavanh', 'Louangsena', 'Female', 'Deputy head of Administration and Personnel Division', 'ກະຊວງ ປທສ', '56858522', '', 52, '139504', '2019-01-10 09:35:08', '', NULL),
(46, 'Daovanh ', 'fongvilaiphone', 'Male', 'officer', 'ສູນບໍລິຫານລັດດ້ວຍເອເລັກໂຕຣນິກ, ກະຊວງ ປທສ', '02055588976', 'Daovanh@mpt.gov.la', 52, '027558', '2019-01-11 02:16:33', '', NULL),
(47, 'ທ.ວຽງສະຫວັນ', 'ຫຼວງວິໄລ', 'Male', 'Staff', 'ສູນບໍລິຫານລັດດ້ວຍເອເລັກໂຕຣນິກ, ກະຊວງ ປທສ', '02055595358', 'viengsavanh@mpt.gov.la', 52, '453038', '2019-01-11 02:24:56', '', NULL),
(48, 'Phouthaphone', 'LAUNGKEO', 'Female', 'Officer', 'ສູນບໍລິຫານລັດດ້ວຍເອເລັກໂຕຣນິກ, ກະຊວງ ປທສ', '02055555863', 'phouthaphone@mpt.gov.la', 52, '370062', '2019-01-11 02:25:56', '', NULL),
(49, 'ທ.ບຸນຍະສີດ', 'ສູນດາລາ', 'Male', 'ວິຊາການ', 'ສູນບໍລິຫານລັດດ້ວຍເອເລັກໂຕຣນິກ, ກະຊວງ ປທສ', '02054350022', 'bounyasit@mpt.gov.la', 52, '994778', '2019-01-11 02:30:10', '', NULL),
(50, 'ພຸດທະສອນ ', 'ຫອມລັດສະໝີ', 'Male', 'ຮອງຫົວໜ້າພະແນກ ', 'ສູນບໍລິຫານລັດດ້ວຍເອເລັກໂຕຣນິກ, ກະຊວງ ປທສ', '54143356', 'phuthasone@mpt.gov.la', 52, '796146', '2019-01-11 02:48:18', '', NULL),
(51, 'ທ. ຊ່ອງດາວ', 'ພົມມະຈັນ', 'Male', 'ວິຊາການ', 'ສູນບໍລິຫານລັດດ້ວຍເອເລັກໂຕຣນິກ, ກະຊວງ ປທສ', '02022122320', 'dao201166@hotmail.com', 52, '500295', '2019-01-11 02:52:25', '', NULL),
(52, 'chittaphone ', 'Chansylilath ', 'Female', 'Division director ', 'E-government', '29471757', '', 57, '704956', '2019-01-11 02:57:21', '', NULL),
(53, 'ດາຊົງ', 'ໂຊ້ງຢັງເຊັ່ງ', 'Male', 'Programmer', 'ບໍລິສັດ Cyberia', '55045770', 'daxiong.s@cyberia.la', 53, '003555', '2019-01-11 02:58:15', '', NULL),
(54, 'chittaphone ', 'Chansylilath ', 'Female', 'Division director ', 'ຄະນະວາງສະແດງ', '29471757', '', 58, '997354', '2019-01-11 03:05:05', '', NULL),
(55, 'Anousa', 'Souannavong', 'Male', 'Test', 'Test', '99999', 'Anousa@hotmail.com', 62, '175057', '2019-01-11 03:40:04', '', NULL),
(56, 'Phengthala ', 'Lorvanleuang ', 'Female', 'Vide head of division ', 'ຄະນະຊີ້ນຳລວມ', '23338989', 'Phengthala 2016@gmail.com', 59, '796655', '2019-01-11 04:05:25', '', NULL),
(57, 'ນ້ອຍມີນາ', 'ຄຳມະວົງ', 'Female', 'ວິຊາການ', 'ສູນບໍລິຫານລັດດ້ວຍເອເລັກໂຕຣນິກ, ກະຊວງ ປທສ', '22230339', '', 52, '135485', '2019-01-11 04:53:11', '', NULL),
(58, 'ບຸນຍາສິດ ', 'ສູນດາລາ', 'Male', 'ວິຊາການ', 'ສູນບໍລິຫານລັດດ້ວຍເອເລັກໂຕຣນິກ, ກະຊວງ ປທສ', '02054350022', 'Bounyasith@mpt.gov.la', 52, '478698', '2019-01-11 05:12:18', '', NULL),
(59, 'ວຽງທອງ', 'ລໍ່ກາວາ', 'Male', 'ວິຊາການ', 'ບໍລິສັດ Cyberia', '56653969', 'viengthong.l@cyberia.la', 53, '175593', '2019-01-11 06:50:21', '', NULL),
(60, 'ທ້າວ ສີສົມພົງ ', 'ວົງນະລາດ', 'Male', 'Sale', 'ບໍລິສັດ Cyberia', '020 22205200', 'Sisomphong.v@cyberia.la', 53, '163516', '2019-01-11 06:58:57', '', NULL),
(61, 'ນາງພອນທິບ', 'ທຳມະວົງ', 'Female', 'ວິຊາການ', 'ສູນບໍລິຫານລັດດ້ວຍເອເລັກໂຕຣນິກ, ກະຊວງ ປທສ', '02028265004', '', 52, '520704', '2019-01-11 07:52:45', '', NULL),
(62, 'Mr.chanhsouda', 'Sitthisack', 'Male', 'Technical ', 'ບໍລິສັດ Cyberia', '02099768765', 'chanhsouda.s@cyberia.la', 53, '813699', '2019-01-11 08:31:00', '', NULL),
(63, 'ທະວີສັກ', 'ມະໂນທຳ', 'Male', 'DG, e-Govt', 'ຫົວໜ້າກົມ/ທຽບເທົ່າ', '021316600', 'thavisak@mpt.gov.la', 64, '497377', '2019-01-19 04:26:50', '', NULL),
(64, 'ວະລະໄຊ', 'ດາລາລອຍ', 'Male', 'ຮ.ກ. ຫົວໜ້າຫ້ອງການ', 'ກະຊວງ ປທສ', '56253915', 'valaxay@mpt.gov.la', 64, '102121', '2019-01-19 06:01:29', '', NULL),
(65, 'ພູທອງ ', 'ສີສະຫວັດ', 'Male', 'ຮ.ກ ຫົວໜ້າກົມ ໄອຊີທີ', 'ກະຊວງ ປທສ', '020 99766666', 'phouthong@mpt.gov.la', 64, '367647', '2019-01-20 03:23:33', '', NULL),
(66, 'ແກ້ວວີສຸກ', 'ໂສລະພົມ', 'Male', 'ຫົວຫນ້າສູນອິນເຕີເນັດແຫ່ງຊາດ', 'ກະຊວງ ປທສ', '55500655', 'keovisouk@mpt.gov.la', 64, '938973', '2019-01-20 03:24:02', '', NULL),
(67, 'Khamphou', 'Douangthanome ', 'Female', 'D G', 'ກະຊວງ ປທສ', '02099337776', 'Khphou@mpt.gov.la', 64, '101406', '2019-01-20 10:20:34', '', NULL),
(68, 'ຈິດຮູບໂລກ', 'ພູຂົງ', 'Male', 'ຫົວຫນ້າກົມ', 'ກະຊວງ ປທສ', '02055500999', 'chidpk@mpt.gov.la', 64, '047470', '2019-01-20 10:46:41', '', NULL),
(69, 'ທະວີສັກ', 'ມະໂນທັມ', 'Male', 'ຫົວໜ້າສູນ e-Govt', 'ກະຊວງ ປທສ', '021316600', 'thavisak@mpt.gov.la', 66, '394137', '2019-03-18 05:54:27', 'ປອ', NULL),
(70, 'Ardta', 'Ngonphachanh', 'Male', 'Official', 'ກະຊວງ ປທສ', '8562054488884', 'ardta.1988@gmail.com', 66, '536538', '2019-03-18 05:56:46', '', NULL),
(71, 'Souriya ', 'Khambouravong ', 'Male', 'DG of ICT Promotion Center ', 'ກະຊວງ ປທສ', '020 54914281', 'Souriya@mpt.gov.la', 66, '575359', '2019-03-18 06:02:06', '', NULL),
(72, 'Aphilom ', 'Vanthanouvong ', 'Female', 'Officer ', 'ກະຊວງ ປທສ', '28149528', 'aphi.desanuphab@gmail.com ', 66, '944377', '2019-03-18 06:04:30', '', NULL),
(73, 'Vithaya', 'Sayvisith', 'Male', 'Division Director', 'ກະຊວງ ປທສ', '+8562022233849', 'vithaya@mpt.gov.la', 66, '847150', '2019-03-18 06:09:24', '', NULL),
(74, 'ຈິດຮູບໂລກ', 'ພູຂົງ', 'Male', 'ຫົວຫນ້າກົມ', 'ກະຊວງ ປທສ', '02055500999', 'chidpk@mpt.gov.la', 66, '424555', '2019-03-18 06:37:53', '', NULL),
(75, 'ພຸດທະສອນ', 'ພັນທະລັງສີ', 'Male', 'ວິຊາການ,​ ພນ ແຜນການ,​ ກົມ ຜຮ', 'ກະຊວງ ປທສ', '02055544556', 'phouthasone@mpt.gov.la', 66, '967844', '2019-03-18 06:51:16', '', NULL),
(76, 'Khonesavanh', 'KEOSOPha', 'Male', 'Deputy Director of Division', 'ກະຊວງ ປທສ', '020 56665006', 'khonsavanh@mpt.gov.la', 66, '644233', '2019-03-18 06:51:51', '', NULL),
(77, 'ເສດຖາ ', 'ແສງວິໄລ', 'Male', 'ຮອງຫົວໜ້າພະແນກ, ສູນສົ່ງເສີມ', 'ກະຊວງ ປທສ', '020 55588077', 'settha@mpt.gov.la', 66, '340144', '2019-03-18 06:57:57', '', NULL),
(78, 'Amphonesak ', 'Thepphoumy ', 'Male', 'Head of division ', 'ກະຊວງ ປທສ', '22227941', 'Amphonesak@mpt.gov.la', 66, '209688', '2019-03-18 07:08:22', '', NULL),
(79, 'ຈີລະນາ', 'ທະວີໄຊ', 'Female', 'ວິຊາການ', 'ກະຊວງ ປທສ', '85620 5555 4421', 'thavisayj@gmail.com', 66, '573908', '2019-03-18 07:20:18', '', NULL),
(80, 'Phuangpasert', 'Keosouvanh', 'Male', 'Deputy Director', 'ກະຊວງ ປທສ', '02022227940', 'Keosouvanh@mpt.gov.la', 66, '574672', '2019-03-18 08:21:14', '', NULL),
(81, 'Xayluxa ', 'Insisiengmay ', 'Male', 'Director General ', 'ກະຊວງ ປທສ', '02056371111', 'xayluxa@mpt.gov.la', 66, '226932', '2019-03-18 08:28:16', '', NULL),
(83, 'sonepasith', 'houngheuang', 'Male', 'staff', 'ສູນອິນເຕີເນັດ', '77607777', 'kheak_sonepasith@hotmail.com', 69, '561614', '2019-05-02 04:08:05', 'kz', NULL),
(84, 'Chittaphone ', 'Chansylilath ', 'Female', 'Deputy director general of eGovernment center ', 'ທຸກພາກສ່ວນ', '02029471757', 'chittaphone@mpt.gov.la', 70, '244805', '2019-05-06 07:04:17', 'Mrs', NULL),
(85, 'ສອນປະສິດ', 'ຮຸ່ງເຮືອງ', 'Male', 'ວິຊາການ', 'ທຸກພາກສ່ວນ', '+8562077607777', 'sonepasith@mpt.gov.la', 70, '438492', '2019-05-07 06:05:06', 'Mr.', NULL);

-- --------------------------------------------------------

--
-- Table structure for table `setting`
--

CREATE TABLE `setting` (
  `id` int(11) NOT NULL,
  `has_photo` tinyint(1) DEFAULT NULL,
  `has_video` tinyint(1) DEFAULT NULL,
  `has_slide` tinyint(1) DEFAULT NULL,
  `has_social_media` tinyint(1) DEFAULT NULL,
  `has_menu_left` tinyint(1) DEFAULT NULL,
  `has_menu_right` tinyint(1) DEFAULT NULL,
  `has_menu_bottom` tinyint(1) DEFAULT NULL,
  `has_menu_top` tinyint(1) DEFAULT NULL
) ENGINE=InnoDB DEFAULT CHARSET=utf8;

--
-- Dumping data for table `setting`
--

INSERT INTO `setting` (`id`, `has_photo`, `has_video`, `has_slide`, `has_social_media`, `has_menu_left`, `has_menu_right`, `has_menu_bottom`, `has_menu_top`) VALUES
(1, 0, 0, 0, 1, 0, 0, 0, 1);

-- --------------------------------------------------------

--
-- Table structure for table `slider`
--

CREATE TABLE `slider` (
  `id` int(11) NOT NULL,
  `photo` varchar(255) NOT NULL,
  `title` varchar(255) DEFAULT NULL,
  `link` varchar(255) DEFAULT NULL,
  `details` text DEFAULT NULL,
  `sort` int(11) DEFAULT NULL,
  `status` enum('1','0') DEFAULT '1',
  `created_date` datetime DEFAULT NULL,
  `updated_date` datetime DEFAULT NULL,
  `created_by` int(11) DEFAULT NULL,
  `updated_by` int(11) DEFAULT NULL
) ENGINE=InnoDB DEFAULT CHARSET=utf8;

--
-- Dumping data for table `slider`
--

INSERT INTO `slider` (`id`, `photo`, `title`, `link`, `details`, `sort`, `status`, `created_date`, `updated_date`, `created_by`, `updated_by`) VALUES
(14, 'slider_2017071814072446.jpg', '', '', '', NULL, '1', '2017-06-29 15:37:06', '2017-07-18 14:46:24', NULL, NULL),
(15, 'slider_2017071814073646.jpg', '', '', '', NULL, '1', '2017-07-18 14:46:36', '2017-07-18 14:46:36', NULL, NULL),
(16, 'slider_2017082108081827.jpg', '', '', '', NULL, '1', '2017-08-21 08:27:18', '2017-08-21 08:27:18', NULL, NULL),
(17, 'slider_2017082108084227.jpg', '', '', '', NULL, '1', '2017-08-21 08:27:42', '2017-08-21 08:27:42', NULL, NULL),
(18, 'slider_2017082108085827.jpg', '', '', '', NULL, '1', '2017-08-21 08:27:58', '2017-08-21 08:27:58', NULL, NULL),
(19, 'slider_2017082108081628.jpg', '', '', '', NULL, '1', '2017-08-21 08:28:16', '2017-08-21 08:28:16', NULL, NULL),
(20, 'slider_2017082108082728.jpg', '', '', '', NULL, '1', '2017-08-21 08:28:27', '2017-08-21 08:28:27', NULL, NULL),
(21, 'slider_2017082108084028.jpg', '', '', '', NULL, '1', '2017-08-21 08:28:40', '2017-08-21 08:28:40', NULL, NULL);

-- --------------------------------------------------------

--
-- Table structure for table `slider_translate`
--

CREATE TABLE `slider_translate` (
  `id` int(11) NOT NULL,
  `language` varchar(45) NOT NULL,
  `title` varchar(255) DEFAULT NULL,
  `details` text DEFAULT NULL,
  `slider_id` int(11) NOT NULL
) ENGINE=InnoDB DEFAULT CHARSET=utf8;

--
-- Dumping data for table `slider_translate`
--

INSERT INTO `slider_translate` (`id`, `language`, `title`, `details`, `slider_id`) VALUES
(15, 'en', '', '', 14),
(16, 'en', '', '', 15),
(17, 'en', '', '', 16),
(18, 'en', '', '', 17),
(19, 'en', '', '', 18),
(20, 'en', '', '', 19),
(21, 'en', '', '', 20),
(22, 'en', '', '', 21);

-- --------------------------------------------------------

--
-- Table structure for table `social_media`
--

CREATE TABLE `social_media` (
  `id` int(10) UNSIGNED NOT NULL,
  `photo` varchar(255) DEFAULT NULL,
  `icon` varchar(255) DEFAULT NULL,
  `title` varchar(255) DEFAULT NULL,
  `link` varchar(255) DEFAULT NULL,
  `status` enum('0','1') NOT NULL DEFAULT '1',
  `created_date` datetime DEFAULT NULL,
  `updated_date` datetime DEFAULT NULL,
  `sort` int(11) DEFAULT 1,
  `updated_by` int(11) DEFAULT NULL,
  `created_by` int(11) DEFAULT NULL
) ENGINE=InnoDB DEFAULT CHARSET=utf8;

--
-- Dumping data for table `social_media`
--

INSERT INTO `social_media` (`id`, `photo`, `icon`, `title`, `link`, `status`, `created_date`, `updated_date`, `sort`, `updated_by`, `created_by`) VALUES
(1, 'social_2021061004061553.png', 'ກອງປະຊຸມ', 'Meetings', '', '0', '2019-04-03 22:41:47', '2021-06-10 04:53:15', 1, 36, 36);

-- --------------------------------------------------------

--
-- Table structure for table `source_message`
--

CREATE TABLE `source_message` (
  `id` int(11) NOT NULL,
  `category` varchar(255) COLLATE utf8_unicode_ci DEFAULT NULL,
  `message` text COLLATE utf8_unicode_ci DEFAULT NULL
) ENGINE=InnoDB DEFAULT CHARSET=utf8 COLLATE=utf8_unicode_ci;

--
-- Dumping data for table `source_message`
--

INSERT INTO `source_message` (`id`, `category`, `message`) VALUES
(1, 'app', 'ການ​ເຄື່ອ​ນໄ​ຫວ'),
(2, 'app', 'There are no news.'),
(3, 'app', 'MPT'),
(4, 'app', 'Lao'),
(5, 'app', 'English'),
(6, 'app', 'Search'),
(7, 'app', 'Copyright'),
(8, 'app', '404 Error - Not Found'),
(9, 'app', 'Opps!'),
(10, 'app', 'We\'re sorry, but the page you were looking for doesn\'t exist.'),
(11, 'app', 'Home Page'),
(19, 'app', 'Search in current page'),
(20, 'app', 'Title'),
(21, 'app', 'Content'),
(22, 'app', 'There are no contents for that section.'),
(23, 'app', 'Sign in to start your session'),
(24, 'app', 'Code'),
(25, 'app', 'Click on the captcha image to refresh'),
(26, 'app', 'Back'),
(27, 'app', 'Login'),
(28, 'app', 'I forgot my password'),
(29, 'app', 'ADMIN PANEL'),
(30, 'app', 'Admin Page'),
(31, 'app', 'Welcome to Admin Page'),
(32, 'app', 'This page is only reserved for staff for updating the information about the web application.'),
(33, 'app', 'Update Setting'),
(34, 'app', 'Access Control'),
(35, 'app', 'Users'),
(36, 'app', 'Manage Banner'),
(37, 'app', 'Menus'),
(38, 'app', 'Manage Content Categories'),
(39, 'app', 'Manage Home'),
(40, 'app', 'Manage'),
(41, 'app', 'Manage  Sidebar'),
(42, 'app', 'Issue Categories'),
(43, 'app', 'Issues'),
(44, 'app', 'ສະ​ຖິ​ຕີການຄົນ​ເຂົ້າຊົມເວບ'),
(45, 'app', 'Home'),
(46, 'app', 'Change Password'),
(47, 'app', 'Logout'),
(48, 'app', 'Change Banner'),
(49, 'app', 'Banner'),
(50, 'app', 'ID'),
(51, 'app', 'Photo Banner'),
(52, 'app', 'Footer Text'),
(53, 'app', 'Save'),
(54, 'app', 'Admin Panel'),
(63, 'app', 'Meeting'),
(64, 'app', 'Manage User'),
(65, 'app', 'Manage Registration'),
(66, 'app', 'Create User'),
(67, 'app', 'Activation'),
(68, 'app', 'Admin'),
(69, 'app', 'Adminregister'),
(70, 'app', 'Knowledgebase'),
(71, 'app', 'Notification'),
(72, 'app', 'Register'),
(73, 'app', 'Super Admin'),
(74, 'app', 'Active'),
(75, 'app', 'Inactive'),
(76, 'app', 'Active?'),
(77, 'app', 'Username'),
(78, 'app', 'Password'),
(79, 'app', 'Full Name'),
(80, 'app', 'Type'),
(81, 'app', 'Status'),
(82, 'app', 'Created At'),
(83, 'app', 'Deactivate'),
(84, 'app', 'Update'),
(85, 'app', 'Delete'),
(86, 'app', 'Are you sure you want to delete this item?'),
(87, 'app', 'Translations'),
(88, 'app', 'Update User'),
(89, 'app', 'The new passwords are different.'),
(90, 'app', 'Source message'),
(91, 'app', 'Title Persion'),
(92, 'app', 'ກອງ​ປະ​ຊ​ຸມ'),
(93, 'app', 'ກົດ​ໝາຍ'),
(94, 'app', 'ດຳ​ລັດ'),
(95, 'app', 'ບໍ​ລິ​ການ'),
(96, 'app', 'ສ້າງ ກອງ​ປະ​ຊ​ຸມ'),
(97, 'app', 'ແຈ້ງ​ການ'),
(98, 'app', 'ແອ​ກະ​ສານ​ເຜິຍ​ແຜ່'),
(99, 'app', '​ຄັງ​ຄວາມ​ຮູ້'),
(100, 'app', '<p>Dear User,<br/><br/>Find below the information to login to your account:<br/><b>Username:</b>'),
(101, 'app', '<p>Dear User,<br/><br/>Please click on this link to confirm resetting your password:<br/> <a href=\''),
(102, 'app', 'Back to Website Page'),
(103, 'app', 'Create Social Media'),
(104, 'app', 'Edit Invitation'),
(105, 'app', 'Facebook'),
(106, 'app', 'Latest News'),
(107, 'app', 'More News'),
(108, 'app', 'Since 2017'),
(109, 'app', 'Social Medias'),
(110, 'app', 'Update Social Media'),
(111, 'app', 'Useful Information'),
(112, 'app', 'ການ​ລົງ​ທະ​ບຽນ​ປະ​ຊົມ'),
(113, 'app', 'ວາ​ລະ​ສານ ໄອ​ຊີ​ທີ'),
(114, 'app', 'ສີ່ງ​ຄຳ​ຕິ​ຊົມ'),
(115, 'app', '​ຄັງ​ຄວາມ​ຮູ້1'),
(116, 'app', '​ຄັງ​ຄວາມ​ຮູ້2'),
(117, 'app', '​ຄັງ​ຄວາມ​ຮູ້3'),
(118, 'app', '---Please select---'),
(119, 'app', 'Add invitation'),
(120, 'app', 'Agenda'),
(121, 'app', 'Already registered'),
(122, 'app', 'Attachment(s):'),
(123, 'app', 'Content Category'),
(124, 'app', 'Contract'),
(125, 'app', 'Create'),
(126, 'app', 'Create Box  Right'),
(127, 'app', 'Date End'),
(128, 'app', 'Date Start'),
(129, 'app', 'Downlaod'),
(130, 'app', 'Download'),
(131, 'app', 'Email'),
(132, 'app', 'Event Title'),
(133, 'app', 'Female'),
(134, 'app', 'File'),
(135, 'app', 'First Name'),
(136, 'app', 'First name and last name'),
(137, 'app', 'Gender'),
(138, 'app', 'Host'),
(139, 'app', 'Issue Category'),
(140, 'app', 'Issue Form'),
(141, 'app', 'Last Name'),
(142, 'app', 'List person already registered'),
(143, 'app', 'Location'),
(144, 'app', 'Make sure you want to delete this item.?'),
(145, 'app', 'Male'),
(146, 'app', 'Map'),
(147, 'app', 'Message'),
(148, 'app', 'Month'),
(149, 'app', 'Name'),
(150, 'app', 'No results matched your search request.'),
(151, 'app', 'No.'),
(152, 'app', 'Number registered'),
(153, 'app', 'Online'),
(154, 'app', 'Org Name'),
(155, 'app', 'Org Name1'),
(156, 'app', 'Org Name2'),
(157, 'app', 'Organization'),
(158, 'app', 'Pax'),
(159, 'app', 'Photo'),
(160, 'app', 'Please click here register next person >>'),
(161, 'app', 'Please fill personal information in form registration'),
(162, 'app', 'Position'),
(163, 'app', 'Print'),
(164, 'app', 'Read more'),
(165, 'app', 'Register Deadline'),
(166, 'app', 'Registration Form'),
(167, 'app', 'Results of Search'),
(168, 'app', 'Send Issue'),
(169, 'app', 'Since'),
(170, 'app', 'Subject'),
(171, 'app', 'Submit'),
(172, 'app', 'Telephone'),
(173, 'app', 'The system not allow for you registration.<br/><br/>Please contact administrator!'),
(174, 'app', 'This registration already closed.<br/><br/>Thank you!'),
(175, 'app', 'Time End'),
(176, 'app', 'Time Start'),
(177, 'app', 'Today'),
(178, 'app', 'Total'),
(179, 'app', 'Update Box  Right'),
(180, 'app', 'Visitors Statistics'),
(181, 'app', 'Week'),
(182, 'app', 'Year'),
(183, 'app', 'Yesterday'),
(184, 'app', 'Your submit registered successfully <br/><br/> Thank you!'),
(185, 'app', 'cannot be blank.'),
(186, 'app', 'maximum registration'),
(187, 'app', 'org_name1'),
(188, 'app', 'org_name2'),
(189, 'app', 'person'),
(190, 'app', 'Lastest Events'),
(191, 'app', 'Lastest News'),
(192, 'app', 'Manage  Home Right'),
(193, 'app', 'Meeting Registration'),
(194, 'app', 'More Events'),
(195, 'app', 'Share'),
(196, 'app', 'Updated'),
(197, 'app', 'Start Date'),
(198, 'app', 'Summary'),
(199, 'app', 'Details'),
(200, 'app', 'Keywords'),
(201, 'app', 'Meta Keywords'),
(202, 'app', 'End Date'),
(203, 'app', 'Created Date'),
(204, 'app', 'Updated Date'),
(205, 'app', 'Ref'),
(206, 'app', 'Content Category ID'),
(207, 'app', 'Created By'),
(208, 'app', 'Updated By'),
(209, 'app', 'Add 1'),
(210, 'app', 'Add 2'),
(211, 'app', 'Add 3'),
(212, 'app', 'Add 4'),
(213, 'app', 'Add 5'),
(214, 'app', 'View'),
(215, 'app', 'Content Categories'),
(216, 'app', 'Create Content Category'),
(217, 'app', 'Yes'),
(218, 'app', 'No'),
(219, 'app', 'Has Summary'),
(220, 'app', 'Has Details'),
(221, 'app', 'Has Photo'),
(222, 'app', 'Has Keywords'),
(223, 'app', 'Has Meta Keywords'),
(224, 'app', 'Has Start Date'),
(225, 'app', 'Has End Date'),
(226, 'app', 'Has Multi Attachment'),
(227, 'app', 'Has Add1'),
(228, 'app', 'Has Add2'),
(229, 'app', 'Has Add3'),
(230, 'app', 'Has Add4'),
(231, 'app', 'Has Add5'),
(232, 'app', 'Is Legal Type'),
(233, 'app', 'Activate'),
(234, 'app', 'Update Content Category'),
(235, 'app', 'Create Issue Category'),
(236, 'app', 'Source Code Translations'),
(237, 'app', 'Create Menu'),
(238, 'app', 'Sort Number'),
(239, 'app', 'Parent'),
(240, 'app', 'Link'),
(241, 'app', 'Top'),
(242, 'app', 'Left'),
(243, 'app', 'Right'),
(244, 'app', 'Bottom'),
(245, 'app', 'Sort'),
(246, 'app', 'Menu ID'),
(247, 'app', 'Content ID'),
(248, 'app', 'Add sub menu'),
(249, 'app', 'Update Menu'),
(250, 'app', 'Name in '),
(251, 'app', 'Translation  Lao'),
(252, 'app', 'Translation English'),
(271, 'zelenin/modules/i18n', 'Translations'),
(272, 'zelenin/modules/i18n', 'Translated'),
(273, 'zelenin/modules/i18n', 'Not translated'),
(274, 'zelenin/modules/i18n', 'ID'),
(275, 'zelenin/modules/i18n', 'Category'),
(276, 'zelenin/modules/i18n', 'Message'),
(277, 'zelenin/modules/i18n', 'Translation status'),
(278, 'yii2mod.rbac', 'Roles'),
(279, 'yii2mod.rbac', 'Assignments'),
(280, 'yii2mod.rbac', 'Permissions'),
(281, 'yii2mod.rbac', 'Routes'),
(282, 'yii2mod.rbac', 'Rules'),
(283, 'yii2mod.rbac', 'Create Role'),
(284, 'yii2mod.rbac', 'Name'),
(285, 'yii2mod.rbac', 'Rule Name'),
(286, 'yii2mod.rbac', 'Select Rule'),
(287, 'yii2mod.rbac', 'Description'),
(288, 'yii2mod.rbac', 'Action'),
(289, 'yii2mod.rbac', 'Item has been removed.'),
(290, 'app', 'Visitor Statistics'),
(291, 'app', '</p><br/><br/>Thank you.'),
(292, 'app', '<br/><b>Attached File: </b>'),
(293, 'app', '<br/><b>Email: </b>'),
(294, 'app', '<br/><b>Issue Category: </b>'),
(295, 'app', '<br/><b>Message: </b>'),
(296, 'app', '<br/><b>Name: </b>'),
(297, 'app', '<br/><b>Subject: </b>'),
(298, 'app', '<br/><b>Telephone: </b>'),
(299, 'app', '<p>Dear Member,<br/><br/>Find below the information about the issue:'),
(300, 'app', '<p>Dear Member,<br/><br/>Find below the information about the request:'),
(301, 'app', '<p>Dear User,<br/><br/>Find below the information to login to your account:<br/><b>Username:</b>use'),
(302, 'app', '<p>Dear User,<br/><br/>Please click on this link to confirm resetting your password:<br/> <a href=\'ur\'>Reset</a><br/><br/>Thank you.'),
(303, 'app', 'Activation failed.'),
(304, 'app', 'Activation successful.'),
(305, 'app', 'Add Home'),
(306, 'app', 'Additional Field 1'),
(307, 'app', 'Additional Field 2'),
(308, 'app', 'Additional Field 3'),
(309, 'app', 'Additional Field 4'),
(310, 'app', 'Additional Field 5'),
(311, 'app', 'Banners'),
(312, 'app', 'Box Right'),
(313, 'app', 'CYBERIA'),
(314, 'app', 'Cancel file'),
(315, 'app', 'Cancel photo'),
(316, 'app', 'Contact'),
(317, 'app', 'Contact Form'),
(318, 'app', 'Content Category is undefined'),
(319, 'app', 'Create Banner'),
(320, 'app', 'Create Gallery'),
(321, 'app', 'Create Home'),
(322, 'app', 'Create Issue'),
(323, 'app', 'Create Slider'),
(324, 'app', 'Create Video'),
(325, 'app', 'Creation failed. Please double check your inputs.'),
(326, 'app', 'Creation successful.'),
(327, 'app', 'Date'),
(328, 'app', 'Deactivation failed.'),
(329, 'app', 'Deactivation successful.'),
(330, 'app', 'Deletion Successful'),
(331, 'app', 'Designed and Developed by'),
(332, 'app', 'Detail'),
(333, 'app', 'EXCEL'),
(334, 'app', 'Edit'),
(335, 'app', 'Event ID'),
(336, 'app', 'Events'),
(337, 'app', 'Forget password'),
(338, 'app', 'G-Web'),
(339, 'app', 'Galleries'),
(340, 'app', 'Gallery ID'),
(341, 'app', 'Go to Login Page'),
(342, 'app', 'Has Additional Field 1'),
(343, 'app', 'Has Additional Field 2'),
(344, 'app', 'Has Additional Field 3'),
(345, 'app', 'Has Additional Field 4'),
(346, 'app', 'Has Additional Field 5'),
(347, 'app', 'Has Menu Bottom'),
(348, 'app', 'Has Menu Left'),
(349, 'app', 'Has Menu Right'),
(350, 'app', 'Has Menu Top'),
(351, 'app', 'Has Slide'),
(352, 'app', 'Has Social Media'),
(353, 'app', 'Has Video'),
(354, 'app', 'Home ID'),
(355, 'app', 'Homes'),
(356, 'app', 'Icon'),
(357, 'app', 'Invitation ID'),
(358, 'app', 'Issue'),
(359, 'app', 'Issue Category ID'),
(360, 'app', 'Issue sent successfully.'),
(361, 'app', 'Language'),
(362, 'app', 'Like'),
(363, 'app', 'Link to content\r\n            page'),
(364, 'app', 'Link to content\r\n            type page'),
(365, 'app', 'List'),
(366, 'app', 'MPT. All Rights Reserved.'),
(367, 'app', 'Manage Documents'),
(368, 'app', 'Manage Home Right'),
(369, 'app', 'New Account Information'),
(370, 'app', 'New Issue'),
(371, 'app', 'New Request'),
(372, 'app', 'Not Found Page'),
(373, 'app', 'Organization Name'),
(374, 'app', 'Please click first on \'Upload\' button.'),
(375, 'app', 'Please click the button upload above'),
(376, 'app', 'QR Code'),
(377, 'app', 'Registration Code'),
(378, 'app', 'Remark: change ? to content number id page or content type number id page'),
(379, 'app', 'Remove old file'),
(380, 'app', 'Remove old photo'),
(381, 'app', 'Remove photo'),
(382, 'app', 'Request sent failed.'),
(383, 'app', 'Request sent successfully.'),
(384, 'app', 'Reset'),
(385, 'app', 'Resetting password'),
(386, 'app', 'Search Options'),
(387, 'app', 'Send Request'),
(388, 'app', 'Send issue failed.'),
(389, 'app', 'Set icon default'),
(390, 'app', 'Settings'),
(391, 'app', 'Size of the picture: Width:1107px - Height:340px'),
(392, 'app', 'Slider ID'),
(393, 'app', 'Sliders'),
(394, 'app', 'Social Media'),
(395, 'app', 'Sorrry This Page Not Found'),
(396, 'app', 'The favicon must be a png file'),
(397, 'app', 'The requested page does not exist.'),
(398, 'app', 'There are no contents.'),
(399, 'app', 'Title English'),
(400, 'app', 'Title in '),
(401, 'app', 'Type Home ID'),
(402, 'app', 'URL'),
(403, 'app', 'Update Gallery'),
(404, 'app', 'Update Home: {name}'),
(405, 'app', 'Update Issue'),
(406, 'app', 'Update Issue Category'),
(407, 'app', 'Update Video'),
(408, 'app', 'Update failed. Please double check your inputs.'),
(409, 'app', 'Update successful.'),
(410, 'app', 'Update {modelClass}: '),
(411, 'app', 'Upload Attachments'),
(412, 'app', 'Upload Images'),
(413, 'app', 'User ID'),
(414, 'app', 'Video ID'),
(415, 'app', 'Videos'),
(416, 'app', 'Vientiane Lao P.D.R'),
(417, 'app', 'View Content Category'),
(418, 'app', 'View Gallery'),
(419, 'app', 'View Menu'),
(420, 'app', 'View User'),
(421, 'app', 'View Video'),
(422, 'app', 'You can\'t delete this item because it is linked to another records. Please deactivate it instead of deleting.'),
(423, 'app', 'ຊື່​ງານ (Event)'),
(424, 'app', 'ຖ້າ​ທ່ານ​ລືບ​ລາຍ​ການນີ້​ຂໍ້​ມູນ​ກ​່ຽວ​ກັບ​ລາຍ​ການນີ້​ຈະ​ຖືກ​ລືບ​ໄປ​ນຳ.'),
(425, 'app', 'ວັນ​ທີ (Date)'),
(426, 'app', 'ເຊີນ​ຜູ້​ເຂົ້າ​ຮ່ວມ'),
(427, 'app', '​ຖ້າ​ທ່ານ​ລືບ​ລາຍ​ການນີ້​ຂໍ້​ມູນ​ກ​່ຽວ​ກັບ​ລາຍ​ການນີ້​ຈະ​ຖືກ​ລືບ​ໄປ​ນຳ.?'),
(428, 'app', 'The iconbar must be file.png'),
(429, 'zelenin/modules/i18n', 'Update'),
(430, 'zelenin/modules/i18n', 'Language'),
(431, 'zelenin/modules/i18n', 'Translation');

-- --------------------------------------------------------

--
-- Table structure for table `type_home`
--

CREATE TABLE `type_home` (
  `id` int(11) NOT NULL,
  `name` varchar(255) NOT NULL,
  `status` tinyint(4) DEFAULT 1,
  `sort` int(11) DEFAULT NULL
) ENGINE=InnoDB DEFAULT CHARSET=utf8;

-- --------------------------------------------------------

--
-- Table structure for table `type_home_translate`
--

CREATE TABLE `type_home_translate` (
  `id` int(11) NOT NULL,
  `name` varchar(255) DEFAULT NULL,
  `language` varchar(45) DEFAULT NULL,
  `type_home_id` int(11) NOT NULL
) ENGINE=InnoDB DEFAULT CHARSET=utf8;

-- --------------------------------------------------------

--
-- Table structure for table `user`
--

CREATE TABLE `user` (
  `id` int(11) NOT NULL,
  `username` varchar(255) COLLATE utf8_unicode_ci NOT NULL,
  `password` varchar(255) COLLATE utf8_unicode_ci NOT NULL,
  `full_name` varchar(255) COLLATE utf8_unicode_ci NOT NULL,
  `type` varchar(255) COLLATE utf8_unicode_ci NOT NULL,
  `status` enum('1','0') COLLATE utf8_unicode_ci NOT NULL DEFAULT '1',
  `created_at` date NOT NULL
) ENGINE=InnoDB DEFAULT CHARSET=utf8 COLLATE=utf8_unicode_ci;

--
-- Dumping data for table `user`
--

INSERT INTO `user` (`id`, `username`, `password`, `full_name`, `type`, `status`, `created_at`) VALUES
(22, 'gweb@cyberia.la', '$2y$13$vibImJhsSDcbvEK0GB/nrOcFMjvhaGXbu8vkZ.BECFq5cYqF2XEGm', 'Administrator', 'Admin', '1', '2019-06-03'),
(36, 'mtc@mtc.gov.la', '$2y$13$omnDr0BceUJIhGOeyUrpCOt9bAtj..6zM1brFjmZEoQb8/XCQKykW', 'MTC', 'Super Admin', '1', '2022-08-09'),
(38, 'admin@mpt.gov.la', '$2y$13$UgR5oUWgWxGTyBUenEBH4u8EYpZ8A8S3dJdKJNpVmyBak/4eceHWS', 'admin register', 'Adminregister', '1', '2021-06-04');

-- --------------------------------------------------------

--
-- Table structure for table `user_access_category`
--

CREATE TABLE `user_access_category` (
  `id` int(10) UNSIGNED NOT NULL,
  `user_id` int(11) NOT NULL,
  `category_id` int(11) NOT NULL,
  `create` tinyint(1) DEFAULT 0,
  `edit` tinyint(1) DEFAULT 0,
  `delete` tinyint(1) DEFAULT 0
) ENGINE=InnoDB DEFAULT CHARSET=utf8 ROW_FORMAT=DYNAMIC;

--
-- Dumping data for table `user_access_category`
--

INSERT INTO `user_access_category` (`id`, `user_id`, `category_id`, `create`, `edit`, `delete`) VALUES
(445, 37, 1, 0, 0, 0),
(446, 37, 2, 0, 0, 0),
(447, 37, 4, 0, 0, 0),
(448, 37, 5, 0, 0, 0),
(449, 37, 6, 0, 0, 0),
(450, 37, 7, 0, 0, 0),
(451, 37, 9, 0, 0, 0),
(452, 37, 14, 0, 0, 0),
(453, 37, 17, 0, 0, 0),
(454, 37, 18, 0, 0, 0),
(455, 37, 19, 0, 0, 0),
(456, 37, 20, 0, 0, 0),
(457, 37, 22, 0, 0, 0),
(471, 38, 1, 0, 0, 0),
(472, 38, 2, 0, 0, 0),
(473, 38, 4, 0, 0, 0),
(474, 38, 5, 0, 0, 0),
(475, 38, 6, 0, 0, 0),
(476, 38, 7, 0, 0, 0),
(477, 38, 9, 0, 0, 0),
(478, 38, 14, 0, 0, 0),
(479, 38, 17, 0, 0, 0),
(480, 38, 18, 0, 0, 0),
(481, 38, 19, 0, 0, 0),
(482, 38, 20, 0, 0, 0),
(483, 38, 22, 0, 0, 0),
(486, 36, 4, 1, 1, 1),
(487, 36, 5, 1, 1, 1),
(488, 36, 6, 1, 1, 1),
(489, 36, 7, 1, 1, 1),
(490, 36, 9, 1, 1, 1),
(491, 36, 14, 1, 1, 1),
(492, 36, 17, 1, 1, 1),
(493, 36, 18, 1, 1, 1),
(494, 36, 19, 1, 1, 1),
(495, 36, 20, 1, 1, 1),
(496, 36, 22, 1, 1, 1),
(499, 36, 23, 1, 1, 1),
(500, 36, 24, 1, 1, 1),
(501, 36, 25, 1, 1, 1),
(502, 36, 26, 1, 1, 1),
(503, 36, 27, 1, 1, 1),
(504, 36, 28, 1, 1, 1),
(505, 36, 29, 1, 1, 1),
(506, 36, 30, 1, 1, 1),
(507, 36, 31, 1, 1, 1),
(508, 36, 32, 1, 1, 1),
(509, 36, 33, 1, 1, 1),
(510, 36, 34, 1, 1, 1),
(511, 36, 35, 1, 1, 1),
(512, 36, 36, 1, 1, 1),
(521, 39, 1, 1, 1, 1),
(522, 39, 2, 1, 1, 1),
(523, 39, 37, 1, 1, 1),
(524, 39, 38, 1, 1, 1),
(525, 39, 39, 1, 1, 1),
(526, 39, 40, 1, 1, 1),
(527, 39, 41, 1, 1, 1),
(530, 36, 37, 1, 1, 1),
(531, 36, 38, 1, 1, 1),
(532, 36, 39, 1, 1, 1),
(533, 36, 40, 1, 1, 1),
(534, 36, 41, 1, 1, 1),
(535, 40, 1, 0, 0, 0),
(536, 40, 2, 1, 1, 1),
(537, 40, 37, 0, 0, 0),
(538, 40, 38, 0, 0, 0),
(539, 40, 39, 0, 0, 0),
(540, 40, 40, 0, 0, 0),
(541, 40, 41, 0, 0, 0),
(563, 44, 1, 1, 1, 1),
(564, 44, 2, 1, 1, 1),
(565, 44, 37, 1, 1, 1),
(566, 44, 38, 1, 1, 1),
(567, 44, 39, 1, 1, 1),
(568, 44, 40, 1, 1, 1),
(569, 44, 41, 1, 1, 1),
(570, 41, 1, 0, 0, 0),
(571, 41, 2, 0, 0, 0),
(572, 41, 37, 0, 0, 0),
(573, 41, 38, 0, 0, 0),
(574, 41, 39, 1, 1, 1),
(575, 41, 40, 0, 0, 0),
(576, 41, 41, 0, 0, 0),
(577, 42, 1, 0, 0, 0),
(578, 42, 2, 0, 0, 0),
(579, 42, 37, 1, 1, 1),
(580, 42, 38, 0, 0, 0),
(581, 42, 39, 0, 0, 0),
(582, 42, 40, 0, 0, 0),
(583, 42, 41, 0, 0, 0),
(584, 43, 1, 0, 0, 0),
(585, 43, 2, 0, 0, 0),
(586, 43, 37, 0, 0, 0),
(587, 43, 38, 1, 1, 1),
(588, 43, 39, 0, 0, 0),
(589, 43, 40, 0, 0, 0),
(590, 43, 41, 0, 0, 0),
(592, 36, 1, 1, 1, 1),
(593, 36, 2, 1, 1, 1),
(594, 36, 42, 1, 1, 1);

-- --------------------------------------------------------

--
-- Table structure for table `version_detail`
--

CREATE TABLE `version_detail` (
  `id` int(11) NOT NULL,
  `title` text DEFAULT NULL,
  `version` varchar(255) NOT NULL,
  `detail` longtext NOT NULL,
  `date_time` datetime NOT NULL DEFAULT '0000-00-00 00:00:00' ON UPDATE current_timestamp(),
  `status` tinyint(4) NOT NULL DEFAULT 0
) ENGINE=InnoDB DEFAULT CHARSET=utf8 ROW_FORMAT=DYNAMIC;

-- --------------------------------------------------------

--
-- Table structure for table `video`
--

CREATE TABLE `video` (
  `id` int(11) NOT NULL,
  `title` varchar(255) NOT NULL,
  `link` varchar(255) NOT NULL,
  `date` date NOT NULL,
  `sort` int(11) DEFAULT NULL,
  `status` enum('1','0') DEFAULT '1',
  `created_date` datetime DEFAULT NULL,
  `updated_date` datetime DEFAULT NULL,
  `created_by` int(11) DEFAULT NULL,
  `updated_by` int(11) DEFAULT NULL
) ENGINE=InnoDB DEFAULT CHARSET=utf8;

--
-- Dumping data for table `video`
--

INSERT INTO `video` (`id`, `title`, `link`, `date`, `sort`, `status`, `created_date`, `updated_date`, `created_by`, `updated_by`) VALUES
(1, 'Video 1', 'http://www.youtube.com/embed/W7qWa52k-nE', '2017-05-04', 1, '1', NULL, NULL, NULL, NULL);

-- --------------------------------------------------------

--
-- Table structure for table `video_translate`
--

CREATE TABLE `video_translate` (
  `id` int(10) UNSIGNED NOT NULL,
  `language` varchar(45) NOT NULL,
  `title` varchar(255) NOT NULL,
  `video_id` int(11) NOT NULL
) ENGINE=InnoDB DEFAULT CHARSET=utf8;

--
-- Dumping data for table `video_translate`
--

INSERT INTO `video_translate` (`id`, `language`, `title`, `video_id`) VALUES
(1, 'en', 'Video 1', 1);

--
-- Indexes for dumped tables
--

--
-- Indexes for table `authassignment`
--
ALTER TABLE `authassignment`
  ADD PRIMARY KEY (`item_name`,`user_id`);

--
-- Indexes for table `authitem`
--
ALTER TABLE `authitem`
  ADD PRIMARY KEY (`name`) USING BTREE,
  ADD KEY `rule_name` (`rule_name`) USING BTREE,
  ADD KEY `idx-auth_item-type` (`type`) USING BTREE;

--
-- Indexes for table `authitemchild`
--
ALTER TABLE `authitemchild`
  ADD PRIMARY KEY (`parent`,`child`) USING BTREE,
  ADD KEY `child` (`child`) USING BTREE;

--
-- Indexes for table `authrule`
--
ALTER TABLE `authrule`
  ADD PRIMARY KEY (`name`);

--
-- Indexes for table `backup`
--
ALTER TABLE `backup`
  ADD PRIMARY KEY (`id`) USING BTREE;

--
-- Indexes for table `banner`
--
ALTER TABLE `banner`
  ADD PRIMARY KEY (`id`);

--
-- Indexes for table `content`
--
ALTER TABLE `content`
  ADD PRIMARY KEY (`id`),
  ADD KEY `fk_content_content_category1_idx` (`content_category_id`),
  ADD KEY `fk_content_user1_idx` (`created_by`),
  ADD KEY `fk_content_user2_idx` (`updated_by`);

--
-- Indexes for table `content_category`
--
ALTER TABLE `content_category`
  ADD PRIMARY KEY (`id`),
  ADD KEY `fk_content_category_user1_idx` (`created_by`),
  ADD KEY `fk_content_category_user2_idx` (`updated_by`);

--
-- Indexes for table `content_category_translate`
--
ALTER TABLE `content_category_translate`
  ADD PRIMARY KEY (`id`),
  ADD KEY `fk_content_category_translate_content_category1_idx` (`content_category_id`);

--
-- Indexes for table `content_translate`
--
ALTER TABLE `content_translate`
  ADD PRIMARY KEY (`id`),
  ADD KEY `fk_content_translate_content1_idx` (`content_id`);

--
-- Indexes for table `counter`
--
ALTER TABLE `counter`
  ADD PRIMARY KEY (`id`) USING BTREE;

--
-- Indexes for table `event`
--
ALTER TABLE `event`
  ADD PRIMARY KEY (`id`);

--
-- Indexes for table `gallary_uploads`
--
ALTER TABLE `gallary_uploads`
  ADD PRIMARY KEY (`upload_id`);

--
-- Indexes for table `gallery`
--
ALTER TABLE `gallery`
  ADD PRIMARY KEY (`id`),
  ADD UNIQUE KEY `ref` (`ref`),
  ADD KEY `fk_gallery_user1_idx` (`created_by`),
  ADD KEY `fk_gallery_user2_idx` (`updated_by`);

--
-- Indexes for table `gallery_translate`
--
ALTER TABLE `gallery_translate`
  ADD PRIMARY KEY (`id`),
  ADD KEY `fk_gallery_translate_gallery1_idx` (`gallery_id`);

--
-- Indexes for table `home`
--
ALTER TABLE `home`
  ADD PRIMARY KEY (`id`),
  ADD KEY `fk_home_type_home1_idx` (`type_home_id`);

--
-- Indexes for table `home_translate`
--
ALTER TABLE `home_translate`
  ADD PRIMARY KEY (`id`),
  ADD KEY `fk_home_translate_home1_idx` (`home_id`);

--
-- Indexes for table `invitation`
--
ALTER TABLE `invitation`
  ADD PRIMARY KEY (`id`),
  ADD UNIQUE KEY `registration_code_UNIQUE` (`registration_code`),
  ADD KEY `fk_invitation_event_idx` (`event_id`);

--
-- Indexes for table `issue`
--
ALTER TABLE `issue`
  ADD PRIMARY KEY (`id`),
  ADD KEY `fk_issue_issue_category1_idx` (`issue_category_id`);

--
-- Indexes for table `issue_category`
--
ALTER TABLE `issue_category`
  ADD PRIMARY KEY (`id`),
  ADD KEY `fk_issue_category_user1_idx` (`created_by`),
  ADD KEY `fk_issue_category_user2_idx` (`updated_by`);

--
-- Indexes for table `issue_category_translate`
--
ALTER TABLE `issue_category_translate`
  ADD PRIMARY KEY (`id`),
  ADD KEY `fk_issue_category_translate_issue_category1_idx` (`issue_category_id`);

--
-- Indexes for table `language`
--
ALTER TABLE `language`
  ADD PRIMARY KEY (`language_id`) USING BTREE;

--
-- Indexes for table `language_source`
--
ALTER TABLE `language_source`
  ADD PRIMARY KEY (`id`) USING BTREE;

--
-- Indexes for table `language_translate`
--
ALTER TABLE `language_translate`
  ADD PRIMARY KEY (`id`,`language`) USING BTREE,
  ADD KEY `language_translate_idx_language` (`language`) USING BTREE;

--
-- Indexes for table `menu`
--
ALTER TABLE `menu`
  ADD PRIMARY KEY (`id`),
  ADD KEY `fk_menu_menu1_idx` (`menu_id`),
  ADD KEY `fk_menu_content1_idx` (`content_id`),
  ADD KEY `fk_menu_user1_idx` (`created_by`),
  ADD KEY `fk_menu_user2_idx` (`updated_by`);

--
-- Indexes for table `menu_translate`
--
ALTER TABLE `menu_translate`
  ADD PRIMARY KEY (`id`),
  ADD KEY `fk_menu_translate_menu1_idx` (`menu_id`);

--
-- Indexes for table `message`
--
ALTER TABLE `message`
  ADD PRIMARY KEY (`id`,`language`),
  ADD KEY `idx_message_language` (`language`);

--
-- Indexes for table `migration`
--
ALTER TABLE `migration`
  ADD PRIMARY KEY (`version`);

--
-- Indexes for table `person_title`
--
ALTER TABLE `person_title`
  ADD PRIMARY KEY (`id`) USING BTREE;

--
-- Indexes for table `registration`
--
ALTER TABLE `registration`
  ADD PRIMARY KEY (`id`),
  ADD KEY `fk_registration_invitation1_idx` (`invitation_id`);

--
-- Indexes for table `setting`
--
ALTER TABLE `setting`
  ADD PRIMARY KEY (`id`);

--
-- Indexes for table `slider`
--
ALTER TABLE `slider`
  ADD PRIMARY KEY (`id`),
  ADD KEY `fk_slider_user1_idx` (`created_by`),
  ADD KEY `fk_slider_user2_idx` (`updated_by`);

--
-- Indexes for table `slider_translate`
--
ALTER TABLE `slider_translate`
  ADD PRIMARY KEY (`id`),
  ADD KEY `fk_slider_translate_slider1_idx` (`slider_id`);

--
-- Indexes for table `social_media`
--
ALTER TABLE `social_media`
  ADD PRIMARY KEY (`id`),
  ADD KEY `fk_social_media_user1_idx` (`created_by`),
  ADD KEY `fk_social_media_user2_idx` (`updated_by`);

--
-- Indexes for table `source_message`
--
ALTER TABLE `source_message`
  ADD PRIMARY KEY (`id`),
  ADD KEY `idx_source_message_category` (`category`);

--
-- Indexes for table `type_home`
--
ALTER TABLE `type_home`
  ADD PRIMARY KEY (`id`);

--
-- Indexes for table `type_home_translate`
--
ALTER TABLE `type_home_translate`
  ADD PRIMARY KEY (`id`),
  ADD KEY `fk_type_home_translate_type_home1_idx` (`type_home_id`);

--
-- Indexes for table `user`
--
ALTER TABLE `user`
  ADD PRIMARY KEY (`id`),
  ADD UNIQUE KEY `username` (`username`);

--
-- Indexes for table `user_access_category`
--
ALTER TABLE `user_access_category`
  ADD PRIMARY KEY (`id`) USING BTREE;

--
-- Indexes for table `version_detail`
--
ALTER TABLE `version_detail`
  ADD PRIMARY KEY (`id`) USING BTREE;

--
-- Indexes for table `video`
--
ALTER TABLE `video`
  ADD PRIMARY KEY (`id`),
  ADD KEY `fk_video_user1_idx` (`created_by`),
  ADD KEY `fk_video_user2_idx` (`updated_by`);

--
-- Indexes for table `video_translate`
--
ALTER TABLE `video_translate`
  ADD PRIMARY KEY (`id`),
  ADD KEY `fk_video_translate_video1_idx` (`video_id`);

--
-- AUTO_INCREMENT for dumped tables
--

--
-- AUTO_INCREMENT for table `backup`
--
ALTER TABLE `backup`
  MODIFY `id` int(11) NOT NULL AUTO_INCREMENT, AUTO_INCREMENT=16;

--
-- AUTO_INCREMENT for table `banner`
--
ALTER TABLE `banner`
  MODIFY `id` int(11) NOT NULL AUTO_INCREMENT, AUTO_INCREMENT=2;

--
-- AUTO_INCREMENT for table `content`
--
ALTER TABLE `content`
  MODIFY `id` int(11) NOT NULL AUTO_INCREMENT, AUTO_INCREMENT=548;

--
-- AUTO_INCREMENT for table `content_category`
--
ALTER TABLE `content_category`
  MODIFY `id` int(11) NOT NULL AUTO_INCREMENT, AUTO_INCREMENT=43;

--
-- AUTO_INCREMENT for table `content_category_translate`
--
ALTER TABLE `content_category_translate`
  MODIFY `id` int(11) NOT NULL AUTO_INCREMENT, AUTO_INCREMENT=46;

--
-- AUTO_INCREMENT for table `content_translate`
--
ALTER TABLE `content_translate`
  MODIFY `id` int(11) NOT NULL AUTO_INCREMENT, AUTO_INCREMENT=548;

--
-- AUTO_INCREMENT for table `counter`
--
ALTER TABLE `counter`
  MODIFY `id` int(10) UNSIGNED NOT NULL AUTO_INCREMENT, AUTO_INCREMENT=247;

--
-- AUTO_INCREMENT for table `event`
--
ALTER TABLE `event`
  MODIFY `id` int(11) NOT NULL AUTO_INCREMENT, AUTO_INCREMENT=18;

--
-- AUTO_INCREMENT for table `gallary_uploads`
--
ALTER TABLE `gallary_uploads`
  MODIFY `upload_id` int(11) NOT NULL AUTO_INCREMENT, AUTO_INCREMENT=301;

--
-- AUTO_INCREMENT for table `gallery`
--
ALTER TABLE `gallery`
  MODIFY `id` int(11) NOT NULL AUTO_INCREMENT, AUTO_INCREMENT=2;

--
-- AUTO_INCREMENT for table `gallery_translate`
--
ALTER TABLE `gallery_translate`
  MODIFY `id` int(11) NOT NULL AUTO_INCREMENT, AUTO_INCREMENT=2;

--
-- AUTO_INCREMENT for table `home`
--
ALTER TABLE `home`
  MODIFY `id` int(11) NOT NULL AUTO_INCREMENT, AUTO_INCREMENT=29;

--
-- AUTO_INCREMENT for table `home_translate`
--
ALTER TABLE `home_translate`
  MODIFY `id` int(11) NOT NULL AUTO_INCREMENT, AUTO_INCREMENT=29;

--
-- AUTO_INCREMENT for table `invitation`
--
ALTER TABLE `invitation`
  MODIFY `id` int(11) NOT NULL AUTO_INCREMENT, AUTO_INCREMENT=72;

--
-- AUTO_INCREMENT for table `issue`
--
ALTER TABLE `issue`
  MODIFY `id` int(11) NOT NULL AUTO_INCREMENT, AUTO_INCREMENT=26;

--
-- AUTO_INCREMENT for table `issue_category`
--
ALTER TABLE `issue_category`
  MODIFY `id` int(11) NOT NULL AUTO_INCREMENT, AUTO_INCREMENT=6;

--
-- AUTO_INCREMENT for table `issue_category_translate`
--
ALTER TABLE `issue_category_translate`
  MODIFY `id` int(11) NOT NULL AUTO_INCREMENT, AUTO_INCREMENT=14;

--
-- AUTO_INCREMENT for table `language_source`
--
ALTER TABLE `language_source`
  MODIFY `id` int(11) NOT NULL AUTO_INCREMENT, AUTO_INCREMENT=1309;

--
-- AUTO_INCREMENT for table `menu`
--
ALTER TABLE `menu`
  MODIFY `id` int(11) NOT NULL AUTO_INCREMENT, AUTO_INCREMENT=125;

--
-- AUTO_INCREMENT for table `menu_translate`
--
ALTER TABLE `menu_translate`
  MODIFY `id` int(11) NOT NULL AUTO_INCREMENT, AUTO_INCREMENT=130;

--
-- AUTO_INCREMENT for table `person_title`
--
ALTER TABLE `person_title`
  MODIFY `id` int(11) NOT NULL AUTO_INCREMENT, AUTO_INCREMENT=3;

--
-- AUTO_INCREMENT for table `registration`
--
ALTER TABLE `registration`
  MODIFY `id` int(11) NOT NULL AUTO_INCREMENT, AUTO_INCREMENT=86;

--
-- AUTO_INCREMENT for table `setting`
--
ALTER TABLE `setting`
  MODIFY `id` int(11) NOT NULL AUTO_INCREMENT, AUTO_INCREMENT=2;

--
-- AUTO_INCREMENT for table `slider`
--
ALTER TABLE `slider`
  MODIFY `id` int(11) NOT NULL AUTO_INCREMENT, AUTO_INCREMENT=22;

--
-- AUTO_INCREMENT for table `slider_translate`
--
ALTER TABLE `slider_translate`
  MODIFY `id` int(11) NOT NULL AUTO_INCREMENT, AUTO_INCREMENT=23;

--
-- AUTO_INCREMENT for table `social_media`
--
ALTER TABLE `social_media`
  MODIFY `id` int(10) UNSIGNED NOT NULL AUTO_INCREMENT, AUTO_INCREMENT=21;

--
-- AUTO_INCREMENT for table `source_message`
--
ALTER TABLE `source_message`
  MODIFY `id` int(11) NOT NULL AUTO_INCREMENT, AUTO_INCREMENT=432;

--
-- AUTO_INCREMENT for table `type_home`
--
ALTER TABLE `type_home`
  MODIFY `id` int(11) NOT NULL AUTO_INCREMENT, AUTO_INCREMENT=9;

--
-- AUTO_INCREMENT for table `type_home_translate`
--
ALTER TABLE `type_home_translate`
  MODIFY `id` int(11) NOT NULL AUTO_INCREMENT, AUTO_INCREMENT=9;

--
-- AUTO_INCREMENT for table `user`
--
ALTER TABLE `user`
  MODIFY `id` int(11) NOT NULL AUTO_INCREMENT, AUTO_INCREMENT=45;

--
-- AUTO_INCREMENT for table `user_access_category`
--
ALTER TABLE `user_access_category`
  MODIFY `id` int(10) UNSIGNED NOT NULL AUTO_INCREMENT, AUTO_INCREMENT=595;

--
-- AUTO_INCREMENT for table `version_detail`
--
ALTER TABLE `version_detail`
  MODIFY `id` int(11) NOT NULL AUTO_INCREMENT;

--
-- AUTO_INCREMENT for table `video`
--
ALTER TABLE `video`
  MODIFY `id` int(11) NOT NULL AUTO_INCREMENT, AUTO_INCREMENT=2;

--
-- AUTO_INCREMENT for table `video_translate`
--
ALTER TABLE `video_translate`
  MODIFY `id` int(10) UNSIGNED NOT NULL AUTO_INCREMENT, AUTO_INCREMENT=2;

--
-- Constraints for dumped tables
--

--
-- Constraints for table `authassignment`
--
ALTER TABLE `authassignment`
  ADD CONSTRAINT `authassignment_ibfk_1` FOREIGN KEY (`item_name`) REFERENCES `authitem` (`name`) ON DELETE CASCADE ON UPDATE CASCADE;

--
-- Constraints for table `authitem`
--
ALTER TABLE `authitem`
  ADD CONSTRAINT `authitem_ibfk_1` FOREIGN KEY (`rule_name`) REFERENCES `authrule` (`name`) ON DELETE SET NULL ON UPDATE CASCADE;

--
-- Constraints for table `authitemchild`
--
ALTER TABLE `authitemchild`
  ADD CONSTRAINT `authitemchild_ibfk_1` FOREIGN KEY (`parent`) REFERENCES `authitem` (`name`) ON DELETE CASCADE ON UPDATE CASCADE,
  ADD CONSTRAINT `authitemchild_ibfk_2` FOREIGN KEY (`child`) REFERENCES `authitem` (`name`) ON DELETE CASCADE ON UPDATE CASCADE;

--
-- Constraints for table `content`
--
ALTER TABLE `content`
  ADD CONSTRAINT `fk_content_content_category1` FOREIGN KEY (`content_category_id`) REFERENCES `content_category` (`id`) ON DELETE CASCADE,
  ADD CONSTRAINT `fk_content_user2` FOREIGN KEY (`updated_by`) REFERENCES `user` (`id`) ON DELETE SET NULL;

--
-- Constraints for table `content_category`
--
ALTER TABLE `content_category`
  ADD CONSTRAINT `fk_content_category_user1` FOREIGN KEY (`created_by`) REFERENCES `user` (`id`) ON DELETE SET NULL,
  ADD CONSTRAINT `fk_content_category_user2` FOREIGN KEY (`updated_by`) REFERENCES `user` (`id`) ON DELETE SET NULL;

--
-- Constraints for table `content_category_translate`
--
ALTER TABLE `content_category_translate`
  ADD CONSTRAINT `fk_content_category_translate_content_category1` FOREIGN KEY (`content_category_id`) REFERENCES `content_category` (`id`) ON DELETE CASCADE;

--
-- Constraints for table `content_translate`
--
ALTER TABLE `content_translate`
  ADD CONSTRAINT `fk_content_translate_content1` FOREIGN KEY (`content_id`) REFERENCES `content` (`id`) ON DELETE CASCADE;

--
-- Constraints for table `gallery`
--
ALTER TABLE `gallery`
  ADD CONSTRAINT `fk_gallery_user1` FOREIGN KEY (`created_by`) REFERENCES `user` (`id`) ON DELETE SET NULL,
  ADD CONSTRAINT `fk_gallery_user2` FOREIGN KEY (`updated_by`) REFERENCES `user` (`id`) ON DELETE SET NULL;

--
-- Constraints for table `gallery_translate`
--
ALTER TABLE `gallery_translate`
  ADD CONSTRAINT `fk_gallery_translate_gallery1` FOREIGN KEY (`gallery_id`) REFERENCES `gallery` (`id`) ON DELETE CASCADE;

--
-- Constraints for table `home`
--
ALTER TABLE `home`
  ADD CONSTRAINT `fk_home_type_home1` FOREIGN KEY (`type_home_id`) REFERENCES `type_home` (`id`);

--
-- Constraints for table `home_translate`
--
ALTER TABLE `home_translate`
  ADD CONSTRAINT `fk_home_translate_home1` FOREIGN KEY (`home_id`) REFERENCES `home` (`id`) ON DELETE CASCADE ON UPDATE CASCADE;

--
-- Constraints for table `invitation`
--
ALTER TABLE `invitation`
  ADD CONSTRAINT `fk_invitation_event` FOREIGN KEY (`event_id`) REFERENCES `event` (`id`);

--
-- Constraints for table `issue`
--
ALTER TABLE `issue`
  ADD CONSTRAINT `fk_issue_issue_category1` FOREIGN KEY (`issue_category_id`) REFERENCES `issue_category` (`id`) ON DELETE CASCADE;

--
-- Constraints for table `issue_category`
--
ALTER TABLE `issue_category`
  ADD CONSTRAINT `fk_issue_category_user1` FOREIGN KEY (`created_by`) REFERENCES `user` (`id`) ON DELETE SET NULL,
  ADD CONSTRAINT `fk_issue_category_user2` FOREIGN KEY (`updated_by`) REFERENCES `user` (`id`) ON DELETE SET NULL;

--
-- Constraints for table `issue_category_translate`
--
ALTER TABLE `issue_category_translate`
  ADD CONSTRAINT `fk_issue_category_translate_issue_category1` FOREIGN KEY (`issue_category_id`) REFERENCES `issue_category` (`id`) ON DELETE CASCADE;

--
-- Constraints for table `language_translate`
--
ALTER TABLE `language_translate`
  ADD CONSTRAINT `language_translate_ibfk_1` FOREIGN KEY (`language`) REFERENCES `language` (`language_id`) ON DELETE CASCADE ON UPDATE CASCADE,
  ADD CONSTRAINT `language_translate_ibfk_2` FOREIGN KEY (`id`) REFERENCES `language_source` (`id`) ON DELETE CASCADE ON UPDATE CASCADE;

--
-- Constraints for table `menu`
--
ALTER TABLE `menu`
  ADD CONSTRAINT `fk_menu_content1` FOREIGN KEY (`content_id`) REFERENCES `content` (`id`) ON DELETE SET NULL,
  ADD CONSTRAINT `fk_menu_menu1` FOREIGN KEY (`menu_id`) REFERENCES `menu` (`id`) ON DELETE CASCADE ON UPDATE CASCADE,
  ADD CONSTRAINT `fk_menu_user2` FOREIGN KEY (`updated_by`) REFERENCES `user` (`id`) ON DELETE SET NULL;

--
-- Constraints for table `message`
--
ALTER TABLE `message`
  ADD CONSTRAINT `fk_message_source_message` FOREIGN KEY (`id`) REFERENCES `source_message` (`id`) ON DELETE CASCADE;

--
-- Constraints for table `registration`
--
ALTER TABLE `registration`
  ADD CONSTRAINT `fk_registration_invitation1` FOREIGN KEY (`invitation_id`) REFERENCES `invitation` (`id`);

--
-- Constraints for table `slider`
--
ALTER TABLE `slider`
  ADD CONSTRAINT `fk_slider_user1` FOREIGN KEY (`created_by`) REFERENCES `user` (`id`) ON DELETE SET NULL,
  ADD CONSTRAINT `fk_slider_user2` FOREIGN KEY (`updated_by`) REFERENCES `user` (`id`) ON DELETE SET NULL;

--
-- Constraints for table `slider_translate`
--
ALTER TABLE `slider_translate`
  ADD CONSTRAINT `fk_slider_translate_slider1` FOREIGN KEY (`slider_id`) REFERENCES `slider` (`id`) ON DELETE CASCADE;

--
-- Constraints for table `social_media`
--
ALTER TABLE `social_media`
  ADD CONSTRAINT `fk_social_media_user1` FOREIGN KEY (`created_by`) REFERENCES `user` (`id`) ON DELETE SET NULL,
  ADD CONSTRAINT `fk_social_media_user2` FOREIGN KEY (`updated_by`) REFERENCES `user` (`id`) ON DELETE SET NULL;

--
-- Constraints for table `type_home_translate`
--
ALTER TABLE `type_home_translate`
  ADD CONSTRAINT `fk_type_home_translate_type_home1` FOREIGN KEY (`type_home_id`) REFERENCES `type_home` (`id`) ON DELETE CASCADE ON UPDATE CASCADE;

--
-- Constraints for table `video`
--
ALTER TABLE `video`
  ADD CONSTRAINT `fk_video_user1` FOREIGN KEY (`created_by`) REFERENCES `user` (`id`) ON DELETE SET NULL,
  ADD CONSTRAINT `fk_video_user2` FOREIGN KEY (`updated_by`) REFERENCES `user` (`id`) ON DELETE SET NULL;

--
-- Constraints for table `video_translate`
--
ALTER TABLE `video_translate`
  ADD CONSTRAINT `fk_video_translate_video1` FOREIGN KEY (`video_id`) REFERENCES `video` (`id`) ON DELETE CASCADE;
COMMIT;

